{"id":10334,"date":"2022-11-04T08:31:42","date_gmt":"2022-11-04T07:31:42","guid":{"rendered":"https:\/\/www.lesjardinsdesaintehildegarde.com\/recettes\/salade-de-fruits-sauce-aux-epices\/"},"modified":"2023-06-30T16:00:43","modified_gmt":"2023-06-30T14:00:43","slug":"salade-de-fruits-sauce-aux-epices","status":"publish","type":"recette","link":"https:\/\/www.lesjardinsdesaintehildegarde.com\/en\/recipes\/salade-de-fruits-sauce-aux-epices\/","title":{"rendered":"Salade de fruits sauce aux \u00e9pices"},"content":{"rendered":"<p>Ingr\u00e9dients\u00a0:<\/p>\n<p>Comptez 150 g par personne d\u2019un m\u00e9lange de fruits de saison, \u00e9pluch\u00e9s, en morceaux.<\/p>\n<ul>\n<li>Sauce\u00a0: \u00bd litre d\u2019eau<\/li>\n<li>300 g de sucre roux<\/li>\n<li>Le zeste et le jus d\u2019un citron et d\u2019une orange<\/li>\n<li>4 clou de girofle (ou 2 bonnes pinc\u00e9es)<\/li>\n<li>1 cuill\u00e8re \u00e0 soupe de cannelle brisures \u00e9corce<\/li>\n<li>1 bonne pinc\u00e9e de muscade<\/li>\n<li>1 cuill\u00e8re \u00e0 caf\u00e9 d\u2019anis vert<\/li>\n<li>2 b\u00e2tons de vanille fendus en long<\/li>\n<\/ul>\n<p>&nbsp;<\/p>\n<p>Mettre tous les ingr\u00e9dients dans l\u2019eau et faire bouillir 10 mn, laisser ti\u00e9dir, puis filtrer.<\/p>\n<p>Arroser les fruits et bien m\u00e9langer, gardez au frais au moins 1 h avant de servir.<\/p>\n","protected":false},"featured_media":0,"comment_status":"open","ping_status":"closed","template":"","categorie_recette":[28],"class_list":["post-10334","recette","type-recette","status-publish","hentry","categorie_recette-desserts"],"acf":[],"yoast_head":"<!-- This site is optimized with the Yoast SEO plugin v27.4 - https:\/\/yoast.com\/product\/yoast-seo-wordpress\/ -->\n<title>Salade de fruits sauce aux \u00e9pices - Les Jardins de Sainte-Hildegarde<\/title>\n<meta name=\"robots\" content=\"index, follow, max-snippet:-1, max-image-preview:large, max-video-preview:-1\" \/>\n<link rel=\"canonical\" href=\"https:\/\/www.lesjardinsdesaintehildegarde.com\/en\/recipes\/salade-de-fruits-sauce-aux-epices\/\" \/>\n<meta property=\"og:locale\" content=\"en_US\" \/>\n<meta property=\"og:type\" content=\"article\" \/>\n<meta property=\"og:title\" content=\"Salade de fruits sauce aux \u00e9pices - Les Jardins de Sainte-Hildegarde\" \/>\n<meta property=\"og:description\" content=\"Ingr\u00e9dients\u00a0: Comptez 150 g par personne d\u2019un m\u00e9lange de fruits de saison, \u00e9pluch\u00e9s, en morceaux. Sauce\u00a0: \u00bd litre d\u2019eau 300 g de sucre roux Le zeste et le jus d\u2019un citron et d\u2019une orange 4 clou de girofle (ou 2 bonnes pinc\u00e9es) 1 cuill\u00e8re \u00e0 soupe de cannelle brisures \u00e9corce 1 bonne pinc\u00e9e de muscade [&hellip;]\" \/>\n<meta property=\"og:url\" content=\"https:\/\/www.lesjardinsdesaintehildegarde.com\/en\/recipes\/salade-de-fruits-sauce-aux-epices\/\" \/>\n<meta property=\"og:site_name\" content=\"Les Jardins de Sainte-Hildegarde\" \/>\n<meta property=\"article:modified_time\" content=\"2023-06-30T14:00:43+00:00\" \/>\n<meta name=\"twitter:card\" content=\"summary_large_image\" \/>\n<meta name=\"twitter:label1\" content=\"Est. reading time\" \/>\n\t<meta name=\"twitter:data1\" content=\"1 minute\" \/>\n<script type=\"application\/ld+json\" class=\"yoast-schema-graph\">{\"@context\":\"https:\\\/\\\/schema.org\",\"@graph\":[{\"@type\":\"WebPage\",\"@id\":\"https:\\\/\\\/www.lesjardinsdesaintehildegarde.com\\\/en\\\/recipes\\\/salade-de-fruits-sauce-aux-epices\\\/\",\"url\":\"https:\\\/\\\/www.lesjardinsdesaintehildegarde.com\\\/en\\\/recipes\\\/salade-de-fruits-sauce-aux-epices\\\/\",\"name\":\"Salade de fruits sauce aux \u00e9pices - Les Jardins de Sainte-Hildegarde\",\"isPartOf\":{\"@id\":\"https:\\\/\\\/www.lesjardinsdesaintehildegarde.com\\\/en\\\/#website\"},\"datePublished\":\"2022-11-04T07:31:42+00:00\",\"dateModified\":\"2023-06-30T14:00:43+00:00\",\"breadcrumb\":{\"@id\":\"https:\\\/\\\/www.lesjardinsdesaintehildegarde.com\\\/en\\\/recipes\\\/salade-de-fruits-sauce-aux-epices\\\/#breadcrumb\"},\"inLanguage\":\"en-US\",\"potentialAction\":[{\"@type\":\"ReadAction\",\"target\":[\"https:\\\/\\\/www.lesjardinsdesaintehildegarde.com\\\/en\\\/recipes\\\/salade-de-fruits-sauce-aux-epices\\\/\"]}]},{\"@type\":\"BreadcrumbList\",\"@id\":\"https:\\\/\\\/www.lesjardinsdesaintehildegarde.com\\\/en\\\/recipes\\\/salade-de-fruits-sauce-aux-epices\\\/#breadcrumb\",\"itemListElement\":[{\"@type\":\"ListItem\",\"position\":1,\"name\":\"Home\",\"item\":\"https:\\\/\\\/www.lesjardinsdesaintehildegarde.com\\\/en\\\/\"},{\"@type\":\"ListItem\",\"position\":2,\"name\":\"Recipes\",\"item\":\"https:\\\/\\\/www.lesjardinsdesaintehildegarde.com\\\/en\\\/recipes\\\/\"},{\"@type\":\"ListItem\",\"position\":3,\"name\":\"Salade de fruits sauce aux \u00e9pices\"}]},{\"@type\":\"WebSite\",\"@id\":\"https:\\\/\\\/www.lesjardinsdesaintehildegarde.com\\\/en\\\/#website\",\"url\":\"https:\\\/\\\/www.lesjardinsdesaintehildegarde.com\\\/en\\\/\",\"name\":\"Les Jardins de Sainte-Hildegarde\",\"description\":\"Viriditas\",\"publisher\":{\"@id\":\"https:\\\/\\\/www.lesjardinsdesaintehildegarde.com\\\/en\\\/#organization\"},\"potentialAction\":[{\"@type\":\"SearchAction\",\"target\":{\"@type\":\"EntryPoint\",\"urlTemplate\":\"https:\\\/\\\/www.lesjardinsdesaintehildegarde.com\\\/en\\\/?s={search_term_string}\"},\"query-input\":{\"@type\":\"PropertyValueSpecification\",\"valueRequired\":true,\"valueName\":\"search_term_string\"}}],\"inLanguage\":\"en-US\"},{\"@type\":\"Organization\",\"@id\":\"https:\\\/\\\/www.lesjardinsdesaintehildegarde.com\\\/en\\\/#organization\",\"name\":\"Les Jardins de Sainte-Hildegarde\",\"url\":\"https:\\\/\\\/www.lesjardinsdesaintehildegarde.com\\\/en\\\/\",\"logo\":{\"@type\":\"ImageObject\",\"inLanguage\":\"en-US\",\"@id\":\"https:\\\/\\\/www.lesjardinsdesaintehildegarde.com\\\/en\\\/#\\\/schema\\\/logo\\\/image\\\/\",\"url\":\"https:\\\/\\\/www.lesjardinsdesaintehildegarde.com\\\/wp-content\\\/uploads\\\/2022\\\/11\\\/logo-2022.png\",\"contentUrl\":\"https:\\\/\\\/www.lesjardinsdesaintehildegarde.com\\\/wp-content\\\/uploads\\\/2022\\\/11\\\/logo-2022.png\",\"width\":365,\"height\":90,\"caption\":\"Les Jardins de Sainte-Hildegarde\"},\"image\":{\"@id\":\"https:\\\/\\\/www.lesjardinsdesaintehildegarde.com\\\/en\\\/#\\\/schema\\\/logo\\\/image\\\/\"}}]}<\/script>\n<!-- \/ Yoast SEO plugin. -->","yoast_head_json":{"title":"Salade de fruits sauce aux \u00e9pices - Les Jardins de Sainte-Hildegarde","robots":{"index":"index","follow":"follow","max-snippet":"max-snippet:-1","max-image-preview":"max-image-preview:large","max-video-preview":"max-video-preview:-1"},"canonical":"https:\/\/www.lesjardinsdesaintehildegarde.com\/en\/recipes\/salade-de-fruits-sauce-aux-epices\/","og_locale":"en_US","og_type":"article","og_title":"Salade de fruits sauce aux \u00e9pices - Les Jardins de Sainte-Hildegarde","og_description":"Ingr\u00e9dients\u00a0: Comptez 150 g par personne d\u2019un m\u00e9lange de fruits de saison, \u00e9pluch\u00e9s, en morceaux. Sauce\u00a0: \u00bd litre d\u2019eau 300 g de sucre roux Le zeste et le jus d\u2019un citron et d\u2019une orange 4 clou de girofle (ou 2 bonnes pinc\u00e9es) 1 cuill\u00e8re \u00e0 soupe de cannelle brisures \u00e9corce 1 bonne pinc\u00e9e de muscade [&hellip;]","og_url":"https:\/\/www.lesjardinsdesaintehildegarde.com\/en\/recipes\/salade-de-fruits-sauce-aux-epices\/","og_site_name":"Les Jardins de Sainte-Hildegarde","article_modified_time":"2023-06-30T14:00:43+00:00","twitter_card":"summary_large_image","twitter_misc":{"Est. reading time":"1 minute"},"schema":{"@context":"https:\/\/schema.org","@graph":[{"@type":"WebPage","@id":"https:\/\/www.lesjardinsdesaintehildegarde.com\/en\/recipes\/salade-de-fruits-sauce-aux-epices\/","url":"https:\/\/www.lesjardinsdesaintehildegarde.com\/en\/recipes\/salade-de-fruits-sauce-aux-epices\/","name":"Salade de fruits sauce aux \u00e9pices - Les Jardins de Sainte-Hildegarde","isPartOf":{"@id":"https:\/\/www.lesjardinsdesaintehildegarde.com\/en\/#website"},"datePublished":"2022-11-04T07:31:42+00:00","dateModified":"2023-06-30T14:00:43+00:00","breadcrumb":{"@id":"https:\/\/www.lesjardinsdesaintehildegarde.com\/en\/recipes\/salade-de-fruits-sauce-aux-epices\/#breadcrumb"},"inLanguage":"en-US","potentialAction":[{"@type":"ReadAction","target":["https:\/\/www.lesjardinsdesaintehildegarde.com\/en\/recipes\/salade-de-fruits-sauce-aux-epices\/"]}]},{"@type":"BreadcrumbList","@id":"https:\/\/www.lesjardinsdesaintehildegarde.com\/en\/recipes\/salade-de-fruits-sauce-aux-epices\/#breadcrumb","itemListElement":[{"@type":"ListItem","position":1,"name":"Home","item":"https:\/\/www.lesjardinsdesaintehildegarde.com\/en\/"},{"@type":"ListItem","position":2,"name":"Recipes","item":"https:\/\/www.lesjardinsdesaintehildegarde.com\/en\/recipes\/"},{"@type":"ListItem","position":3,"name":"Salade de fruits sauce aux \u00e9pices"}]},{"@type":"WebSite","@id":"https:\/\/www.lesjardinsdesaintehildegarde.com\/en\/#website","url":"https:\/\/www.lesjardinsdesaintehildegarde.com\/en\/","name":"Les Jardins de Sainte-Hildegarde","description":"Viriditas","publisher":{"@id":"https:\/\/www.lesjardinsdesaintehildegarde.com\/en\/#organization"},"potentialAction":[{"@type":"SearchAction","target":{"@type":"EntryPoint","urlTemplate":"https:\/\/www.lesjardinsdesaintehildegarde.com\/en\/?s={search_term_string}"},"query-input":{"@type":"PropertyValueSpecification","valueRequired":true,"valueName":"search_term_string"}}],"inLanguage":"en-US"},{"@type":"Organization","@id":"https:\/\/www.lesjardinsdesaintehildegarde.com\/en\/#organization","name":"Les Jardins de Sainte-Hildegarde","url":"https:\/\/www.lesjardinsdesaintehildegarde.com\/en\/","logo":{"@type":"ImageObject","inLanguage":"en-US","@id":"https:\/\/www.lesjardinsdesaintehildegarde.com\/en\/#\/schema\/logo\/image\/","url":"https:\/\/www.lesjardinsdesaintehildegarde.com\/wp-content\/uploads\/2022\/11\/logo-2022.png","contentUrl":"https:\/\/www.lesjardinsdesaintehildegarde.com\/wp-content\/uploads\/2022\/11\/logo-2022.png","width":365,"height":90,"caption":"Les Jardins de Sainte-Hildegarde"},"image":{"@id":"https:\/\/www.lesjardinsdesaintehildegarde.com\/en\/#\/schema\/logo\/image\/"}}]}},"_links":{"self":[{"href":"https:\/\/www.lesjardinsdesaintehildegarde.com\/en\/wp-json\/wp\/v2\/recette\/10334","targetHints":{"allow":["GET"]}}],"collection":[{"href":"https:\/\/www.lesjardinsdesaintehildegarde.com\/en\/wp-json\/wp\/v2\/recette"}],"about":[{"href":"https:\/\/www.lesjardinsdesaintehildegarde.com\/en\/wp-json\/wp\/v2\/types\/recette"}],"replies":[{"embeddable":true,"href":"https:\/\/www.lesjardinsdesaintehildegarde.com\/en\/wp-json\/wp\/v2\/comments?post=10334"}],"wp:attachment":[{"href":"https:\/\/www.lesjardinsdesaintehildegarde.com\/en\/wp-json\/wp\/v2\/media?parent=10334"}],"wp:term":[{"taxonomy":"categorie_recette","embeddable":true,"href":"https:\/\/www.lesjardinsdesaintehildegarde.com\/en\/wp-json\/wp\/v2\/categorie_recette?post=10334"}],"curies":[{"name":"wp","href":"https:\/\/api.w.org\/{rel}","templated":true}]}}

Salade de fruits sauce aux épices

<p>Ingrédients :</p>
<p>Comptez 150 g par personne d’un mélange de fruits de saison, épluchés, en morceaux.</p>
<ul>
<li>Sauce : ½ litre d’eau</li>
<li>300 g de sucre roux</li>
<li>Le zeste et le jus d’un citron et d’une orange</li>
<li>4 clou de girofle (ou 2 bonnes pincées)</li>
<li>1 cuillère à soupe de cannelle brisures écorce</li>
<li>1 bonne pincée de muscade</li>
<li>1 cuillère à café d’anis vert</li>
<li>2 bâtons de vanille fendus en long</li>
</ul>
<p>&nbsp;</p>
<p>Mettre tous les ingrédients dans l’eau et faire bouillir 10 mn, laisser tiédir, puis filtrer.</p>
<p>Arroser les fruits et bien mélanger, gardez au frais au moins 1 h avant de servir.</p>

<!-- This site is optimized with the Yoast SEO plugin v27.4 - https://yoast.com/product/yoast-seo-wordpress/ -->
<title>Salade de fruits sauce aux épices - Les Jardins de Sainte-Hildegarde</title>
<meta name="robots" content="index, follow, max-snippet:-1, max-image-preview:large, max-video-preview:-1" />
<link rel="canonical" href="https://www.lesjardinsdesaintehildegarde.com/en/recipes/salade-de-fruits-sauce-aux-epices/" />
<meta property="og:locale" content="en_US" />
<meta property="og:type" content="article" />
<meta property="og:title" content="Salade de fruits sauce aux épices - Les Jardins de Sainte-Hildegarde" />
<meta property="og:description" content="Ingrédients : Comptez 150 g par personne d’un mélange de fruits de saison, épluchés, en morceaux. Sauce : ½ litre d’eau 300 g de sucre roux Le zeste et le jus d’un citron et d’une orange 4 clou de girofle (ou 2 bonnes pincées) 1 cuillère à soupe de cannelle brisures écorce 1 bonne pincée de muscade [&hellip;]" />
<meta property="og:url" content="https://www.lesjardinsdesaintehildegarde.com/en/recipes/salade-de-fruits-sauce-aux-epices/" />
<meta property="og:site_name" content="Les Jardins de Sainte-Hildegarde" />
<meta property="article:modified_time" content="2023-06-30T14:00:43+00:00" />
<meta name="twitter:card" content="summary_large_image" />
<meta name="twitter:label1" content="Est. reading time" />
	<meta name="twitter:data1" content="1 minute" />
<script type="application/ld+json" class="yoast-schema-graph">{"@context":"https:\/\/schema.org","@graph":[{"@type":"WebPage","@id":"https:\/\/www.lesjardinsdesaintehildegarde.com\/en\/recipes\/salade-de-fruits-sauce-aux-epices\/","url":"https:\/\/www.lesjardinsdesaintehildegarde.com\/en\/recipes\/salade-de-fruits-sauce-aux-epices\/","name":"Salade de fruits sauce aux épices - Les Jardins de Sainte-Hildegarde","isPartOf":{"@id":"https:\/\/www.lesjardinsdesaintehildegarde.com\/en\/#website"},"datePublished":"2022-11-04T07:31:42+00:00","dateModified":"2023-06-30T14:00:43+00:00","breadcrumb":{"@id":"https:\/\/www.lesjardinsdesaintehildegarde.com\/en\/recipes\/salade-de-fruits-sauce-aux-epices\/#breadcrumb"},"inLanguage":"en-US","potentialAction":[{"@type":"ReadAction","target":["https:\/\/www.lesjardinsdesaintehildegarde.com\/en\/recipes\/salade-de-fruits-sauce-aux-epices\/"]}]},{"@type":"BreadcrumbList","@id":"https:\/\/www.lesjardinsdesaintehildegarde.com\/en\/recipes\/salade-de-fruits-sauce-aux-epices\/#breadcrumb","itemListElement":[{"@type":"ListItem","position":1,"name":"Home","item":"https:\/\/www.lesjardinsdesaintehildegarde.com\/en\/"},{"@type":"ListItem","position":2,"name":"Recipes","item":"https:\/\/www.lesjardinsdesaintehildegarde.com\/en\/recipes\/"},{"@type":"ListItem","position":3,"name":"Salade de fruits sauce aux épices"}]},{"@type":"WebSite","@id":"https:\/\/www.lesjardinsdesaintehildegarde.com\/en\/#website","url":"https:\/\/www.lesjardinsdesaintehildegarde.com\/en\/","name":"Les Jardins de Sainte-Hildegarde","description":"Viriditas","publisher":{"@id":"https:\/\/www.lesjardinsdesaintehildegarde.com\/en\/#organization"},"potentialAction":[{"@type":"SearchAction","target":{"@type":"EntryPoint","urlTemplate":"https:\/\/www.lesjardinsdesaintehildegarde.com\/en\/?s={search_term_string}"},"query-input":{"@type":"PropertyValueSpecification","valueRequired":true,"valueName":"search_term_string"}}],"inLanguage":"en-US"},{"@type":"Organization","@id":"https:\/\/www.lesjardinsdesaintehildegarde.com\/en\/#organization","name":"Les Jardins de Sainte-Hildegarde","url":"https:\/\/www.lesjardinsdesaintehildegarde.com\/en\/","logo":{"@type":"ImageObject","inLanguage":"en-US","@id":"https:\/\/www.lesjardinsdesaintehildegarde.com\/en\/#\/schema\/logo\/image\/","url":"https:\/\/www.lesjardinsdesaintehildegarde.com\/wp-content\/uploads\/2022\/11\/logo-2022.png","contentUrl":"https:\/\/www.lesjardinsdesaintehildegarde.com\/wp-content\/uploads\/2022\/11\/logo-2022.png","width":365,"height":90,"caption":"Les Jardins de Sainte-Hildegarde"},"image":{"@id":"https:\/\/www.lesjardinsdesaintehildegarde.com\/en\/#\/schema\/logo\/image\/"}}]}</script>
<!-- / Yoast SEO plugin. -->

Salade de fruits sauce aux épices - Les Jardins de Sainte-Hildegarde

Ingrédients : Comptez 150 g par personne d’un mélange de fruits de saison, épluchés, en morceaux. Sauce : ½ litre d’eau 300 g de sucre roux Le zeste et le jus d’un citron et d’une orange 4 clou de girofle (ou 2 bonnes pincées) 1 cuillère à soupe de cannelle brisures écorce 1 bonne pincée de muscade [&hellip;]
