{"id":10609,"date":"2001-12-01T09:18:50","date_gmt":"2001-12-01T08:18:50","guid":{"rendered":"https:\/\/www.lesjardinsdesaintehildegarde.com\/temoignages\/t17-mme-estelle-amie-de-germaine-e-59-dec-2001\/"},"modified":"2023-04-27T17:18:35","modified_gmt":"2023-04-27T15:18:35","slug":"t74-mme-estelle-amie-de-germaine-e-59-dec-2001","status":"publish","type":"temoignage","link":"https:\/\/www.lesjardinsdesaintehildegarde.com\/en\/testimonies\/t74-mme-estelle-amie-de-germaine-e-59-dec-2001\/","title":{"rendered":"Mme Estelle amie de Germaine E (59)"},"content":{"rendered":"<p>Je vais de surprise en surprise avec la peau de blaireau, elle calme et adoucit mes douleurs de la nuque et en plus elle am\u00e9liore mon \u00e9tat g\u00e9n\u00e9ral. J\u2019ai la surprise de voir mes poignets et mes mains plus souples et amincis.<\/p>\n","protected":false},"featured_media":0,"template":"","type_trouble":[350,358,363],"type_produit":[438],"class_list":["post-10609","temoignage","type-temoignage","status-publish","hentry","type_trouble-bien-etre-general","type_trouble-coeur-circulation-phlebite-varices-extremites-froides-tachycardie","type_trouble-decontraction-apaisement-des-douleurs","type_produit-blaireau-peau-de"],"acf":[],"yoast_head":"<!-- This site is optimized with the Yoast SEO plugin v27.4 - https:\/\/yoast.com\/product\/yoast-seo-wordpress\/ -->\n<title>Mme Estelle amie de Germaine E (59) - Les Jardins de Sainte-Hildegarde<\/title>\n<meta name=\"robots\" content=\"index, follow, max-snippet:-1, max-image-preview:large, max-video-preview:-1\" \/>\n<link rel=\"canonical\" href=\"https:\/\/www.lesjardinsdesaintehildegarde.com\/en\/testimonies\/t74-mme-estelle-amie-de-germaine-e-59-dec-2001\/\" \/>\n<meta property=\"og:locale\" content=\"en_US\" \/>\n<meta property=\"og:type\" content=\"article\" \/>\n<meta property=\"og:title\" content=\"Mme Estelle amie de Germaine E (59) - Les Jardins de Sainte-Hildegarde\" \/>\n<meta property=\"og:description\" content=\"Je vais de surprise en surprise avec la peau de blaireau, elle calme et adoucit mes douleurs de la nuque et en plus elle am\u00e9liore mon \u00e9tat g\u00e9n\u00e9ral. J\u2019ai la surprise de voir mes poignets et mes mains plus souples et amincis.\" \/>\n<meta property=\"og:url\" content=\"https:\/\/www.lesjardinsdesaintehildegarde.com\/en\/testimonies\/t74-mme-estelle-amie-de-germaine-e-59-dec-2001\/\" \/>\n<meta property=\"og:site_name\" content=\"Les Jardins de Sainte-Hildegarde\" \/>\n<meta property=\"article:modified_time\" content=\"2023-04-27T15:18:35+00:00\" \/>\n<meta name=\"twitter:card\" content=\"summary_large_image\" \/>\n<script type=\"application\/ld+json\" class=\"yoast-schema-graph\">{\"@context\":\"https:\\\/\\\/schema.org\",\"@graph\":[{\"@type\":\"WebPage\",\"@id\":\"https:\\\/\\\/www.lesjardinsdesaintehildegarde.com\\\/en\\\/testimonies\\\/t74-mme-estelle-amie-de-germaine-e-59-dec-2001\\\/\",\"url\":\"https:\\\/\\\/www.lesjardinsdesaintehildegarde.com\\\/en\\\/testimonies\\\/t74-mme-estelle-amie-de-germaine-e-59-dec-2001\\\/\",\"name\":\"Mme Estelle amie de Germaine E (59) - Les Jardins de Sainte-Hildegarde\",\"isPartOf\":{\"@id\":\"https:\\\/\\\/www.lesjardinsdesaintehildegarde.com\\\/en\\\/#website\"},\"datePublished\":\"2001-12-01T08:18:50+00:00\",\"dateModified\":\"2023-04-27T15:18:35+00:00\",\"breadcrumb\":{\"@id\":\"https:\\\/\\\/www.lesjardinsdesaintehildegarde.com\\\/en\\\/testimonies\\\/t74-mme-estelle-amie-de-germaine-e-59-dec-2001\\\/#breadcrumb\"},\"inLanguage\":\"en-US\",\"potentialAction\":[{\"@type\":\"ReadAction\",\"target\":[\"https:\\\/\\\/www.lesjardinsdesaintehildegarde.com\\\/en\\\/testimonies\\\/t74-mme-estelle-amie-de-germaine-e-59-dec-2001\\\/\"]}]},{\"@type\":\"BreadcrumbList\",\"@id\":\"https:\\\/\\\/www.lesjardinsdesaintehildegarde.com\\\/en\\\/testimonies\\\/t74-mme-estelle-amie-de-germaine-e-59-dec-2001\\\/#breadcrumb\",\"itemListElement\":[{\"@type\":\"ListItem\",\"position\":1,\"name\":\"Home\",\"item\":\"https:\\\/\\\/www.lesjardinsdesaintehildegarde.com\\\/en\\\/\"},{\"@type\":\"ListItem\",\"position\":2,\"name\":\"Testimonies\",\"item\":\"https:\\\/\\\/www.lesjardinsdesaintehildegarde.com\\\/en\\\/testimonies\\\/\"},{\"@type\":\"ListItem\",\"position\":3,\"name\":\"Mme Estelle amie de Germaine E (59)\"}]},{\"@type\":\"WebSite\",\"@id\":\"https:\\\/\\\/www.lesjardinsdesaintehildegarde.com\\\/en\\\/#website\",\"url\":\"https:\\\/\\\/www.lesjardinsdesaintehildegarde.com\\\/en\\\/\",\"name\":\"Les Jardins de Sainte-Hildegarde\",\"description\":\"Viriditas\",\"publisher\":{\"@id\":\"https:\\\/\\\/www.lesjardinsdesaintehildegarde.com\\\/en\\\/#organization\"},\"potentialAction\":[{\"@type\":\"SearchAction\",\"target\":{\"@type\":\"EntryPoint\",\"urlTemplate\":\"https:\\\/\\\/www.lesjardinsdesaintehildegarde.com\\\/en\\\/?s={search_term_string}\"},\"query-input\":{\"@type\":\"PropertyValueSpecification\",\"valueRequired\":true,\"valueName\":\"search_term_string\"}}],\"inLanguage\":\"en-US\"},{\"@type\":\"Organization\",\"@id\":\"https:\\\/\\\/www.lesjardinsdesaintehildegarde.com\\\/en\\\/#organization\",\"name\":\"Les Jardins de Sainte-Hildegarde\",\"url\":\"https:\\\/\\\/www.lesjardinsdesaintehildegarde.com\\\/en\\\/\",\"logo\":{\"@type\":\"ImageObject\",\"inLanguage\":\"en-US\",\"@id\":\"https:\\\/\\\/www.lesjardinsdesaintehildegarde.com\\\/en\\\/#\\\/schema\\\/logo\\\/image\\\/\",\"url\":\"https:\\\/\\\/www.lesjardinsdesaintehildegarde.com\\\/wp-content\\\/uploads\\\/2022\\\/11\\\/logo-2022.png\",\"contentUrl\":\"https:\\\/\\\/www.lesjardinsdesaintehildegarde.com\\\/wp-content\\\/uploads\\\/2022\\\/11\\\/logo-2022.png\",\"width\":365,\"height\":90,\"caption\":\"Les Jardins de Sainte-Hildegarde\"},\"image\":{\"@id\":\"https:\\\/\\\/www.lesjardinsdesaintehildegarde.com\\\/en\\\/#\\\/schema\\\/logo\\\/image\\\/\"}}]}<\/script>\n<!-- \/ Yoast SEO plugin. -->","yoast_head_json":{"title":"Mme Estelle amie de Germaine E (59) - Les Jardins de Sainte-Hildegarde","robots":{"index":"index","follow":"follow","max-snippet":"max-snippet:-1","max-image-preview":"max-image-preview:large","max-video-preview":"max-video-preview:-1"},"canonical":"https:\/\/www.lesjardinsdesaintehildegarde.com\/en\/testimonies\/t74-mme-estelle-amie-de-germaine-e-59-dec-2001\/","og_locale":"en_US","og_type":"article","og_title":"Mme Estelle amie de Germaine E (59) - Les Jardins de Sainte-Hildegarde","og_description":"Je vais de surprise en surprise avec la peau de blaireau, elle calme et adoucit mes douleurs de la nuque et en plus elle am\u00e9liore mon \u00e9tat g\u00e9n\u00e9ral. J\u2019ai la surprise de voir mes poignets et mes mains plus souples et amincis.","og_url":"https:\/\/www.lesjardinsdesaintehildegarde.com\/en\/testimonies\/t74-mme-estelle-amie-de-germaine-e-59-dec-2001\/","og_site_name":"Les Jardins de Sainte-Hildegarde","article_modified_time":"2023-04-27T15:18:35+00:00","twitter_card":"summary_large_image","schema":{"@context":"https:\/\/schema.org","@graph":[{"@type":"WebPage","@id":"https:\/\/www.lesjardinsdesaintehildegarde.com\/en\/testimonies\/t74-mme-estelle-amie-de-germaine-e-59-dec-2001\/","url":"https:\/\/www.lesjardinsdesaintehildegarde.com\/en\/testimonies\/t74-mme-estelle-amie-de-germaine-e-59-dec-2001\/","name":"Mme Estelle amie de Germaine E (59) - Les Jardins de Sainte-Hildegarde","isPartOf":{"@id":"https:\/\/www.lesjardinsdesaintehildegarde.com\/en\/#website"},"datePublished":"2001-12-01T08:18:50+00:00","dateModified":"2023-04-27T15:18:35+00:00","breadcrumb":{"@id":"https:\/\/www.lesjardinsdesaintehildegarde.com\/en\/testimonies\/t74-mme-estelle-amie-de-germaine-e-59-dec-2001\/#breadcrumb"},"inLanguage":"en-US","potentialAction":[{"@type":"ReadAction","target":["https:\/\/www.lesjardinsdesaintehildegarde.com\/en\/testimonies\/t74-mme-estelle-amie-de-germaine-e-59-dec-2001\/"]}]},{"@type":"BreadcrumbList","@id":"https:\/\/www.lesjardinsdesaintehildegarde.com\/en\/testimonies\/t74-mme-estelle-amie-de-germaine-e-59-dec-2001\/#breadcrumb","itemListElement":[{"@type":"ListItem","position":1,"name":"Home","item":"https:\/\/www.lesjardinsdesaintehildegarde.com\/en\/"},{"@type":"ListItem","position":2,"name":"Testimonies","item":"https:\/\/www.lesjardinsdesaintehildegarde.com\/en\/testimonies\/"},{"@type":"ListItem","position":3,"name":"Mme Estelle amie de Germaine E (59)"}]},{"@type":"WebSite","@id":"https:\/\/www.lesjardinsdesaintehildegarde.com\/en\/#website","url":"https:\/\/www.lesjardinsdesaintehildegarde.com\/en\/","name":"Les Jardins de Sainte-Hildegarde","description":"Viriditas","publisher":{"@id":"https:\/\/www.lesjardinsdesaintehildegarde.com\/en\/#organization"},"potentialAction":[{"@type":"SearchAction","target":{"@type":"EntryPoint","urlTemplate":"https:\/\/www.lesjardinsdesaintehildegarde.com\/en\/?s={search_term_string}"},"query-input":{"@type":"PropertyValueSpecification","valueRequired":true,"valueName":"search_term_string"}}],"inLanguage":"en-US"},{"@type":"Organization","@id":"https:\/\/www.lesjardinsdesaintehildegarde.com\/en\/#organization","name":"Les Jardins de Sainte-Hildegarde","url":"https:\/\/www.lesjardinsdesaintehildegarde.com\/en\/","logo":{"@type":"ImageObject","inLanguage":"en-US","@id":"https:\/\/www.lesjardinsdesaintehildegarde.com\/en\/#\/schema\/logo\/image\/","url":"https:\/\/www.lesjardinsdesaintehildegarde.com\/wp-content\/uploads\/2022\/11\/logo-2022.png","contentUrl":"https:\/\/www.lesjardinsdesaintehildegarde.com\/wp-content\/uploads\/2022\/11\/logo-2022.png","width":365,"height":90,"caption":"Les Jardins de Sainte-Hildegarde"},"image":{"@id":"https:\/\/www.lesjardinsdesaintehildegarde.com\/en\/#\/schema\/logo\/image\/"}}]}},"_links":{"self":[{"href":"https:\/\/www.lesjardinsdesaintehildegarde.com\/en\/wp-json\/wp\/v2\/temoignage\/10609","targetHints":{"allow":["GET"]}}],"collection":[{"href":"https:\/\/www.lesjardinsdesaintehildegarde.com\/en\/wp-json\/wp\/v2\/temoignage"}],"about":[{"href":"https:\/\/www.lesjardinsdesaintehildegarde.com\/en\/wp-json\/wp\/v2\/types\/temoignage"}],"wp:attachment":[{"href":"https:\/\/www.lesjardinsdesaintehildegarde.com\/en\/wp-json\/wp\/v2\/media?parent=10609"}],"wp:term":[{"taxonomy":"type_trouble","embeddable":true,"href":"https:\/\/www.lesjardinsdesaintehildegarde.com\/en\/wp-json\/wp\/v2\/type_trouble?post=10609"},{"taxonomy":"type_produit","embeddable":true,"href":"https:\/\/www.lesjardinsdesaintehildegarde.com\/en\/wp-json\/wp\/v2\/type_produit?post=10609"}],"curies":[{"name":"wp","href":"https:\/\/api.w.org\/{rel}","templated":true}]}}

<p>Je vais de surprise en surprise avec la peau de blaireau, elle calme et adoucit mes douleurs de la nuque et en plus elle améliore mon état général. J’ai la surprise de voir mes poignets et mes mains plus souples et amincis.</p>

<!-- This site is optimized with the Yoast SEO plugin v27.4 - https://yoast.com/product/yoast-seo-wordpress/ -->
<title>Mme Estelle amie de Germaine E (59) - Les Jardins de Sainte-Hildegarde</title>
<meta name="robots" content="index, follow, max-snippet:-1, max-image-preview:large, max-video-preview:-1" />
<link rel="canonical" href="https://www.lesjardinsdesaintehildegarde.com/en/testimonies/t74-mme-estelle-amie-de-germaine-e-59-dec-2001/" />
<meta property="og:locale" content="en_US" />
<meta property="og:type" content="article" />
<meta property="og:title" content="Mme Estelle amie de Germaine E (59) - Les Jardins de Sainte-Hildegarde" />
<meta property="og:description" content="Je vais de surprise en surprise avec la peau de blaireau, elle calme et adoucit mes douleurs de la nuque et en plus elle améliore mon état général. J’ai la surprise de voir mes poignets et mes mains plus souples et amincis." />
<meta property="og:url" content="https://www.lesjardinsdesaintehildegarde.com/en/testimonies/t74-mme-estelle-amie-de-germaine-e-59-dec-2001/" />
<meta property="og:site_name" content="Les Jardins de Sainte-Hildegarde" />
<meta property="article:modified_time" content="2023-04-27T15:18:35+00:00" />
<meta name="twitter:card" content="summary_large_image" />
<script type="application/ld+json" class="yoast-schema-graph">{"@context":"https:\/\/schema.org","@graph":[{"@type":"WebPage","@id":"https:\/\/www.lesjardinsdesaintehildegarde.com\/en\/testimonies\/t74-mme-estelle-amie-de-germaine-e-59-dec-2001\/","url":"https:\/\/www.lesjardinsdesaintehildegarde.com\/en\/testimonies\/t74-mme-estelle-amie-de-germaine-e-59-dec-2001\/","name":"Mme Estelle amie de Germaine E (59) - Les Jardins de Sainte-Hildegarde","isPartOf":{"@id":"https:\/\/www.lesjardinsdesaintehildegarde.com\/en\/#website"},"datePublished":"2001-12-01T08:18:50+00:00","dateModified":"2023-04-27T15:18:35+00:00","breadcrumb":{"@id":"https:\/\/www.lesjardinsdesaintehildegarde.com\/en\/testimonies\/t74-mme-estelle-amie-de-germaine-e-59-dec-2001\/#breadcrumb"},"inLanguage":"en-US","potentialAction":[{"@type":"ReadAction","target":["https:\/\/www.lesjardinsdesaintehildegarde.com\/en\/testimonies\/t74-mme-estelle-amie-de-germaine-e-59-dec-2001\/"]}]},{"@type":"BreadcrumbList","@id":"https:\/\/www.lesjardinsdesaintehildegarde.com\/en\/testimonies\/t74-mme-estelle-amie-de-germaine-e-59-dec-2001\/#breadcrumb","itemListElement":[{"@type":"ListItem","position":1,"name":"Home","item":"https:\/\/www.lesjardinsdesaintehildegarde.com\/en\/"},{"@type":"ListItem","position":2,"name":"Testimonies","item":"https:\/\/www.lesjardinsdesaintehildegarde.com\/en\/testimonies\/"},{"@type":"ListItem","position":3,"name":"Mme Estelle amie de Germaine E (59)"}]},{"@type":"WebSite","@id":"https:\/\/www.lesjardinsdesaintehildegarde.com\/en\/#website","url":"https:\/\/www.lesjardinsdesaintehildegarde.com\/en\/","name":"Les Jardins de Sainte-Hildegarde","description":"Viriditas","publisher":{"@id":"https:\/\/www.lesjardinsdesaintehildegarde.com\/en\/#organization"},"potentialAction":[{"@type":"SearchAction","target":{"@type":"EntryPoint","urlTemplate":"https:\/\/www.lesjardinsdesaintehildegarde.com\/en\/?s={search_term_string}"},"query-input":{"@type":"PropertyValueSpecification","valueRequired":true,"valueName":"search_term_string"}}],"inLanguage":"en-US"},{"@type":"Organization","@id":"https:\/\/www.lesjardinsdesaintehildegarde.com\/en\/#organization","name":"Les Jardins de Sainte-Hildegarde","url":"https:\/\/www.lesjardinsdesaintehildegarde.com\/en\/","logo":{"@type":"ImageObject","inLanguage":"en-US","@id":"https:\/\/www.lesjardinsdesaintehildegarde.com\/en\/#\/schema\/logo\/image\/","url":"https:\/\/www.lesjardinsdesaintehildegarde.com\/wp-content\/uploads\/2022\/11\/logo-2022.png","contentUrl":"https:\/\/www.lesjardinsdesaintehildegarde.com\/wp-content\/uploads\/2022\/11\/logo-2022.png","width":365,"height":90,"caption":"Les Jardins de Sainte-Hildegarde"},"image":{"@id":"https:\/\/www.lesjardinsdesaintehildegarde.com\/en\/#\/schema\/logo\/image\/"}}]}</script>
<!-- / Yoast SEO plugin. -->

Je vais de surprise en surprise avec la peau de blaireau, elle calme et adoucit mes douleurs de la nuque et en plus elle améliore mon état général. J’ai la surprise de voir mes poignets et mes mains plus souples et amincis.
