{"id":10720,"date":"2012-06-06T10:42:43","date_gmt":"2012-06-06T08:42:43","guid":{"rendered":"https:\/\/www.lesjardinsdesaintehildegarde.com\/temoignages\/t113-mme-clarisse-b-02-juin-2012\/"},"modified":"2023-04-28T15:27:57","modified_gmt":"2023-04-28T13:27:57","slug":"t171-mme-clarisse-b-02-juin-2012","status":"publish","type":"temoignage","link":"https:\/\/www.lesjardinsdesaintehildegarde.com\/en\/testimonies\/t171-mme-clarisse-b-02-juin-2012\/","title":{"rendered":"Mme Clarisse B (02)"},"content":{"rendered":"<p>J\u2019ai command\u00e9 (sans grande conviction je l\u2019avoue) de la farine T80 d\u2019\u00e9peautre. D\u00e8s la r\u00e9ception je me suis lanc\u00e9e dans la confection d\u2019un g\u00e2teau \u00e0 la framboise et d\u2019une p\u00e2te lev\u00e9e (pizza). Le g\u00e2teau \u00e9tait de m\u00eame go\u00fbt qu\u2019\u00e0 l\u2019accoutum\u00e9e mais beaucoup plus l\u00e9ger \u00e0 la digestion. Pour la pizza, j\u2019ai eu quelques doutes \u00e0 la sortie du plat du four car la p\u00e2te avait l\u2019air tass\u00e9 et indigeste\u2026apr\u00e8s en avoir mang\u00e9 une belle part, je m\u2019attendais \u00e0 des maux d\u2019estomac et une sensation d\u2019endormissement\u2026Rien de tout cela\u2026pas de lourdeurs d\u2019estomac, pas de remont\u00e9es acides (auxquelles je suis accoutum\u00e9e) et pas d\u2019endormissement pr\u00e9matur\u00e9\u2026Une digestion comme je l\u2019attendais depuis un moment! Je vais en recommander par kilos, \u00e7a c\u2019est s\u00fbr et faire part de cette exp\u00e9rience \u00e0 ma famille et mes amis! Un grand merci \u00e0 vous car je pensais devoir me faire une raison quant \u00e0 ma mauvaise digestion!!<\/p>\n","protected":false},"featured_media":0,"template":"","type_trouble":[367,370,419],"type_produit":[471],"class_list":["post-10720","temoignage","type-temoignage","status-publish","hentry","type_trouble-digestion","type_trouble-estomac","type_trouble-transit-intestinal-digestion-douleurs-aigreurs","type_produit-epeautre"],"acf":[],"yoast_head":"<!-- This site is optimized with the Yoast SEO plugin v27.4 - https:\/\/yoast.com\/product\/yoast-seo-wordpress\/ -->\n<title>Mme Clarisse B (02) - Les Jardins de Sainte-Hildegarde<\/title>\n<meta name=\"robots\" content=\"index, follow, max-snippet:-1, max-image-preview:large, max-video-preview:-1\" \/>\n<link rel=\"canonical\" href=\"https:\/\/www.lesjardinsdesaintehildegarde.com\/en\/testimonies\/t171-mme-clarisse-b-02-juin-2012\/\" \/>\n<meta property=\"og:locale\" content=\"en_US\" \/>\n<meta property=\"og:type\" content=\"article\" \/>\n<meta property=\"og:title\" content=\"Mme Clarisse B (02) - Les Jardins de Sainte-Hildegarde\" \/>\n<meta property=\"og:description\" content=\"J\u2019ai command\u00e9 (sans grande conviction je l\u2019avoue) de la farine T80 d\u2019\u00e9peautre. D\u00e8s la r\u00e9ception je me suis lanc\u00e9e dans la confection d\u2019un g\u00e2teau \u00e0 la framboise et d\u2019une p\u00e2te lev\u00e9e (pizza). Le g\u00e2teau \u00e9tait de m\u00eame go\u00fbt qu\u2019\u00e0 l\u2019accoutum\u00e9e mais beaucoup plus l\u00e9ger \u00e0 la digestion. Pour la pizza, j\u2019ai eu quelques doutes \u00e0 [&hellip;]\" \/>\n<meta property=\"og:url\" content=\"https:\/\/www.lesjardinsdesaintehildegarde.com\/en\/testimonies\/t171-mme-clarisse-b-02-juin-2012\/\" \/>\n<meta property=\"og:site_name\" content=\"Les Jardins de Sainte-Hildegarde\" \/>\n<meta property=\"article:modified_time\" content=\"2023-04-28T13:27:57+00:00\" \/>\n<meta name=\"twitter:card\" content=\"summary_large_image\" \/>\n<meta name=\"twitter:label1\" content=\"Est. reading time\" \/>\n\t<meta name=\"twitter:data1\" content=\"1 minute\" \/>\n<script type=\"application\/ld+json\" class=\"yoast-schema-graph\">{\"@context\":\"https:\\\/\\\/schema.org\",\"@graph\":[{\"@type\":\"WebPage\",\"@id\":\"https:\\\/\\\/www.lesjardinsdesaintehildegarde.com\\\/en\\\/testimonies\\\/t171-mme-clarisse-b-02-juin-2012\\\/\",\"url\":\"https:\\\/\\\/www.lesjardinsdesaintehildegarde.com\\\/en\\\/testimonies\\\/t171-mme-clarisse-b-02-juin-2012\\\/\",\"name\":\"Mme Clarisse B (02) - Les Jardins de Sainte-Hildegarde\",\"isPartOf\":{\"@id\":\"https:\\\/\\\/www.lesjardinsdesaintehildegarde.com\\\/en\\\/#website\"},\"datePublished\":\"2012-06-06T08:42:43+00:00\",\"dateModified\":\"2023-04-28T13:27:57+00:00\",\"breadcrumb\":{\"@id\":\"https:\\\/\\\/www.lesjardinsdesaintehildegarde.com\\\/en\\\/testimonies\\\/t171-mme-clarisse-b-02-juin-2012\\\/#breadcrumb\"},\"inLanguage\":\"en-US\",\"potentialAction\":[{\"@type\":\"ReadAction\",\"target\":[\"https:\\\/\\\/www.lesjardinsdesaintehildegarde.com\\\/en\\\/testimonies\\\/t171-mme-clarisse-b-02-juin-2012\\\/\"]}]},{\"@type\":\"BreadcrumbList\",\"@id\":\"https:\\\/\\\/www.lesjardinsdesaintehildegarde.com\\\/en\\\/testimonies\\\/t171-mme-clarisse-b-02-juin-2012\\\/#breadcrumb\",\"itemListElement\":[{\"@type\":\"ListItem\",\"position\":1,\"name\":\"Home\",\"item\":\"https:\\\/\\\/www.lesjardinsdesaintehildegarde.com\\\/en\\\/\"},{\"@type\":\"ListItem\",\"position\":2,\"name\":\"Testimonies\",\"item\":\"https:\\\/\\\/www.lesjardinsdesaintehildegarde.com\\\/en\\\/testimonies\\\/\"},{\"@type\":\"ListItem\",\"position\":3,\"name\":\"Mme Clarisse B (02)\"}]},{\"@type\":\"WebSite\",\"@id\":\"https:\\\/\\\/www.lesjardinsdesaintehildegarde.com\\\/en\\\/#website\",\"url\":\"https:\\\/\\\/www.lesjardinsdesaintehildegarde.com\\\/en\\\/\",\"name\":\"Les Jardins de Sainte-Hildegarde\",\"description\":\"Viriditas\",\"publisher\":{\"@id\":\"https:\\\/\\\/www.lesjardinsdesaintehildegarde.com\\\/en\\\/#organization\"},\"potentialAction\":[{\"@type\":\"SearchAction\",\"target\":{\"@type\":\"EntryPoint\",\"urlTemplate\":\"https:\\\/\\\/www.lesjardinsdesaintehildegarde.com\\\/en\\\/?s={search_term_string}\"},\"query-input\":{\"@type\":\"PropertyValueSpecification\",\"valueRequired\":true,\"valueName\":\"search_term_string\"}}],\"inLanguage\":\"en-US\"},{\"@type\":\"Organization\",\"@id\":\"https:\\\/\\\/www.lesjardinsdesaintehildegarde.com\\\/en\\\/#organization\",\"name\":\"Les Jardins de Sainte-Hildegarde\",\"url\":\"https:\\\/\\\/www.lesjardinsdesaintehildegarde.com\\\/en\\\/\",\"logo\":{\"@type\":\"ImageObject\",\"inLanguage\":\"en-US\",\"@id\":\"https:\\\/\\\/www.lesjardinsdesaintehildegarde.com\\\/en\\\/#\\\/schema\\\/logo\\\/image\\\/\",\"url\":\"https:\\\/\\\/www.lesjardinsdesaintehildegarde.com\\\/wp-content\\\/uploads\\\/2022\\\/11\\\/logo-2022.png\",\"contentUrl\":\"https:\\\/\\\/www.lesjardinsdesaintehildegarde.com\\\/wp-content\\\/uploads\\\/2022\\\/11\\\/logo-2022.png\",\"width\":365,\"height\":90,\"caption\":\"Les Jardins de Sainte-Hildegarde\"},\"image\":{\"@id\":\"https:\\\/\\\/www.lesjardinsdesaintehildegarde.com\\\/en\\\/#\\\/schema\\\/logo\\\/image\\\/\"}}]}<\/script>\n<!-- \/ Yoast SEO plugin. -->","yoast_head_json":{"title":"Mme Clarisse B (02) - Les Jardins de Sainte-Hildegarde","robots":{"index":"index","follow":"follow","max-snippet":"max-snippet:-1","max-image-preview":"max-image-preview:large","max-video-preview":"max-video-preview:-1"},"canonical":"https:\/\/www.lesjardinsdesaintehildegarde.com\/en\/testimonies\/t171-mme-clarisse-b-02-juin-2012\/","og_locale":"en_US","og_type":"article","og_title":"Mme Clarisse B (02) - Les Jardins de Sainte-Hildegarde","og_description":"J\u2019ai command\u00e9 (sans grande conviction je l\u2019avoue) de la farine T80 d\u2019\u00e9peautre. D\u00e8s la r\u00e9ception je me suis lanc\u00e9e dans la confection d\u2019un g\u00e2teau \u00e0 la framboise et d\u2019une p\u00e2te lev\u00e9e (pizza). Le g\u00e2teau \u00e9tait de m\u00eame go\u00fbt qu\u2019\u00e0 l\u2019accoutum\u00e9e mais beaucoup plus l\u00e9ger \u00e0 la digestion. Pour la pizza, j\u2019ai eu quelques doutes \u00e0 [&hellip;]","og_url":"https:\/\/www.lesjardinsdesaintehildegarde.com\/en\/testimonies\/t171-mme-clarisse-b-02-juin-2012\/","og_site_name":"Les Jardins de Sainte-Hildegarde","article_modified_time":"2023-04-28T13:27:57+00:00","twitter_card":"summary_large_image","twitter_misc":{"Est. reading time":"1 minute"},"schema":{"@context":"https:\/\/schema.org","@graph":[{"@type":"WebPage","@id":"https:\/\/www.lesjardinsdesaintehildegarde.com\/en\/testimonies\/t171-mme-clarisse-b-02-juin-2012\/","url":"https:\/\/www.lesjardinsdesaintehildegarde.com\/en\/testimonies\/t171-mme-clarisse-b-02-juin-2012\/","name":"Mme Clarisse B (02) - Les Jardins de Sainte-Hildegarde","isPartOf":{"@id":"https:\/\/www.lesjardinsdesaintehildegarde.com\/en\/#website"},"datePublished":"2012-06-06T08:42:43+00:00","dateModified":"2023-04-28T13:27:57+00:00","breadcrumb":{"@id":"https:\/\/www.lesjardinsdesaintehildegarde.com\/en\/testimonies\/t171-mme-clarisse-b-02-juin-2012\/#breadcrumb"},"inLanguage":"en-US","potentialAction":[{"@type":"ReadAction","target":["https:\/\/www.lesjardinsdesaintehildegarde.com\/en\/testimonies\/t171-mme-clarisse-b-02-juin-2012\/"]}]},{"@type":"BreadcrumbList","@id":"https:\/\/www.lesjardinsdesaintehildegarde.com\/en\/testimonies\/t171-mme-clarisse-b-02-juin-2012\/#breadcrumb","itemListElement":[{"@type":"ListItem","position":1,"name":"Home","item":"https:\/\/www.lesjardinsdesaintehildegarde.com\/en\/"},{"@type":"ListItem","position":2,"name":"Testimonies","item":"https:\/\/www.lesjardinsdesaintehildegarde.com\/en\/testimonies\/"},{"@type":"ListItem","position":3,"name":"Mme Clarisse B (02)"}]},{"@type":"WebSite","@id":"https:\/\/www.lesjardinsdesaintehildegarde.com\/en\/#website","url":"https:\/\/www.lesjardinsdesaintehildegarde.com\/en\/","name":"Les Jardins de Sainte-Hildegarde","description":"Viriditas","publisher":{"@id":"https:\/\/www.lesjardinsdesaintehildegarde.com\/en\/#organization"},"potentialAction":[{"@type":"SearchAction","target":{"@type":"EntryPoint","urlTemplate":"https:\/\/www.lesjardinsdesaintehildegarde.com\/en\/?s={search_term_string}"},"query-input":{"@type":"PropertyValueSpecification","valueRequired":true,"valueName":"search_term_string"}}],"inLanguage":"en-US"},{"@type":"Organization","@id":"https:\/\/www.lesjardinsdesaintehildegarde.com\/en\/#organization","name":"Les Jardins de Sainte-Hildegarde","url":"https:\/\/www.lesjardinsdesaintehildegarde.com\/en\/","logo":{"@type":"ImageObject","inLanguage":"en-US","@id":"https:\/\/www.lesjardinsdesaintehildegarde.com\/en\/#\/schema\/logo\/image\/","url":"https:\/\/www.lesjardinsdesaintehildegarde.com\/wp-content\/uploads\/2022\/11\/logo-2022.png","contentUrl":"https:\/\/www.lesjardinsdesaintehildegarde.com\/wp-content\/uploads\/2022\/11\/logo-2022.png","width":365,"height":90,"caption":"Les Jardins de Sainte-Hildegarde"},"image":{"@id":"https:\/\/www.lesjardinsdesaintehildegarde.com\/en\/#\/schema\/logo\/image\/"}}]}},"_links":{"self":[{"href":"https:\/\/www.lesjardinsdesaintehildegarde.com\/en\/wp-json\/wp\/v2\/temoignage\/10720","targetHints":{"allow":["GET"]}}],"collection":[{"href":"https:\/\/www.lesjardinsdesaintehildegarde.com\/en\/wp-json\/wp\/v2\/temoignage"}],"about":[{"href":"https:\/\/www.lesjardinsdesaintehildegarde.com\/en\/wp-json\/wp\/v2\/types\/temoignage"}],"wp:attachment":[{"href":"https:\/\/www.lesjardinsdesaintehildegarde.com\/en\/wp-json\/wp\/v2\/media?parent=10720"}],"wp:term":[{"taxonomy":"type_trouble","embeddable":true,"href":"https:\/\/www.lesjardinsdesaintehildegarde.com\/en\/wp-json\/wp\/v2\/type_trouble?post=10720"},{"taxonomy":"type_produit","embeddable":true,"href":"https:\/\/www.lesjardinsdesaintehildegarde.com\/en\/wp-json\/wp\/v2\/type_produit?post=10720"}],"curies":[{"name":"wp","href":"https:\/\/api.w.org\/{rel}","templated":true}]}}

<p>J’ai commandé (sans grande conviction je l’avoue) de la farine T80 d’épeautre. Dès la réception je me suis lancée dans la confection d’un gâteau à la framboise et d’une pâte levée (pizza). Le gâteau était de même goût qu’à l’accoutumée mais beaucoup plus léger à la digestion. Pour la pizza, j’ai eu quelques doutes à la sortie du plat du four car la pâte avait l’air tassé et indigeste…après en avoir mangé une belle part, je m’attendais à des maux d’estomac et une sensation d’endormissement…Rien de tout cela…pas de lourdeurs d’estomac, pas de remontées acides (auxquelles je suis accoutumée) et pas d’endormissement prématuré…Une digestion comme je l’attendais depuis un moment! Je vais en recommander par kilos, ça c’est sûr et faire part de cette expérience à ma famille et mes amis! Un grand merci à vous car je pensais devoir me faire une raison quant à ma mauvaise digestion!!</p>

<!-- This site is optimized with the Yoast SEO plugin v27.4 - https://yoast.com/product/yoast-seo-wordpress/ -->
<title>Mme Clarisse B (02) - Les Jardins de Sainte-Hildegarde</title>
<meta name="robots" content="index, follow, max-snippet:-1, max-image-preview:large, max-video-preview:-1" />
<link rel="canonical" href="https://www.lesjardinsdesaintehildegarde.com/en/testimonies/t171-mme-clarisse-b-02-juin-2012/" />
<meta property="og:locale" content="en_US" />
<meta property="og:type" content="article" />
<meta property="og:title" content="Mme Clarisse B (02) - Les Jardins de Sainte-Hildegarde" />
<meta property="og:description" content="J’ai commandé (sans grande conviction je l’avoue) de la farine T80 d’épeautre. Dès la réception je me suis lancée dans la confection d’un gâteau à la framboise et d’une pâte levée (pizza). Le gâteau était de même goût qu’à l’accoutumée mais beaucoup plus léger à la digestion. Pour la pizza, j’ai eu quelques doutes à [&hellip;]" />
<meta property="og:url" content="https://www.lesjardinsdesaintehildegarde.com/en/testimonies/t171-mme-clarisse-b-02-juin-2012/" />
<meta property="og:site_name" content="Les Jardins de Sainte-Hildegarde" />
<meta property="article:modified_time" content="2023-04-28T13:27:57+00:00" />
<meta name="twitter:card" content="summary_large_image" />
<meta name="twitter:label1" content="Est. reading time" />
	<meta name="twitter:data1" content="1 minute" />
<script type="application/ld+json" class="yoast-schema-graph">{"@context":"https:\/\/schema.org","@graph":[{"@type":"WebPage","@id":"https:\/\/www.lesjardinsdesaintehildegarde.com\/en\/testimonies\/t171-mme-clarisse-b-02-juin-2012\/","url":"https:\/\/www.lesjardinsdesaintehildegarde.com\/en\/testimonies\/t171-mme-clarisse-b-02-juin-2012\/","name":"Mme Clarisse B (02) - Les Jardins de Sainte-Hildegarde","isPartOf":{"@id":"https:\/\/www.lesjardinsdesaintehildegarde.com\/en\/#website"},"datePublished":"2012-06-06T08:42:43+00:00","dateModified":"2023-04-28T13:27:57+00:00","breadcrumb":{"@id":"https:\/\/www.lesjardinsdesaintehildegarde.com\/en\/testimonies\/t171-mme-clarisse-b-02-juin-2012\/#breadcrumb"},"inLanguage":"en-US","potentialAction":[{"@type":"ReadAction","target":["https:\/\/www.lesjardinsdesaintehildegarde.com\/en\/testimonies\/t171-mme-clarisse-b-02-juin-2012\/"]}]},{"@type":"BreadcrumbList","@id":"https:\/\/www.lesjardinsdesaintehildegarde.com\/en\/testimonies\/t171-mme-clarisse-b-02-juin-2012\/#breadcrumb","itemListElement":[{"@type":"ListItem","position":1,"name":"Home","item":"https:\/\/www.lesjardinsdesaintehildegarde.com\/en\/"},{"@type":"ListItem","position":2,"name":"Testimonies","item":"https:\/\/www.lesjardinsdesaintehildegarde.com\/en\/testimonies\/"},{"@type":"ListItem","position":3,"name":"Mme Clarisse B (02)"}]},{"@type":"WebSite","@id":"https:\/\/www.lesjardinsdesaintehildegarde.com\/en\/#website","url":"https:\/\/www.lesjardinsdesaintehildegarde.com\/en\/","name":"Les Jardins de Sainte-Hildegarde","description":"Viriditas","publisher":{"@id":"https:\/\/www.lesjardinsdesaintehildegarde.com\/en\/#organization"},"potentialAction":[{"@type":"SearchAction","target":{"@type":"EntryPoint","urlTemplate":"https:\/\/www.lesjardinsdesaintehildegarde.com\/en\/?s={search_term_string}"},"query-input":{"@type":"PropertyValueSpecification","valueRequired":true,"valueName":"search_term_string"}}],"inLanguage":"en-US"},{"@type":"Organization","@id":"https:\/\/www.lesjardinsdesaintehildegarde.com\/en\/#organization","name":"Les Jardins de Sainte-Hildegarde","url":"https:\/\/www.lesjardinsdesaintehildegarde.com\/en\/","logo":{"@type":"ImageObject","inLanguage":"en-US","@id":"https:\/\/www.lesjardinsdesaintehildegarde.com\/en\/#\/schema\/logo\/image\/","url":"https:\/\/www.lesjardinsdesaintehildegarde.com\/wp-content\/uploads\/2022\/11\/logo-2022.png","contentUrl":"https:\/\/www.lesjardinsdesaintehildegarde.com\/wp-content\/uploads\/2022\/11\/logo-2022.png","width":365,"height":90,"caption":"Les Jardins de Sainte-Hildegarde"},"image":{"@id":"https:\/\/www.lesjardinsdesaintehildegarde.com\/en\/#\/schema\/logo\/image\/"}}]}</script>
<!-- / Yoast SEO plugin. -->

J’ai commandé (sans grande conviction je l’avoue) de la farine T80 d’épeautre. Dès la réception je me suis lancée dans la confection d’un gâteau à la framboise et d’une pâte levée (pizza). Le gâteau était de même goût qu’à l’accoutumée mais beaucoup plus léger à la digestion. Pour la pizza, j’ai eu quelques doutes à [&hellip;]
