{"id":10729,"date":"2013-01-28T10:45:39","date_gmt":"2013-01-28T09:45:39","guid":{"rendered":"https:\/\/www.lesjardinsdesaintehildegarde.com\/temoignages\/t121-mme-monique-c-26-janv-2013\/"},"modified":"2023-04-28T15:41:49","modified_gmt":"2023-04-28T13:41:49","slug":"t179-mme-monique-c-26-janv-2013","status":"publish","type":"temoignage","link":"https:\/\/www.lesjardinsdesaintehildegarde.com\/en\/testimonies\/t179-mme-monique-c-26-janv-2013\/","title":{"rendered":"Mme Monique C (26)"},"content":{"rendered":"<p>Voici ci-dessous deux t\u00e9moignages personnels.<br \/>\nPr\u00e9sence d\u2019un nodule pigment\u00e9 qui \u00e9voque un angiome<br \/>\nCette excroissance sur la paupi\u00e8re datait d\u2019une dizaine d\u2019ann\u00e9e et avait au fil du temps chang\u00e9 de couleur. Disparition compl\u00e8te de cette excroissance avec la cr\u00e8me \u00e0 la violette<br \/>\nPr\u00e9sence d\u2019une verrue sur le bord externe de l\u2019index<br \/>\nJ\u2019ai utilis\u00e9 plusieurs proc\u00e9d\u00e9s avant de trouver la bonne solution: pas d\u2019effet avec la cr\u00e8me \u00e0 la violette, pas d\u2019effet non plus avec l\u2019am\u00e9thyste saliv\u00e9e et frictionn\u00e9e sur la verrue. Disparition compl\u00e8te avec ce proc\u00e9d\u00e9: mis \u00e0 chauffer de l\u2019eau dans une casserole et d\u00e9pos\u00e9e au-dessus la pierre am\u00e9thyste dans une passoire. D\u00e9p\u00f4t de l\u2019am\u00e9thyste dans l\u2019eau refroidie. Compresse de cette eau mise en pansement autour du doigt.<\/p>\n","protected":false},"featured_media":0,"template":"","type_trouble":[357,398,401,421],"type_produit":[430,435],"class_list":["post-10729","temoignage","type-temoignage","status-publish","hentry","type_trouble-cicatrisation-plaie","type_trouble-peau","type_trouble-problemes-de-peau-eczema-verrues-plaies-psoriasis","type_trouble-verrue","type_produit-amethyste","type_produit-baume-a-la-violette"],"acf":[],"yoast_head":"<!-- This site is optimized with the Yoast SEO plugin v27.4 - https:\/\/yoast.com\/product\/yoast-seo-wordpress\/ -->\n<title>Mme Monique C (26) - Les Jardins de Sainte-Hildegarde<\/title>\n<meta name=\"robots\" content=\"index, follow, max-snippet:-1, max-image-preview:large, max-video-preview:-1\" \/>\n<link rel=\"canonical\" href=\"https:\/\/www.lesjardinsdesaintehildegarde.com\/en\/testimonies\/t179-mme-monique-c-26-janv-2013\/\" \/>\n<meta property=\"og:locale\" content=\"en_US\" \/>\n<meta property=\"og:type\" content=\"article\" \/>\n<meta property=\"og:title\" content=\"Mme Monique C (26) - Les Jardins de Sainte-Hildegarde\" \/>\n<meta property=\"og:description\" content=\"Voici ci-dessous deux t\u00e9moignages personnels. Pr\u00e9sence d\u2019un nodule pigment\u00e9 qui \u00e9voque un angiome Cette excroissance sur la paupi\u00e8re datait d\u2019une dizaine d\u2019ann\u00e9e et avait au fil du temps chang\u00e9 de couleur. Disparition compl\u00e8te de cette excroissance avec la cr\u00e8me \u00e0 la violette Pr\u00e9sence d\u2019une verrue sur le bord externe de l\u2019index J\u2019ai utilis\u00e9 plusieurs proc\u00e9d\u00e9s [&hellip;]\" \/>\n<meta property=\"og:url\" content=\"https:\/\/www.lesjardinsdesaintehildegarde.com\/en\/testimonies\/t179-mme-monique-c-26-janv-2013\/\" \/>\n<meta property=\"og:site_name\" content=\"Les Jardins de Sainte-Hildegarde\" \/>\n<meta property=\"article:modified_time\" content=\"2023-04-28T13:41:49+00:00\" \/>\n<meta name=\"twitter:card\" content=\"summary_large_image\" \/>\n<meta name=\"twitter:label1\" content=\"Est. reading time\" \/>\n\t<meta name=\"twitter:data1\" content=\"1 minute\" \/>\n<script type=\"application\/ld+json\" class=\"yoast-schema-graph\">{\"@context\":\"https:\\\/\\\/schema.org\",\"@graph\":[{\"@type\":\"WebPage\",\"@id\":\"https:\\\/\\\/www.lesjardinsdesaintehildegarde.com\\\/en\\\/testimonies\\\/t179-mme-monique-c-26-janv-2013\\\/\",\"url\":\"https:\\\/\\\/www.lesjardinsdesaintehildegarde.com\\\/en\\\/testimonies\\\/t179-mme-monique-c-26-janv-2013\\\/\",\"name\":\"Mme Monique C (26) - Les Jardins de Sainte-Hildegarde\",\"isPartOf\":{\"@id\":\"https:\\\/\\\/www.lesjardinsdesaintehildegarde.com\\\/en\\\/#website\"},\"datePublished\":\"2013-01-28T09:45:39+00:00\",\"dateModified\":\"2023-04-28T13:41:49+00:00\",\"breadcrumb\":{\"@id\":\"https:\\\/\\\/www.lesjardinsdesaintehildegarde.com\\\/en\\\/testimonies\\\/t179-mme-monique-c-26-janv-2013\\\/#breadcrumb\"},\"inLanguage\":\"en-US\",\"potentialAction\":[{\"@type\":\"ReadAction\",\"target\":[\"https:\\\/\\\/www.lesjardinsdesaintehildegarde.com\\\/en\\\/testimonies\\\/t179-mme-monique-c-26-janv-2013\\\/\"]}]},{\"@type\":\"BreadcrumbList\",\"@id\":\"https:\\\/\\\/www.lesjardinsdesaintehildegarde.com\\\/en\\\/testimonies\\\/t179-mme-monique-c-26-janv-2013\\\/#breadcrumb\",\"itemListElement\":[{\"@type\":\"ListItem\",\"position\":1,\"name\":\"Home\",\"item\":\"https:\\\/\\\/www.lesjardinsdesaintehildegarde.com\\\/en\\\/\"},{\"@type\":\"ListItem\",\"position\":2,\"name\":\"Testimonies\",\"item\":\"https:\\\/\\\/www.lesjardinsdesaintehildegarde.com\\\/en\\\/testimonies\\\/\"},{\"@type\":\"ListItem\",\"position\":3,\"name\":\"Mme Monique C (26)\"}]},{\"@type\":\"WebSite\",\"@id\":\"https:\\\/\\\/www.lesjardinsdesaintehildegarde.com\\\/en\\\/#website\",\"url\":\"https:\\\/\\\/www.lesjardinsdesaintehildegarde.com\\\/en\\\/\",\"name\":\"Les Jardins de Sainte-Hildegarde\",\"description\":\"Viriditas\",\"publisher\":{\"@id\":\"https:\\\/\\\/www.lesjardinsdesaintehildegarde.com\\\/en\\\/#organization\"},\"potentialAction\":[{\"@type\":\"SearchAction\",\"target\":{\"@type\":\"EntryPoint\",\"urlTemplate\":\"https:\\\/\\\/www.lesjardinsdesaintehildegarde.com\\\/en\\\/?s={search_term_string}\"},\"query-input\":{\"@type\":\"PropertyValueSpecification\",\"valueRequired\":true,\"valueName\":\"search_term_string\"}}],\"inLanguage\":\"en-US\"},{\"@type\":\"Organization\",\"@id\":\"https:\\\/\\\/www.lesjardinsdesaintehildegarde.com\\\/en\\\/#organization\",\"name\":\"Les Jardins de Sainte-Hildegarde\",\"url\":\"https:\\\/\\\/www.lesjardinsdesaintehildegarde.com\\\/en\\\/\",\"logo\":{\"@type\":\"ImageObject\",\"inLanguage\":\"en-US\",\"@id\":\"https:\\\/\\\/www.lesjardinsdesaintehildegarde.com\\\/en\\\/#\\\/schema\\\/logo\\\/image\\\/\",\"url\":\"https:\\\/\\\/www.lesjardinsdesaintehildegarde.com\\\/wp-content\\\/uploads\\\/2022\\\/11\\\/logo-2022.png\",\"contentUrl\":\"https:\\\/\\\/www.lesjardinsdesaintehildegarde.com\\\/wp-content\\\/uploads\\\/2022\\\/11\\\/logo-2022.png\",\"width\":365,\"height\":90,\"caption\":\"Les Jardins de Sainte-Hildegarde\"},\"image\":{\"@id\":\"https:\\\/\\\/www.lesjardinsdesaintehildegarde.com\\\/en\\\/#\\\/schema\\\/logo\\\/image\\\/\"}}]}<\/script>\n<!-- \/ Yoast SEO plugin. -->","yoast_head_json":{"title":"Mme Monique C (26) - Les Jardins de Sainte-Hildegarde","robots":{"index":"index","follow":"follow","max-snippet":"max-snippet:-1","max-image-preview":"max-image-preview:large","max-video-preview":"max-video-preview:-1"},"canonical":"https:\/\/www.lesjardinsdesaintehildegarde.com\/en\/testimonies\/t179-mme-monique-c-26-janv-2013\/","og_locale":"en_US","og_type":"article","og_title":"Mme Monique C (26) - Les Jardins de Sainte-Hildegarde","og_description":"Voici ci-dessous deux t\u00e9moignages personnels. Pr\u00e9sence d\u2019un nodule pigment\u00e9 qui \u00e9voque un angiome Cette excroissance sur la paupi\u00e8re datait d\u2019une dizaine d\u2019ann\u00e9e et avait au fil du temps chang\u00e9 de couleur. Disparition compl\u00e8te de cette excroissance avec la cr\u00e8me \u00e0 la violette Pr\u00e9sence d\u2019une verrue sur le bord externe de l\u2019index J\u2019ai utilis\u00e9 plusieurs proc\u00e9d\u00e9s [&hellip;]","og_url":"https:\/\/www.lesjardinsdesaintehildegarde.com\/en\/testimonies\/t179-mme-monique-c-26-janv-2013\/","og_site_name":"Les Jardins de Sainte-Hildegarde","article_modified_time":"2023-04-28T13:41:49+00:00","twitter_card":"summary_large_image","twitter_misc":{"Est. reading time":"1 minute"},"schema":{"@context":"https:\/\/schema.org","@graph":[{"@type":"WebPage","@id":"https:\/\/www.lesjardinsdesaintehildegarde.com\/en\/testimonies\/t179-mme-monique-c-26-janv-2013\/","url":"https:\/\/www.lesjardinsdesaintehildegarde.com\/en\/testimonies\/t179-mme-monique-c-26-janv-2013\/","name":"Mme Monique C (26) - Les Jardins de Sainte-Hildegarde","isPartOf":{"@id":"https:\/\/www.lesjardinsdesaintehildegarde.com\/en\/#website"},"datePublished":"2013-01-28T09:45:39+00:00","dateModified":"2023-04-28T13:41:49+00:00","breadcrumb":{"@id":"https:\/\/www.lesjardinsdesaintehildegarde.com\/en\/testimonies\/t179-mme-monique-c-26-janv-2013\/#breadcrumb"},"inLanguage":"en-US","potentialAction":[{"@type":"ReadAction","target":["https:\/\/www.lesjardinsdesaintehildegarde.com\/en\/testimonies\/t179-mme-monique-c-26-janv-2013\/"]}]},{"@type":"BreadcrumbList","@id":"https:\/\/www.lesjardinsdesaintehildegarde.com\/en\/testimonies\/t179-mme-monique-c-26-janv-2013\/#breadcrumb","itemListElement":[{"@type":"ListItem","position":1,"name":"Home","item":"https:\/\/www.lesjardinsdesaintehildegarde.com\/en\/"},{"@type":"ListItem","position":2,"name":"Testimonies","item":"https:\/\/www.lesjardinsdesaintehildegarde.com\/en\/testimonies\/"},{"@type":"ListItem","position":3,"name":"Mme Monique C (26)"}]},{"@type":"WebSite","@id":"https:\/\/www.lesjardinsdesaintehildegarde.com\/en\/#website","url":"https:\/\/www.lesjardinsdesaintehildegarde.com\/en\/","name":"Les Jardins de Sainte-Hildegarde","description":"Viriditas","publisher":{"@id":"https:\/\/www.lesjardinsdesaintehildegarde.com\/en\/#organization"},"potentialAction":[{"@type":"SearchAction","target":{"@type":"EntryPoint","urlTemplate":"https:\/\/www.lesjardinsdesaintehildegarde.com\/en\/?s={search_term_string}"},"query-input":{"@type":"PropertyValueSpecification","valueRequired":true,"valueName":"search_term_string"}}],"inLanguage":"en-US"},{"@type":"Organization","@id":"https:\/\/www.lesjardinsdesaintehildegarde.com\/en\/#organization","name":"Les Jardins de Sainte-Hildegarde","url":"https:\/\/www.lesjardinsdesaintehildegarde.com\/en\/","logo":{"@type":"ImageObject","inLanguage":"en-US","@id":"https:\/\/www.lesjardinsdesaintehildegarde.com\/en\/#\/schema\/logo\/image\/","url":"https:\/\/www.lesjardinsdesaintehildegarde.com\/wp-content\/uploads\/2022\/11\/logo-2022.png","contentUrl":"https:\/\/www.lesjardinsdesaintehildegarde.com\/wp-content\/uploads\/2022\/11\/logo-2022.png","width":365,"height":90,"caption":"Les Jardins de Sainte-Hildegarde"},"image":{"@id":"https:\/\/www.lesjardinsdesaintehildegarde.com\/en\/#\/schema\/logo\/image\/"}}]}},"_links":{"self":[{"href":"https:\/\/www.lesjardinsdesaintehildegarde.com\/en\/wp-json\/wp\/v2\/temoignage\/10729","targetHints":{"allow":["GET"]}}],"collection":[{"href":"https:\/\/www.lesjardinsdesaintehildegarde.com\/en\/wp-json\/wp\/v2\/temoignage"}],"about":[{"href":"https:\/\/www.lesjardinsdesaintehildegarde.com\/en\/wp-json\/wp\/v2\/types\/temoignage"}],"wp:attachment":[{"href":"https:\/\/www.lesjardinsdesaintehildegarde.com\/en\/wp-json\/wp\/v2\/media?parent=10729"}],"wp:term":[{"taxonomy":"type_trouble","embeddable":true,"href":"https:\/\/www.lesjardinsdesaintehildegarde.com\/en\/wp-json\/wp\/v2\/type_trouble?post=10729"},{"taxonomy":"type_produit","embeddable":true,"href":"https:\/\/www.lesjardinsdesaintehildegarde.com\/en\/wp-json\/wp\/v2\/type_produit?post=10729"}],"curies":[{"name":"wp","href":"https:\/\/api.w.org\/{rel}","templated":true}]}}

<p>Voici ci-dessous deux témoignages personnels.<br />
Présence d’un nodule pigmenté qui évoque un angiome<br />
Cette excroissance sur la paupière datait d’une dizaine d’année et avait au fil du temps changé de couleur. Disparition complète de cette excroissance avec la crème à la violette<br />
Présence d’une verrue sur le bord externe de l’index<br />
J’ai utilisé plusieurs procédés avant de trouver la bonne solution: pas d’effet avec la crème à la violette, pas d’effet non plus avec l’améthyste salivée et frictionnée sur la verrue. Disparition complète avec ce procédé: mis à chauffer de l’eau dans une casserole et déposée au-dessus la pierre améthyste dans une passoire. Dépôt de l’améthyste dans l’eau refroidie. Compresse de cette eau mise en pansement autour du doigt.</p>

<!-- This site is optimized with the Yoast SEO plugin v27.4 - https://yoast.com/product/yoast-seo-wordpress/ -->
<title>Mme Monique C (26) - Les Jardins de Sainte-Hildegarde</title>
<meta name="robots" content="index, follow, max-snippet:-1, max-image-preview:large, max-video-preview:-1" />
<link rel="canonical" href="https://www.lesjardinsdesaintehildegarde.com/en/testimonies/t179-mme-monique-c-26-janv-2013/" />
<meta property="og:locale" content="en_US" />
<meta property="og:type" content="article" />
<meta property="og:title" content="Mme Monique C (26) - Les Jardins de Sainte-Hildegarde" />
<meta property="og:description" content="Voici ci-dessous deux témoignages personnels. Présence d’un nodule pigmenté qui évoque un angiome Cette excroissance sur la paupière datait d’une dizaine d’année et avait au fil du temps changé de couleur. Disparition complète de cette excroissance avec la crème à la violette Présence d’une verrue sur le bord externe de l’index J’ai utilisé plusieurs procédés [&hellip;]" />
<meta property="og:url" content="https://www.lesjardinsdesaintehildegarde.com/en/testimonies/t179-mme-monique-c-26-janv-2013/" />
<meta property="og:site_name" content="Les Jardins de Sainte-Hildegarde" />
<meta property="article:modified_time" content="2023-04-28T13:41:49+00:00" />
<meta name="twitter:card" content="summary_large_image" />
<meta name="twitter:label1" content="Est. reading time" />
	<meta name="twitter:data1" content="1 minute" />
<script type="application/ld+json" class="yoast-schema-graph">{"@context":"https:\/\/schema.org","@graph":[{"@type":"WebPage","@id":"https:\/\/www.lesjardinsdesaintehildegarde.com\/en\/testimonies\/t179-mme-monique-c-26-janv-2013\/","url":"https:\/\/www.lesjardinsdesaintehildegarde.com\/en\/testimonies\/t179-mme-monique-c-26-janv-2013\/","name":"Mme Monique C (26) - Les Jardins de Sainte-Hildegarde","isPartOf":{"@id":"https:\/\/www.lesjardinsdesaintehildegarde.com\/en\/#website"},"datePublished":"2013-01-28T09:45:39+00:00","dateModified":"2023-04-28T13:41:49+00:00","breadcrumb":{"@id":"https:\/\/www.lesjardinsdesaintehildegarde.com\/en\/testimonies\/t179-mme-monique-c-26-janv-2013\/#breadcrumb"},"inLanguage":"en-US","potentialAction":[{"@type":"ReadAction","target":["https:\/\/www.lesjardinsdesaintehildegarde.com\/en\/testimonies\/t179-mme-monique-c-26-janv-2013\/"]}]},{"@type":"BreadcrumbList","@id":"https:\/\/www.lesjardinsdesaintehildegarde.com\/en\/testimonies\/t179-mme-monique-c-26-janv-2013\/#breadcrumb","itemListElement":[{"@type":"ListItem","position":1,"name":"Home","item":"https:\/\/www.lesjardinsdesaintehildegarde.com\/en\/"},{"@type":"ListItem","position":2,"name":"Testimonies","item":"https:\/\/www.lesjardinsdesaintehildegarde.com\/en\/testimonies\/"},{"@type":"ListItem","position":3,"name":"Mme Monique C (26)"}]},{"@type":"WebSite","@id":"https:\/\/www.lesjardinsdesaintehildegarde.com\/en\/#website","url":"https:\/\/www.lesjardinsdesaintehildegarde.com\/en\/","name":"Les Jardins de Sainte-Hildegarde","description":"Viriditas","publisher":{"@id":"https:\/\/www.lesjardinsdesaintehildegarde.com\/en\/#organization"},"potentialAction":[{"@type":"SearchAction","target":{"@type":"EntryPoint","urlTemplate":"https:\/\/www.lesjardinsdesaintehildegarde.com\/en\/?s={search_term_string}"},"query-input":{"@type":"PropertyValueSpecification","valueRequired":true,"valueName":"search_term_string"}}],"inLanguage":"en-US"},{"@type":"Organization","@id":"https:\/\/www.lesjardinsdesaintehildegarde.com\/en\/#organization","name":"Les Jardins de Sainte-Hildegarde","url":"https:\/\/www.lesjardinsdesaintehildegarde.com\/en\/","logo":{"@type":"ImageObject","inLanguage":"en-US","@id":"https:\/\/www.lesjardinsdesaintehildegarde.com\/en\/#\/schema\/logo\/image\/","url":"https:\/\/www.lesjardinsdesaintehildegarde.com\/wp-content\/uploads\/2022\/11\/logo-2022.png","contentUrl":"https:\/\/www.lesjardinsdesaintehildegarde.com\/wp-content\/uploads\/2022\/11\/logo-2022.png","width":365,"height":90,"caption":"Les Jardins de Sainte-Hildegarde"},"image":{"@id":"https:\/\/www.lesjardinsdesaintehildegarde.com\/en\/#\/schema\/logo\/image\/"}}]}</script>
<!-- / Yoast SEO plugin. -->

Voici ci-dessous deux témoignages personnels. Présence d’un nodule pigmenté qui évoque un angiome Cette excroissance sur la paupière datait d’une dizaine d’année et avait au fil du temps changé de couleur. Disparition complète de cette excroissance avec la crème à la violette Présence d’une verrue sur le bord externe de l’index J’ai utilisé plusieurs procédés [&hellip;]
