{"id":61043,"date":"2021-03-02T16:41:10","date_gmt":"2021-03-02T15:41:10","guid":{"rendered":"https:\/\/www.lesjardinsdesaintehildegarde.com\/?post_type=temoignage&#038;p=61043"},"modified":"2023-05-09T16:41:49","modified_gmt":"2023-05-09T14:41:49","slug":"t257-mme-virginie-t-76","status":"publish","type":"temoignage","link":"https:\/\/www.lesjardinsdesaintehildegarde.com\/en\/testimonies\/t257-mme-virginie-t-76\/","title":{"rendered":"Mme Virginie T (76)"},"content":{"rendered":"<p>Je suis heureuse de pouvoir vous t\u00e9moigner de mon enti\u00e8re satisfaction au sujet de la lotion \u00e0 la cendre de prunier.<\/p>\n<p>Je perds mes cheveux depuis une dizaine d&#8217;ann\u00e9e et aucun traitement n&#8217;a vraiment \u00e9t\u00e9 efficace. Jusqu&#8217;\u00e0 ce que je d\u00e9couvre cette lotion \u00e0 la cendre de prunier.<\/p>\n<p>Il s&#8217;en est suivi un arr\u00eat tr\u00e8s rapide de la chute de mes cheveux et une repousse dans le foul\u00e9e. Cette lotion ne poisse pas mes cheveux et les rends m\u00eame plus beaux, plus consistants.<\/p>\n<p>En bref, je revis, en m\u00eame temps que ma chevelure.<\/p>\n<p>Merci Sainte Hildegarde, soyez b\u00e9nie ainsi que ceux qui \u0153uvrent \u00e0 r\u00e9aliser vos rem\u00e8des.<\/p>\n","protected":false},"featured_media":0,"template":"","type_trouble":[563,406],"type_produit":[495],"class_list":["post-61043","temoignage","type-temoignage","status-publish","hentry","type_trouble-chute-des-cheveux-femme","type_trouble-remerciements","type_produit-lotion-a-la-cendre-de-prunier-2"],"acf":[],"yoast_head":"<!-- This site is optimized with the Yoast SEO plugin v27.4 - https:\/\/yoast.com\/product\/yoast-seo-wordpress\/ -->\n<title>Mme Virginie T (76) - Les Jardins de Sainte-Hildegarde<\/title>\n<meta name=\"robots\" content=\"index, follow, max-snippet:-1, max-image-preview:large, max-video-preview:-1\" \/>\n<link rel=\"canonical\" href=\"https:\/\/www.lesjardinsdesaintehildegarde.com\/en\/testimonies\/t257-mme-virginie-t-76\/\" \/>\n<meta property=\"og:locale\" content=\"en_US\" \/>\n<meta property=\"og:type\" content=\"article\" \/>\n<meta property=\"og:title\" content=\"Mme Virginie T (76) - Les Jardins de Sainte-Hildegarde\" \/>\n<meta property=\"og:description\" content=\"Je suis heureuse de pouvoir vous t\u00e9moigner de mon enti\u00e8re satisfaction au sujet de la lotion \u00e0 la cendre de prunier. Je perds mes cheveux depuis une dizaine d&#8217;ann\u00e9e et aucun traitement n&#8217;a vraiment \u00e9t\u00e9 efficace. Jusqu&#8217;\u00e0 ce que je d\u00e9couvre cette lotion \u00e0 la cendre de prunier. Il s&#8217;en est suivi un arr\u00eat tr\u00e8s [&hellip;]\" \/>\n<meta property=\"og:url\" content=\"https:\/\/www.lesjardinsdesaintehildegarde.com\/en\/testimonies\/t257-mme-virginie-t-76\/\" \/>\n<meta property=\"og:site_name\" content=\"Les Jardins de Sainte-Hildegarde\" \/>\n<meta property=\"article:modified_time\" content=\"2023-05-09T14:41:49+00:00\" \/>\n<meta name=\"twitter:card\" content=\"summary_large_image\" \/>\n<meta name=\"twitter:label1\" content=\"Est. reading time\" \/>\n\t<meta name=\"twitter:data1\" content=\"1 minute\" \/>\n<script type=\"application\/ld+json\" class=\"yoast-schema-graph\">{\"@context\":\"https:\\\/\\\/schema.org\",\"@graph\":[{\"@type\":\"WebPage\",\"@id\":\"https:\\\/\\\/www.lesjardinsdesaintehildegarde.com\\\/en\\\/testimonies\\\/t257-mme-virginie-t-76\\\/\",\"url\":\"https:\\\/\\\/www.lesjardinsdesaintehildegarde.com\\\/en\\\/testimonies\\\/t257-mme-virginie-t-76\\\/\",\"name\":\"Mme Virginie T (76) - Les Jardins de Sainte-Hildegarde\",\"isPartOf\":{\"@id\":\"https:\\\/\\\/www.lesjardinsdesaintehildegarde.com\\\/en\\\/#website\"},\"datePublished\":\"2021-03-02T15:41:10+00:00\",\"dateModified\":\"2023-05-09T14:41:49+00:00\",\"breadcrumb\":{\"@id\":\"https:\\\/\\\/www.lesjardinsdesaintehildegarde.com\\\/en\\\/testimonies\\\/t257-mme-virginie-t-76\\\/#breadcrumb\"},\"inLanguage\":\"en-US\",\"potentialAction\":[{\"@type\":\"ReadAction\",\"target\":[\"https:\\\/\\\/www.lesjardinsdesaintehildegarde.com\\\/en\\\/testimonies\\\/t257-mme-virginie-t-76\\\/\"]}]},{\"@type\":\"BreadcrumbList\",\"@id\":\"https:\\\/\\\/www.lesjardinsdesaintehildegarde.com\\\/en\\\/testimonies\\\/t257-mme-virginie-t-76\\\/#breadcrumb\",\"itemListElement\":[{\"@type\":\"ListItem\",\"position\":1,\"name\":\"Home\",\"item\":\"https:\\\/\\\/www.lesjardinsdesaintehildegarde.com\\\/en\\\/\"},{\"@type\":\"ListItem\",\"position\":2,\"name\":\"Testimonies\",\"item\":\"https:\\\/\\\/www.lesjardinsdesaintehildegarde.com\\\/en\\\/testimonies\\\/\"},{\"@type\":\"ListItem\",\"position\":3,\"name\":\"Mme Virginie T (76)\"}]},{\"@type\":\"WebSite\",\"@id\":\"https:\\\/\\\/www.lesjardinsdesaintehildegarde.com\\\/en\\\/#website\",\"url\":\"https:\\\/\\\/www.lesjardinsdesaintehildegarde.com\\\/en\\\/\",\"name\":\"Les Jardins de Sainte-Hildegarde\",\"description\":\"Viriditas\",\"publisher\":{\"@id\":\"https:\\\/\\\/www.lesjardinsdesaintehildegarde.com\\\/en\\\/#organization\"},\"potentialAction\":[{\"@type\":\"SearchAction\",\"target\":{\"@type\":\"EntryPoint\",\"urlTemplate\":\"https:\\\/\\\/www.lesjardinsdesaintehildegarde.com\\\/en\\\/?s={search_term_string}\"},\"query-input\":{\"@type\":\"PropertyValueSpecification\",\"valueRequired\":true,\"valueName\":\"search_term_string\"}}],\"inLanguage\":\"en-US\"},{\"@type\":\"Organization\",\"@id\":\"https:\\\/\\\/www.lesjardinsdesaintehildegarde.com\\\/en\\\/#organization\",\"name\":\"Les Jardins de Sainte-Hildegarde\",\"url\":\"https:\\\/\\\/www.lesjardinsdesaintehildegarde.com\\\/en\\\/\",\"logo\":{\"@type\":\"ImageObject\",\"inLanguage\":\"en-US\",\"@id\":\"https:\\\/\\\/www.lesjardinsdesaintehildegarde.com\\\/en\\\/#\\\/schema\\\/logo\\\/image\\\/\",\"url\":\"https:\\\/\\\/www.lesjardinsdesaintehildegarde.com\\\/wp-content\\\/uploads\\\/2022\\\/11\\\/logo-2022.png\",\"contentUrl\":\"https:\\\/\\\/www.lesjardinsdesaintehildegarde.com\\\/wp-content\\\/uploads\\\/2022\\\/11\\\/logo-2022.png\",\"width\":365,\"height\":90,\"caption\":\"Les Jardins de Sainte-Hildegarde\"},\"image\":{\"@id\":\"https:\\\/\\\/www.lesjardinsdesaintehildegarde.com\\\/en\\\/#\\\/schema\\\/logo\\\/image\\\/\"}}]}<\/script>\n<!-- \/ Yoast SEO plugin. -->","yoast_head_json":{"title":"Mme Virginie T (76) - Les Jardins de Sainte-Hildegarde","robots":{"index":"index","follow":"follow","max-snippet":"max-snippet:-1","max-image-preview":"max-image-preview:large","max-video-preview":"max-video-preview:-1"},"canonical":"https:\/\/www.lesjardinsdesaintehildegarde.com\/en\/testimonies\/t257-mme-virginie-t-76\/","og_locale":"en_US","og_type":"article","og_title":"Mme Virginie T (76) - Les Jardins de Sainte-Hildegarde","og_description":"Je suis heureuse de pouvoir vous t\u00e9moigner de mon enti\u00e8re satisfaction au sujet de la lotion \u00e0 la cendre de prunier. Je perds mes cheveux depuis une dizaine d&#8217;ann\u00e9e et aucun traitement n&#8217;a vraiment \u00e9t\u00e9 efficace. Jusqu&#8217;\u00e0 ce que je d\u00e9couvre cette lotion \u00e0 la cendre de prunier. Il s&#8217;en est suivi un arr\u00eat tr\u00e8s [&hellip;]","og_url":"https:\/\/www.lesjardinsdesaintehildegarde.com\/en\/testimonies\/t257-mme-virginie-t-76\/","og_site_name":"Les Jardins de Sainte-Hildegarde","article_modified_time":"2023-05-09T14:41:49+00:00","twitter_card":"summary_large_image","twitter_misc":{"Est. reading time":"1 minute"},"schema":{"@context":"https:\/\/schema.org","@graph":[{"@type":"WebPage","@id":"https:\/\/www.lesjardinsdesaintehildegarde.com\/en\/testimonies\/t257-mme-virginie-t-76\/","url":"https:\/\/www.lesjardinsdesaintehildegarde.com\/en\/testimonies\/t257-mme-virginie-t-76\/","name":"Mme Virginie T (76) - Les Jardins de Sainte-Hildegarde","isPartOf":{"@id":"https:\/\/www.lesjardinsdesaintehildegarde.com\/en\/#website"},"datePublished":"2021-03-02T15:41:10+00:00","dateModified":"2023-05-09T14:41:49+00:00","breadcrumb":{"@id":"https:\/\/www.lesjardinsdesaintehildegarde.com\/en\/testimonies\/t257-mme-virginie-t-76\/#breadcrumb"},"inLanguage":"en-US","potentialAction":[{"@type":"ReadAction","target":["https:\/\/www.lesjardinsdesaintehildegarde.com\/en\/testimonies\/t257-mme-virginie-t-76\/"]}]},{"@type":"BreadcrumbList","@id":"https:\/\/www.lesjardinsdesaintehildegarde.com\/en\/testimonies\/t257-mme-virginie-t-76\/#breadcrumb","itemListElement":[{"@type":"ListItem","position":1,"name":"Home","item":"https:\/\/www.lesjardinsdesaintehildegarde.com\/en\/"},{"@type":"ListItem","position":2,"name":"Testimonies","item":"https:\/\/www.lesjardinsdesaintehildegarde.com\/en\/testimonies\/"},{"@type":"ListItem","position":3,"name":"Mme Virginie T (76)"}]},{"@type":"WebSite","@id":"https:\/\/www.lesjardinsdesaintehildegarde.com\/en\/#website","url":"https:\/\/www.lesjardinsdesaintehildegarde.com\/en\/","name":"Les Jardins de Sainte-Hildegarde","description":"Viriditas","publisher":{"@id":"https:\/\/www.lesjardinsdesaintehildegarde.com\/en\/#organization"},"potentialAction":[{"@type":"SearchAction","target":{"@type":"EntryPoint","urlTemplate":"https:\/\/www.lesjardinsdesaintehildegarde.com\/en\/?s={search_term_string}"},"query-input":{"@type":"PropertyValueSpecification","valueRequired":true,"valueName":"search_term_string"}}],"inLanguage":"en-US"},{"@type":"Organization","@id":"https:\/\/www.lesjardinsdesaintehildegarde.com\/en\/#organization","name":"Les Jardins de Sainte-Hildegarde","url":"https:\/\/www.lesjardinsdesaintehildegarde.com\/en\/","logo":{"@type":"ImageObject","inLanguage":"en-US","@id":"https:\/\/www.lesjardinsdesaintehildegarde.com\/en\/#\/schema\/logo\/image\/","url":"https:\/\/www.lesjardinsdesaintehildegarde.com\/wp-content\/uploads\/2022\/11\/logo-2022.png","contentUrl":"https:\/\/www.lesjardinsdesaintehildegarde.com\/wp-content\/uploads\/2022\/11\/logo-2022.png","width":365,"height":90,"caption":"Les Jardins de Sainte-Hildegarde"},"image":{"@id":"https:\/\/www.lesjardinsdesaintehildegarde.com\/en\/#\/schema\/logo\/image\/"}}]}},"_links":{"self":[{"href":"https:\/\/www.lesjardinsdesaintehildegarde.com\/en\/wp-json\/wp\/v2\/temoignage\/61043","targetHints":{"allow":["GET"]}}],"collection":[{"href":"https:\/\/www.lesjardinsdesaintehildegarde.com\/en\/wp-json\/wp\/v2\/temoignage"}],"about":[{"href":"https:\/\/www.lesjardinsdesaintehildegarde.com\/en\/wp-json\/wp\/v2\/types\/temoignage"}],"wp:attachment":[{"href":"https:\/\/www.lesjardinsdesaintehildegarde.com\/en\/wp-json\/wp\/v2\/media?parent=61043"}],"wp:term":[{"taxonomy":"type_trouble","embeddable":true,"href":"https:\/\/www.lesjardinsdesaintehildegarde.com\/en\/wp-json\/wp\/v2\/type_trouble?post=61043"},{"taxonomy":"type_produit","embeddable":true,"href":"https:\/\/www.lesjardinsdesaintehildegarde.com\/en\/wp-json\/wp\/v2\/type_produit?post=61043"}],"curies":[{"name":"wp","href":"https:\/\/api.w.org\/{rel}","templated":true}]}}

<p>Je suis heureuse de pouvoir vous témoigner de mon entière satisfaction au sujet de la lotion à la cendre de prunier.</p>
<p>Je perds mes cheveux depuis une dizaine d&#8217;année et aucun traitement n&#8217;a vraiment été efficace. Jusqu&#8217;à ce que je découvre cette lotion à la cendre de prunier.</p>
<p>Il s&#8217;en est suivi un arrêt très rapide de la chute de mes cheveux et une repousse dans le foulée. Cette lotion ne poisse pas mes cheveux et les rends même plus beaux, plus consistants.</p>
<p>En bref, je revis, en même temps que ma chevelure.</p>
<p>Merci Sainte Hildegarde, soyez bénie ainsi que ceux qui œuvrent à réaliser vos remèdes.</p>

<!-- This site is optimized with the Yoast SEO plugin v27.4 - https://yoast.com/product/yoast-seo-wordpress/ -->
<title>Mme Virginie T (76) - Les Jardins de Sainte-Hildegarde</title>
<meta name="robots" content="index, follow, max-snippet:-1, max-image-preview:large, max-video-preview:-1" />
<link rel="canonical" href="https://www.lesjardinsdesaintehildegarde.com/en/testimonies/t257-mme-virginie-t-76/" />
<meta property="og:locale" content="en_US" />
<meta property="og:type" content="article" />
<meta property="og:title" content="Mme Virginie T (76) - Les Jardins de Sainte-Hildegarde" />
<meta property="og:description" content="Je suis heureuse de pouvoir vous témoigner de mon entière satisfaction au sujet de la lotion à la cendre de prunier. Je perds mes cheveux depuis une dizaine d&#8217;année et aucun traitement n&#8217;a vraiment été efficace. Jusqu&#8217;à ce que je découvre cette lotion à la cendre de prunier. Il s&#8217;en est suivi un arrêt très [&hellip;]" />
<meta property="og:url" content="https://www.lesjardinsdesaintehildegarde.com/en/testimonies/t257-mme-virginie-t-76/" />
<meta property="og:site_name" content="Les Jardins de Sainte-Hildegarde" />
<meta property="article:modified_time" content="2023-05-09T14:41:49+00:00" />
<meta name="twitter:card" content="summary_large_image" />
<meta name="twitter:label1" content="Est. reading time" />
	<meta name="twitter:data1" content="1 minute" />
<script type="application/ld+json" class="yoast-schema-graph">{"@context":"https:\/\/schema.org","@graph":[{"@type":"WebPage","@id":"https:\/\/www.lesjardinsdesaintehildegarde.com\/en\/testimonies\/t257-mme-virginie-t-76\/","url":"https:\/\/www.lesjardinsdesaintehildegarde.com\/en\/testimonies\/t257-mme-virginie-t-76\/","name":"Mme Virginie T (76) - Les Jardins de Sainte-Hildegarde","isPartOf":{"@id":"https:\/\/www.lesjardinsdesaintehildegarde.com\/en\/#website"},"datePublished":"2021-03-02T15:41:10+00:00","dateModified":"2023-05-09T14:41:49+00:00","breadcrumb":{"@id":"https:\/\/www.lesjardinsdesaintehildegarde.com\/en\/testimonies\/t257-mme-virginie-t-76\/#breadcrumb"},"inLanguage":"en-US","potentialAction":[{"@type":"ReadAction","target":["https:\/\/www.lesjardinsdesaintehildegarde.com\/en\/testimonies\/t257-mme-virginie-t-76\/"]}]},{"@type":"BreadcrumbList","@id":"https:\/\/www.lesjardinsdesaintehildegarde.com\/en\/testimonies\/t257-mme-virginie-t-76\/#breadcrumb","itemListElement":[{"@type":"ListItem","position":1,"name":"Home","item":"https:\/\/www.lesjardinsdesaintehildegarde.com\/en\/"},{"@type":"ListItem","position":2,"name":"Testimonies","item":"https:\/\/www.lesjardinsdesaintehildegarde.com\/en\/testimonies\/"},{"@type":"ListItem","position":3,"name":"Mme Virginie T (76)"}]},{"@type":"WebSite","@id":"https:\/\/www.lesjardinsdesaintehildegarde.com\/en\/#website","url":"https:\/\/www.lesjardinsdesaintehildegarde.com\/en\/","name":"Les Jardins de Sainte-Hildegarde","description":"Viriditas","publisher":{"@id":"https:\/\/www.lesjardinsdesaintehildegarde.com\/en\/#organization"},"potentialAction":[{"@type":"SearchAction","target":{"@type":"EntryPoint","urlTemplate":"https:\/\/www.lesjardinsdesaintehildegarde.com\/en\/?s={search_term_string}"},"query-input":{"@type":"PropertyValueSpecification","valueRequired":true,"valueName":"search_term_string"}}],"inLanguage":"en-US"},{"@type":"Organization","@id":"https:\/\/www.lesjardinsdesaintehildegarde.com\/en\/#organization","name":"Les Jardins de Sainte-Hildegarde","url":"https:\/\/www.lesjardinsdesaintehildegarde.com\/en\/","logo":{"@type":"ImageObject","inLanguage":"en-US","@id":"https:\/\/www.lesjardinsdesaintehildegarde.com\/en\/#\/schema\/logo\/image\/","url":"https:\/\/www.lesjardinsdesaintehildegarde.com\/wp-content\/uploads\/2022\/11\/logo-2022.png","contentUrl":"https:\/\/www.lesjardinsdesaintehildegarde.com\/wp-content\/uploads\/2022\/11\/logo-2022.png","width":365,"height":90,"caption":"Les Jardins de Sainte-Hildegarde"},"image":{"@id":"https:\/\/www.lesjardinsdesaintehildegarde.com\/en\/#\/schema\/logo\/image\/"}}]}</script>
<!-- / Yoast SEO plugin. -->

Je suis heureuse de pouvoir vous témoigner de mon entière satisfaction au sujet de la lotion à la cendre de prunier. Je perds mes cheveux depuis une dizaine d&#8217;année et aucun traitement n&#8217;a vraiment été efficace. Jusqu&#8217;à ce que je découvre cette lotion à la cendre de prunier. Il s&#8217;en est suivi un arrêt très [&hellip;]
