{"id":68771,"date":"2023-08-01T09:44:11","date_gmt":"2023-08-01T07:44:11","guid":{"rendered":"https:\/\/www.lesjardinsdesaintehildegarde.com\/?post_type=temoignage&#038;p=68771"},"modified":"2023-08-01T11:14:54","modified_gmt":"2023-08-01T09:14:54","slug":"t297-mme-cecile-t-56","status":"publish","type":"temoignage","link":"https:\/\/www.lesjardinsdesaintehildegarde.com\/en\/testimonies\/t297-mme-cecile-t-56\/","title":{"rendered":"Mme C\u00e9cile T. (56)"},"content":{"rendered":"<p class=\"xmsonormal\">Je tiens \u00e0 vous remercier pour vos pr\u00e9cieux conseils, j\u2019ai \u00e9t\u00e9 presque totalement gu\u00e9rie d\u2019une sigmo\u00efdite qui durait depuis 2 ans, tr\u00e8s douloureuse, avec des crises de diverticulite qui n\u00e9cessitaient la prise d\u2019antibio tous les 3\/4 mois + 3 chirurgies \u00e0 seulement 39 ans.<\/p>\n<p class=\"xmsonormal\">D\u00e9sormais j\u2019emm\u00e8ne les grains partout avec moi en cas de crise, je parle des grains de grand \u00e9peautre, \u00e0 mastiquer longuement en mode \u00ab th\u00e9rapeutique \u00bb. L\u2019\u00e9peautre a soign\u00e9 les douleurs et r\u00e9gul\u00e9 mon transit de fa\u00e7on durable alors que j\u2019\u00e9tais sur le point de supplier le chirurgien de m\u2019enlever ce bout d\u2019intestin ab\u00eem\u00e9.<\/p>\n<p class=\"xmsonormal\">La cure prolong\u00e9e pendant plusieurs mois a fait dispara\u00eetre les douleurs et les crises!<\/p>\n<p class=\"xmsonormal\">\u00a0D\u2019ailleurs ce sont les t\u00e9moignages sur le site qui m\u2019avaient encourag\u00e9e \u00e0 \u00e9crire \u00e0 Marie France et \u00e0 pers\u00e9v\u00e9rer avec l\u2019\u00e9peautre qui dormait depuis des mois dans mon placard!!!<\/p>\n<p class=\"xmsonormal\">Merci sainte Hildegarde!<\/p>\n<p>&nbsp;<\/p>\n<p>&nbsp;<\/p>\n","protected":false},"featured_media":0,"template":"","type_trouble":[367,623,626,383,624,625],"type_produit":[471],"class_list":["post-68771","temoignage","type-temoignage","status-publish","hentry","type_trouble-digestion","type_trouble-diverticulites","type_trouble-douleurs","type_trouble-intestins","type_trouble-sigmoidite","type_trouble-transit-intestinal","type_produit-epeautre"],"acf":[],"yoast_head":"<!-- This site is optimized with the Yoast SEO plugin v27.4 - https:\/\/yoast.com\/product\/yoast-seo-wordpress\/ -->\n<title>Mme C\u00e9cile T. (56) - Les Jardins de Sainte-Hildegarde<\/title>\n<meta name=\"robots\" content=\"index, follow, max-snippet:-1, max-image-preview:large, max-video-preview:-1\" \/>\n<link rel=\"canonical\" href=\"https:\/\/www.lesjardinsdesaintehildegarde.com\/en\/testimonies\/t297-mme-cecile-t-56\/\" \/>\n<meta property=\"og:locale\" content=\"en_US\" \/>\n<meta property=\"og:type\" content=\"article\" \/>\n<meta property=\"og:title\" content=\"Mme C\u00e9cile T. (56) - Les Jardins de Sainte-Hildegarde\" \/>\n<meta property=\"og:description\" content=\"Je tiens \u00e0 vous remercier pour vos pr\u00e9cieux conseils, j\u2019ai \u00e9t\u00e9 presque totalement gu\u00e9rie d\u2019une sigmo\u00efdite qui durait depuis 2 ans, tr\u00e8s douloureuse, avec des crises de diverticulite qui n\u00e9cessitaient la prise d\u2019antibio tous les 3\/4 mois + 3 chirurgies \u00e0 seulement 39 ans. D\u00e9sormais j\u2019emm\u00e8ne les grains partout avec moi en cas de crise, [&hellip;]\" \/>\n<meta property=\"og:url\" content=\"https:\/\/www.lesjardinsdesaintehildegarde.com\/en\/testimonies\/t297-mme-cecile-t-56\/\" \/>\n<meta property=\"og:site_name\" content=\"Les Jardins de Sainte-Hildegarde\" \/>\n<meta property=\"article:modified_time\" content=\"2023-08-01T09:14:54+00:00\" \/>\n<meta name=\"twitter:card\" content=\"summary_large_image\" \/>\n<meta name=\"twitter:label1\" content=\"Est. reading time\" \/>\n\t<meta name=\"twitter:data1\" content=\"1 minute\" \/>\n<script type=\"application\/ld+json\" class=\"yoast-schema-graph\">{\"@context\":\"https:\\\/\\\/schema.org\",\"@graph\":[{\"@type\":\"WebPage\",\"@id\":\"https:\\\/\\\/www.lesjardinsdesaintehildegarde.com\\\/en\\\/testimonies\\\/t297-mme-cecile-t-56\\\/\",\"url\":\"https:\\\/\\\/www.lesjardinsdesaintehildegarde.com\\\/en\\\/testimonies\\\/t297-mme-cecile-t-56\\\/\",\"name\":\"Mme C\u00e9cile T. (56) - Les Jardins de Sainte-Hildegarde\",\"isPartOf\":{\"@id\":\"https:\\\/\\\/www.lesjardinsdesaintehildegarde.com\\\/en\\\/#website\"},\"datePublished\":\"2023-08-01T07:44:11+00:00\",\"dateModified\":\"2023-08-01T09:14:54+00:00\",\"breadcrumb\":{\"@id\":\"https:\\\/\\\/www.lesjardinsdesaintehildegarde.com\\\/en\\\/testimonies\\\/t297-mme-cecile-t-56\\\/#breadcrumb\"},\"inLanguage\":\"en-US\",\"potentialAction\":[{\"@type\":\"ReadAction\",\"target\":[\"https:\\\/\\\/www.lesjardinsdesaintehildegarde.com\\\/en\\\/testimonies\\\/t297-mme-cecile-t-56\\\/\"]}]},{\"@type\":\"BreadcrumbList\",\"@id\":\"https:\\\/\\\/www.lesjardinsdesaintehildegarde.com\\\/en\\\/testimonies\\\/t297-mme-cecile-t-56\\\/#breadcrumb\",\"itemListElement\":[{\"@type\":\"ListItem\",\"position\":1,\"name\":\"Home\",\"item\":\"https:\\\/\\\/www.lesjardinsdesaintehildegarde.com\\\/en\\\/\"},{\"@type\":\"ListItem\",\"position\":2,\"name\":\"Testimonies\",\"item\":\"https:\\\/\\\/www.lesjardinsdesaintehildegarde.com\\\/en\\\/testimonies\\\/\"},{\"@type\":\"ListItem\",\"position\":3,\"name\":\"Mme C\u00e9cile T. (56)\"}]},{\"@type\":\"WebSite\",\"@id\":\"https:\\\/\\\/www.lesjardinsdesaintehildegarde.com\\\/en\\\/#website\",\"url\":\"https:\\\/\\\/www.lesjardinsdesaintehildegarde.com\\\/en\\\/\",\"name\":\"Les Jardins de Sainte-Hildegarde\",\"description\":\"Viriditas\",\"publisher\":{\"@id\":\"https:\\\/\\\/www.lesjardinsdesaintehildegarde.com\\\/en\\\/#organization\"},\"potentialAction\":[{\"@type\":\"SearchAction\",\"target\":{\"@type\":\"EntryPoint\",\"urlTemplate\":\"https:\\\/\\\/www.lesjardinsdesaintehildegarde.com\\\/en\\\/?s={search_term_string}\"},\"query-input\":{\"@type\":\"PropertyValueSpecification\",\"valueRequired\":true,\"valueName\":\"search_term_string\"}}],\"inLanguage\":\"en-US\"},{\"@type\":\"Organization\",\"@id\":\"https:\\\/\\\/www.lesjardinsdesaintehildegarde.com\\\/en\\\/#organization\",\"name\":\"Les Jardins de Sainte-Hildegarde\",\"url\":\"https:\\\/\\\/www.lesjardinsdesaintehildegarde.com\\\/en\\\/\",\"logo\":{\"@type\":\"ImageObject\",\"inLanguage\":\"en-US\",\"@id\":\"https:\\\/\\\/www.lesjardinsdesaintehildegarde.com\\\/en\\\/#\\\/schema\\\/logo\\\/image\\\/\",\"url\":\"https:\\\/\\\/www.lesjardinsdesaintehildegarde.com\\\/wp-content\\\/uploads\\\/2022\\\/11\\\/logo-2022.png\",\"contentUrl\":\"https:\\\/\\\/www.lesjardinsdesaintehildegarde.com\\\/wp-content\\\/uploads\\\/2022\\\/11\\\/logo-2022.png\",\"width\":365,\"height\":90,\"caption\":\"Les Jardins de Sainte-Hildegarde\"},\"image\":{\"@id\":\"https:\\\/\\\/www.lesjardinsdesaintehildegarde.com\\\/en\\\/#\\\/schema\\\/logo\\\/image\\\/\"}}]}<\/script>\n<!-- \/ Yoast SEO plugin. -->","yoast_head_json":{"title":"Mme C\u00e9cile T. (56) - Les Jardins de Sainte-Hildegarde","robots":{"index":"index","follow":"follow","max-snippet":"max-snippet:-1","max-image-preview":"max-image-preview:large","max-video-preview":"max-video-preview:-1"},"canonical":"https:\/\/www.lesjardinsdesaintehildegarde.com\/en\/testimonies\/t297-mme-cecile-t-56\/","og_locale":"en_US","og_type":"article","og_title":"Mme C\u00e9cile T. (56) - Les Jardins de Sainte-Hildegarde","og_description":"Je tiens \u00e0 vous remercier pour vos pr\u00e9cieux conseils, j\u2019ai \u00e9t\u00e9 presque totalement gu\u00e9rie d\u2019une sigmo\u00efdite qui durait depuis 2 ans, tr\u00e8s douloureuse, avec des crises de diverticulite qui n\u00e9cessitaient la prise d\u2019antibio tous les 3\/4 mois + 3 chirurgies \u00e0 seulement 39 ans. D\u00e9sormais j\u2019emm\u00e8ne les grains partout avec moi en cas de crise, [&hellip;]","og_url":"https:\/\/www.lesjardinsdesaintehildegarde.com\/en\/testimonies\/t297-mme-cecile-t-56\/","og_site_name":"Les Jardins de Sainte-Hildegarde","article_modified_time":"2023-08-01T09:14:54+00:00","twitter_card":"summary_large_image","twitter_misc":{"Est. reading time":"1 minute"},"schema":{"@context":"https:\/\/schema.org","@graph":[{"@type":"WebPage","@id":"https:\/\/www.lesjardinsdesaintehildegarde.com\/en\/testimonies\/t297-mme-cecile-t-56\/","url":"https:\/\/www.lesjardinsdesaintehildegarde.com\/en\/testimonies\/t297-mme-cecile-t-56\/","name":"Mme C\u00e9cile T. (56) - Les Jardins de Sainte-Hildegarde","isPartOf":{"@id":"https:\/\/www.lesjardinsdesaintehildegarde.com\/en\/#website"},"datePublished":"2023-08-01T07:44:11+00:00","dateModified":"2023-08-01T09:14:54+00:00","breadcrumb":{"@id":"https:\/\/www.lesjardinsdesaintehildegarde.com\/en\/testimonies\/t297-mme-cecile-t-56\/#breadcrumb"},"inLanguage":"en-US","potentialAction":[{"@type":"ReadAction","target":["https:\/\/www.lesjardinsdesaintehildegarde.com\/en\/testimonies\/t297-mme-cecile-t-56\/"]}]},{"@type":"BreadcrumbList","@id":"https:\/\/www.lesjardinsdesaintehildegarde.com\/en\/testimonies\/t297-mme-cecile-t-56\/#breadcrumb","itemListElement":[{"@type":"ListItem","position":1,"name":"Home","item":"https:\/\/www.lesjardinsdesaintehildegarde.com\/en\/"},{"@type":"ListItem","position":2,"name":"Testimonies","item":"https:\/\/www.lesjardinsdesaintehildegarde.com\/en\/testimonies\/"},{"@type":"ListItem","position":3,"name":"Mme C\u00e9cile T. (56)"}]},{"@type":"WebSite","@id":"https:\/\/www.lesjardinsdesaintehildegarde.com\/en\/#website","url":"https:\/\/www.lesjardinsdesaintehildegarde.com\/en\/","name":"Les Jardins de Sainte-Hildegarde","description":"Viriditas","publisher":{"@id":"https:\/\/www.lesjardinsdesaintehildegarde.com\/en\/#organization"},"potentialAction":[{"@type":"SearchAction","target":{"@type":"EntryPoint","urlTemplate":"https:\/\/www.lesjardinsdesaintehildegarde.com\/en\/?s={search_term_string}"},"query-input":{"@type":"PropertyValueSpecification","valueRequired":true,"valueName":"search_term_string"}}],"inLanguage":"en-US"},{"@type":"Organization","@id":"https:\/\/www.lesjardinsdesaintehildegarde.com\/en\/#organization","name":"Les Jardins de Sainte-Hildegarde","url":"https:\/\/www.lesjardinsdesaintehildegarde.com\/en\/","logo":{"@type":"ImageObject","inLanguage":"en-US","@id":"https:\/\/www.lesjardinsdesaintehildegarde.com\/en\/#\/schema\/logo\/image\/","url":"https:\/\/www.lesjardinsdesaintehildegarde.com\/wp-content\/uploads\/2022\/11\/logo-2022.png","contentUrl":"https:\/\/www.lesjardinsdesaintehildegarde.com\/wp-content\/uploads\/2022\/11\/logo-2022.png","width":365,"height":90,"caption":"Les Jardins de Sainte-Hildegarde"},"image":{"@id":"https:\/\/www.lesjardinsdesaintehildegarde.com\/en\/#\/schema\/logo\/image\/"}}]}},"_links":{"self":[{"href":"https:\/\/www.lesjardinsdesaintehildegarde.com\/en\/wp-json\/wp\/v2\/temoignage\/68771","targetHints":{"allow":["GET"]}}],"collection":[{"href":"https:\/\/www.lesjardinsdesaintehildegarde.com\/en\/wp-json\/wp\/v2\/temoignage"}],"about":[{"href":"https:\/\/www.lesjardinsdesaintehildegarde.com\/en\/wp-json\/wp\/v2\/types\/temoignage"}],"wp:attachment":[{"href":"https:\/\/www.lesjardinsdesaintehildegarde.com\/en\/wp-json\/wp\/v2\/media?parent=68771"}],"wp:term":[{"taxonomy":"type_trouble","embeddable":true,"href":"https:\/\/www.lesjardinsdesaintehildegarde.com\/en\/wp-json\/wp\/v2\/type_trouble?post=68771"},{"taxonomy":"type_produit","embeddable":true,"href":"https:\/\/www.lesjardinsdesaintehildegarde.com\/en\/wp-json\/wp\/v2\/type_produit?post=68771"}],"curies":[{"name":"wp","href":"https:\/\/api.w.org\/{rel}","templated":true}]}}

Mme Cécile T. (56)

<p class="xmsonormal">Je tiens à vous remercier pour vos précieux conseils, j’ai été presque totalement guérie d’une sigmoïdite qui durait depuis 2 ans, très douloureuse, avec des crises de diverticulite qui nécessitaient la prise d’antibio tous les 3/4 mois + 3 chirurgies à seulement 39 ans.</p>
<p class="xmsonormal">Désormais j’emmène les grains partout avec moi en cas de crise, je parle des grains de grand épeautre, à mastiquer longuement en mode « thérapeutique ». L’épeautre a soigné les douleurs et régulé mon transit de façon durable alors que j’étais sur le point de supplier le chirurgien de m’enlever ce bout d’intestin abîmé.</p>
<p class="xmsonormal">La cure prolongée pendant plusieurs mois a fait disparaître les douleurs et les crises!</p>
<p class="xmsonormal"> D’ailleurs ce sont les témoignages sur le site qui m’avaient encouragée à écrire à Marie France et à persévérer avec l’épeautre qui dormait depuis des mois dans mon placard!!!</p>
<p class="xmsonormal">Merci sainte Hildegarde!</p>
<p>&nbsp;</p>
<p>&nbsp;</p>

<!-- This site is optimized with the Yoast SEO plugin v27.4 - https://yoast.com/product/yoast-seo-wordpress/ -->
<title>Mme Cécile T. (56) - Les Jardins de Sainte-Hildegarde</title>
<meta name="robots" content="index, follow, max-snippet:-1, max-image-preview:large, max-video-preview:-1" />
<link rel="canonical" href="https://www.lesjardinsdesaintehildegarde.com/en/testimonies/t297-mme-cecile-t-56/" />
<meta property="og:locale" content="en_US" />
<meta property="og:type" content="article" />
<meta property="og:title" content="Mme Cécile T. (56) - Les Jardins de Sainte-Hildegarde" />
<meta property="og:description" content="Je tiens à vous remercier pour vos précieux conseils, j’ai été presque totalement guérie d’une sigmoïdite qui durait depuis 2 ans, très douloureuse, avec des crises de diverticulite qui nécessitaient la prise d’antibio tous les 3/4 mois + 3 chirurgies à seulement 39 ans. Désormais j’emmène les grains partout avec moi en cas de crise, [&hellip;]" />
<meta property="og:url" content="https://www.lesjardinsdesaintehildegarde.com/en/testimonies/t297-mme-cecile-t-56/" />
<meta property="og:site_name" content="Les Jardins de Sainte-Hildegarde" />
<meta property="article:modified_time" content="2023-08-01T09:14:54+00:00" />
<meta name="twitter:card" content="summary_large_image" />
<meta name="twitter:label1" content="Est. reading time" />
	<meta name="twitter:data1" content="1 minute" />
<script type="application/ld+json" class="yoast-schema-graph">{"@context":"https:\/\/schema.org","@graph":[{"@type":"WebPage","@id":"https:\/\/www.lesjardinsdesaintehildegarde.com\/en\/testimonies\/t297-mme-cecile-t-56\/","url":"https:\/\/www.lesjardinsdesaintehildegarde.com\/en\/testimonies\/t297-mme-cecile-t-56\/","name":"Mme Cécile T. (56) - Les Jardins de Sainte-Hildegarde","isPartOf":{"@id":"https:\/\/www.lesjardinsdesaintehildegarde.com\/en\/#website"},"datePublished":"2023-08-01T07:44:11+00:00","dateModified":"2023-08-01T09:14:54+00:00","breadcrumb":{"@id":"https:\/\/www.lesjardinsdesaintehildegarde.com\/en\/testimonies\/t297-mme-cecile-t-56\/#breadcrumb"},"inLanguage":"en-US","potentialAction":[{"@type":"ReadAction","target":["https:\/\/www.lesjardinsdesaintehildegarde.com\/en\/testimonies\/t297-mme-cecile-t-56\/"]}]},{"@type":"BreadcrumbList","@id":"https:\/\/www.lesjardinsdesaintehildegarde.com\/en\/testimonies\/t297-mme-cecile-t-56\/#breadcrumb","itemListElement":[{"@type":"ListItem","position":1,"name":"Home","item":"https:\/\/www.lesjardinsdesaintehildegarde.com\/en\/"},{"@type":"ListItem","position":2,"name":"Testimonies","item":"https:\/\/www.lesjardinsdesaintehildegarde.com\/en\/testimonies\/"},{"@type":"ListItem","position":3,"name":"Mme Cécile T. (56)"}]},{"@type":"WebSite","@id":"https:\/\/www.lesjardinsdesaintehildegarde.com\/en\/#website","url":"https:\/\/www.lesjardinsdesaintehildegarde.com\/en\/","name":"Les Jardins de Sainte-Hildegarde","description":"Viriditas","publisher":{"@id":"https:\/\/www.lesjardinsdesaintehildegarde.com\/en\/#organization"},"potentialAction":[{"@type":"SearchAction","target":{"@type":"EntryPoint","urlTemplate":"https:\/\/www.lesjardinsdesaintehildegarde.com\/en\/?s={search_term_string}"},"query-input":{"@type":"PropertyValueSpecification","valueRequired":true,"valueName":"search_term_string"}}],"inLanguage":"en-US"},{"@type":"Organization","@id":"https:\/\/www.lesjardinsdesaintehildegarde.com\/en\/#organization","name":"Les Jardins de Sainte-Hildegarde","url":"https:\/\/www.lesjardinsdesaintehildegarde.com\/en\/","logo":{"@type":"ImageObject","inLanguage":"en-US","@id":"https:\/\/www.lesjardinsdesaintehildegarde.com\/en\/#\/schema\/logo\/image\/","url":"https:\/\/www.lesjardinsdesaintehildegarde.com\/wp-content\/uploads\/2022\/11\/logo-2022.png","contentUrl":"https:\/\/www.lesjardinsdesaintehildegarde.com\/wp-content\/uploads\/2022\/11\/logo-2022.png","width":365,"height":90,"caption":"Les Jardins de Sainte-Hildegarde"},"image":{"@id":"https:\/\/www.lesjardinsdesaintehildegarde.com\/en\/#\/schema\/logo\/image\/"}}]}</script>
<!-- / Yoast SEO plugin. -->

Mme Cécile T. (56) - Les Jardins de Sainte-Hildegarde

Je tiens à vous remercier pour vos précieux conseils, j’ai été presque totalement guérie d’une sigmoïdite qui durait depuis 2 ans, très douloureuse, avec des crises de diverticulite qui nécessitaient la prise d’antibio tous les 3/4 mois + 3 chirurgies à seulement 39 ans. Désormais j’emmène les grains partout avec moi en cas de crise, [&hellip;]
