{"id":10290,"date":"2022-11-04T08:31:41","date_gmt":"2022-11-04T07:31:41","guid":{"rendered":"https:\/\/www.lesjardinsdesaintehildegarde.com\/recettes\/poires-au-vin-et-aux-epices-de-ste-hildegarde\/"},"modified":"2023-07-07T10:14:26","modified_gmt":"2023-07-07T08:14:26","slug":"poires-au-vin-et-aux-epices-de-ste-hildegarde","status":"publish","type":"recette","link":"https:\/\/www.lesjardinsdesaintehildegarde.com\/es\/recetas\/poires-au-vin-et-aux-epices-de-ste-hildegarde\/","title":{"rendered":"Poires au vin et aux \u00e9pices de Ste Hildegarde"},"content":{"rendered":"<p>Ingr\u00e9dients pour 4 personnes :<\/p>\n<ul>\n<li>4 poires<\/li>\n<li>\u00bd L de vin rouge<\/li>\n<li>1 cuill\u00e8re \u00e0 soupe d\u2019\u00e9pices douces de Ste Hildegarde<\/li>\n<li>4 cuill\u00e8res \u00e0 soupe de miel<\/li>\n<\/ul>\n<p>&nbsp;<\/p>\n<p>Eplucher les poires et les couper en deux dans le sens de la longueur puis enlever le c\u0153ur.<br \/>\nMettre les \u00e9pices dans une boule \u00e0 th\u00e9 ou un nouet.<br \/>\nFaire bouillir les \u00e9pices avec le vin et le miel.<br \/>\nA \u00e9bullition ajouter les poires et laisser fr\u00e9mir 4 \u00e0 5mn.<br \/>\nServir froid avec des biscuits de la joie<\/p>\n<p>Les \u00e9pices douces se pr\u00e9parent en infusion comme du th\u00e9 et peuvent \u00eatre prises \u00e0 toute heure du jour, chaudes ou froides, avec ou sans addition de th\u00e9, sucre ou lait.<\/p>\n","protected":false},"featured_media":0,"comment_status":"open","ping_status":"closed","template":"","categorie_recette":[28],"class_list":["post-10290","recette","type-recette","status-publish","hentry","categorie_recette-desserts"],"acf":[],"yoast_head":"<!-- This site is optimized with the Yoast SEO plugin v27.4 - https:\/\/yoast.com\/product\/yoast-seo-wordpress\/ -->\n<title>Poires au vin et aux \u00e9pices de Ste Hildegarde - Les Jardins de Sainte-Hildegarde<\/title>\n<meta name=\"robots\" content=\"index, follow, max-snippet:-1, max-image-preview:large, max-video-preview:-1\" \/>\n<link rel=\"canonical\" href=\"https:\/\/www.lesjardinsdesaintehildegarde.com\/es\/recetas\/poires-au-vin-et-aux-epices-de-ste-hildegarde\/\" \/>\n<meta property=\"og:locale\" content=\"es_ES\" \/>\n<meta property=\"og:type\" content=\"article\" \/>\n<meta property=\"og:title\" content=\"Poires au vin et aux \u00e9pices de Ste Hildegarde - Les Jardins de Sainte-Hildegarde\" \/>\n<meta property=\"og:description\" content=\"Ingr\u00e9dients pour 4 personnes : 4 poires \u00bd L de vin rouge 1 cuill\u00e8re \u00e0 soupe d\u2019\u00e9pices douces de Ste Hildegarde 4 cuill\u00e8res \u00e0 soupe de miel &nbsp; Eplucher les poires et les couper en deux dans le sens de la longueur puis enlever le c\u0153ur. Mettre les \u00e9pices dans une boule \u00e0 th\u00e9 ou [&hellip;]\" \/>\n<meta property=\"og:url\" content=\"https:\/\/www.lesjardinsdesaintehildegarde.com\/es\/recetas\/poires-au-vin-et-aux-epices-de-ste-hildegarde\/\" \/>\n<meta property=\"og:site_name\" content=\"Les Jardins de Sainte-Hildegarde\" \/>\n<meta property=\"article:modified_time\" content=\"2023-07-07T08:14:26+00:00\" \/>\n<meta name=\"twitter:card\" content=\"summary_large_image\" \/>\n<meta name=\"twitter:label1\" content=\"Tiempo de lectura\" \/>\n\t<meta name=\"twitter:data1\" content=\"1 minuto\" \/>\n<script type=\"application\/ld+json\" class=\"yoast-schema-graph\">{\"@context\":\"https:\\\/\\\/schema.org\",\"@graph\":[{\"@type\":\"WebPage\",\"@id\":\"https:\\\/\\\/www.lesjardinsdesaintehildegarde.com\\\/es\\\/recetas\\\/poires-au-vin-et-aux-epices-de-ste-hildegarde\\\/\",\"url\":\"https:\\\/\\\/www.lesjardinsdesaintehildegarde.com\\\/es\\\/recetas\\\/poires-au-vin-et-aux-epices-de-ste-hildegarde\\\/\",\"name\":\"Poires au vin et aux \u00e9pices de Ste Hildegarde - Les Jardins de Sainte-Hildegarde\",\"isPartOf\":{\"@id\":\"https:\\\/\\\/www.lesjardinsdesaintehildegarde.com\\\/es\\\/#website\"},\"datePublished\":\"2022-11-04T07:31:41+00:00\",\"dateModified\":\"2023-07-07T08:14:26+00:00\",\"breadcrumb\":{\"@id\":\"https:\\\/\\\/www.lesjardinsdesaintehildegarde.com\\\/es\\\/recetas\\\/poires-au-vin-et-aux-epices-de-ste-hildegarde\\\/#breadcrumb\"},\"inLanguage\":\"es\",\"potentialAction\":[{\"@type\":\"ReadAction\",\"target\":[\"https:\\\/\\\/www.lesjardinsdesaintehildegarde.com\\\/es\\\/recetas\\\/poires-au-vin-et-aux-epices-de-ste-hildegarde\\\/\"]}]},{\"@type\":\"BreadcrumbList\",\"@id\":\"https:\\\/\\\/www.lesjardinsdesaintehildegarde.com\\\/es\\\/recetas\\\/poires-au-vin-et-aux-epices-de-ste-hildegarde\\\/#breadcrumb\",\"itemListElement\":[{\"@type\":\"ListItem\",\"position\":1,\"name\":\"Inicio\",\"item\":\"https:\\\/\\\/www.lesjardinsdesaintehildegarde.com\\\/es\\\/\"},{\"@type\":\"ListItem\",\"position\":2,\"name\":\"Recetas\",\"item\":\"https:\\\/\\\/www.lesjardinsdesaintehildegarde.com\\\/es\\\/recetas\\\/\"},{\"@type\":\"ListItem\",\"position\":3,\"name\":\"Poires au vin et aux \u00e9pices de Ste Hildegarde\"}]},{\"@type\":\"WebSite\",\"@id\":\"https:\\\/\\\/www.lesjardinsdesaintehildegarde.com\\\/es\\\/#website\",\"url\":\"https:\\\/\\\/www.lesjardinsdesaintehildegarde.com\\\/es\\\/\",\"name\":\"Les Jardins de Sainte-Hildegarde\",\"description\":\"Viriditas\",\"publisher\":{\"@id\":\"https:\\\/\\\/www.lesjardinsdesaintehildegarde.com\\\/es\\\/#organization\"},\"potentialAction\":[{\"@type\":\"SearchAction\",\"target\":{\"@type\":\"EntryPoint\",\"urlTemplate\":\"https:\\\/\\\/www.lesjardinsdesaintehildegarde.com\\\/es\\\/?s={search_term_string}\"},\"query-input\":{\"@type\":\"PropertyValueSpecification\",\"valueRequired\":true,\"valueName\":\"search_term_string\"}}],\"inLanguage\":\"es\"},{\"@type\":\"Organization\",\"@id\":\"https:\\\/\\\/www.lesjardinsdesaintehildegarde.com\\\/es\\\/#organization\",\"name\":\"Les Jardins de Sainte-Hildegarde\",\"url\":\"https:\\\/\\\/www.lesjardinsdesaintehildegarde.com\\\/es\\\/\",\"logo\":{\"@type\":\"ImageObject\",\"inLanguage\":\"es\",\"@id\":\"https:\\\/\\\/www.lesjardinsdesaintehildegarde.com\\\/es\\\/#\\\/schema\\\/logo\\\/image\\\/\",\"url\":\"https:\\\/\\\/www.lesjardinsdesaintehildegarde.com\\\/wp-content\\\/uploads\\\/2022\\\/11\\\/logo-2022.png\",\"contentUrl\":\"https:\\\/\\\/www.lesjardinsdesaintehildegarde.com\\\/wp-content\\\/uploads\\\/2022\\\/11\\\/logo-2022.png\",\"width\":365,\"height\":90,\"caption\":\"Les Jardins de Sainte-Hildegarde\"},\"image\":{\"@id\":\"https:\\\/\\\/www.lesjardinsdesaintehildegarde.com\\\/es\\\/#\\\/schema\\\/logo\\\/image\\\/\"}}]}<\/script>\n<!-- \/ Yoast SEO plugin. -->","yoast_head_json":{"title":"Poires au vin et aux \u00e9pices de Ste Hildegarde - Les Jardins de Sainte-Hildegarde","robots":{"index":"index","follow":"follow","max-snippet":"max-snippet:-1","max-image-preview":"max-image-preview:large","max-video-preview":"max-video-preview:-1"},"canonical":"https:\/\/www.lesjardinsdesaintehildegarde.com\/es\/recetas\/poires-au-vin-et-aux-epices-de-ste-hildegarde\/","og_locale":"es_ES","og_type":"article","og_title":"Poires au vin et aux \u00e9pices de Ste Hildegarde - Les Jardins de Sainte-Hildegarde","og_description":"Ingr\u00e9dients pour 4 personnes : 4 poires \u00bd L de vin rouge 1 cuill\u00e8re \u00e0 soupe d\u2019\u00e9pices douces de Ste Hildegarde 4 cuill\u00e8res \u00e0 soupe de miel &nbsp; Eplucher les poires et les couper en deux dans le sens de la longueur puis enlever le c\u0153ur. Mettre les \u00e9pices dans une boule \u00e0 th\u00e9 ou [&hellip;]","og_url":"https:\/\/www.lesjardinsdesaintehildegarde.com\/es\/recetas\/poires-au-vin-et-aux-epices-de-ste-hildegarde\/","og_site_name":"Les Jardins de Sainte-Hildegarde","article_modified_time":"2023-07-07T08:14:26+00:00","twitter_card":"summary_large_image","twitter_misc":{"Tiempo de lectura":"1 minuto"},"schema":{"@context":"https:\/\/schema.org","@graph":[{"@type":"WebPage","@id":"https:\/\/www.lesjardinsdesaintehildegarde.com\/es\/recetas\/poires-au-vin-et-aux-epices-de-ste-hildegarde\/","url":"https:\/\/www.lesjardinsdesaintehildegarde.com\/es\/recetas\/poires-au-vin-et-aux-epices-de-ste-hildegarde\/","name":"Poires au vin et aux \u00e9pices de Ste Hildegarde - Les Jardins de Sainte-Hildegarde","isPartOf":{"@id":"https:\/\/www.lesjardinsdesaintehildegarde.com\/es\/#website"},"datePublished":"2022-11-04T07:31:41+00:00","dateModified":"2023-07-07T08:14:26+00:00","breadcrumb":{"@id":"https:\/\/www.lesjardinsdesaintehildegarde.com\/es\/recetas\/poires-au-vin-et-aux-epices-de-ste-hildegarde\/#breadcrumb"},"inLanguage":"es","potentialAction":[{"@type":"ReadAction","target":["https:\/\/www.lesjardinsdesaintehildegarde.com\/es\/recetas\/poires-au-vin-et-aux-epices-de-ste-hildegarde\/"]}]},{"@type":"BreadcrumbList","@id":"https:\/\/www.lesjardinsdesaintehildegarde.com\/es\/recetas\/poires-au-vin-et-aux-epices-de-ste-hildegarde\/#breadcrumb","itemListElement":[{"@type":"ListItem","position":1,"name":"Inicio","item":"https:\/\/www.lesjardinsdesaintehildegarde.com\/es\/"},{"@type":"ListItem","position":2,"name":"Recetas","item":"https:\/\/www.lesjardinsdesaintehildegarde.com\/es\/recetas\/"},{"@type":"ListItem","position":3,"name":"Poires au vin et aux \u00e9pices de Ste Hildegarde"}]},{"@type":"WebSite","@id":"https:\/\/www.lesjardinsdesaintehildegarde.com\/es\/#website","url":"https:\/\/www.lesjardinsdesaintehildegarde.com\/es\/","name":"Les Jardins de Sainte-Hildegarde","description":"Viriditas","publisher":{"@id":"https:\/\/www.lesjardinsdesaintehildegarde.com\/es\/#organization"},"potentialAction":[{"@type":"SearchAction","target":{"@type":"EntryPoint","urlTemplate":"https:\/\/www.lesjardinsdesaintehildegarde.com\/es\/?s={search_term_string}"},"query-input":{"@type":"PropertyValueSpecification","valueRequired":true,"valueName":"search_term_string"}}],"inLanguage":"es"},{"@type":"Organization","@id":"https:\/\/www.lesjardinsdesaintehildegarde.com\/es\/#organization","name":"Les Jardins de Sainte-Hildegarde","url":"https:\/\/www.lesjardinsdesaintehildegarde.com\/es\/","logo":{"@type":"ImageObject","inLanguage":"es","@id":"https:\/\/www.lesjardinsdesaintehildegarde.com\/es\/#\/schema\/logo\/image\/","url":"https:\/\/www.lesjardinsdesaintehildegarde.com\/wp-content\/uploads\/2022\/11\/logo-2022.png","contentUrl":"https:\/\/www.lesjardinsdesaintehildegarde.com\/wp-content\/uploads\/2022\/11\/logo-2022.png","width":365,"height":90,"caption":"Les Jardins de Sainte-Hildegarde"},"image":{"@id":"https:\/\/www.lesjardinsdesaintehildegarde.com\/es\/#\/schema\/logo\/image\/"}}]}},"_links":{"self":[{"href":"https:\/\/www.lesjardinsdesaintehildegarde.com\/es\/wp-json\/wp\/v2\/recette\/10290","targetHints":{"allow":["GET"]}}],"collection":[{"href":"https:\/\/www.lesjardinsdesaintehildegarde.com\/es\/wp-json\/wp\/v2\/recette"}],"about":[{"href":"https:\/\/www.lesjardinsdesaintehildegarde.com\/es\/wp-json\/wp\/v2\/types\/recette"}],"replies":[{"embeddable":true,"href":"https:\/\/www.lesjardinsdesaintehildegarde.com\/es\/wp-json\/wp\/v2\/comments?post=10290"}],"wp:attachment":[{"href":"https:\/\/www.lesjardinsdesaintehildegarde.com\/es\/wp-json\/wp\/v2\/media?parent=10290"}],"wp:term":[{"taxonomy":"categorie_recette","embeddable":true,"href":"https:\/\/www.lesjardinsdesaintehildegarde.com\/es\/wp-json\/wp\/v2\/categorie_recette?post=10290"}],"curies":[{"name":"wp","href":"https:\/\/api.w.org\/{rel}","templated":true}]}}

Poires au vin et aux épices de Ste Hildegarde

<p>Ingrédients pour 4 personnes :</p>
<ul>
<li>4 poires</li>
<li>½ L de vin rouge</li>
<li>1 cuillère à soupe d’épices douces de Ste Hildegarde</li>
<li>4 cuillères à soupe de miel</li>
</ul>
<p>&nbsp;</p>
<p>Eplucher les poires et les couper en deux dans le sens de la longueur puis enlever le cœur.<br />
Mettre les épices dans une boule à thé ou un nouet.<br />
Faire bouillir les épices avec le vin et le miel.<br />
A ébullition ajouter les poires et laisser frémir 4 à 5mn.<br />
Servir froid avec des biscuits de la joie</p>
<p>Les épices douces se préparent en infusion comme du thé et peuvent être prises à toute heure du jour, chaudes ou froides, avec ou sans addition de thé, sucre ou lait.</p>

<!-- This site is optimized with the Yoast SEO plugin v27.4 - https://yoast.com/product/yoast-seo-wordpress/ -->
<title>Poires au vin et aux épices de Ste Hildegarde - Les Jardins de Sainte-Hildegarde</title>
<meta name="robots" content="index, follow, max-snippet:-1, max-image-preview:large, max-video-preview:-1" />
<link rel="canonical" href="https://www.lesjardinsdesaintehildegarde.com/es/recetas/poires-au-vin-et-aux-epices-de-ste-hildegarde/" />
<meta property="og:locale" content="es_ES" />
<meta property="og:type" content="article" />
<meta property="og:title" content="Poires au vin et aux épices de Ste Hildegarde - Les Jardins de Sainte-Hildegarde" />
<meta property="og:description" content="Ingrédients pour 4 personnes : 4 poires ½ L de vin rouge 1 cuillère à soupe d’épices douces de Ste Hildegarde 4 cuillères à soupe de miel &nbsp; Eplucher les poires et les couper en deux dans le sens de la longueur puis enlever le cœur. Mettre les épices dans une boule à thé ou [&hellip;]" />
<meta property="og:url" content="https://www.lesjardinsdesaintehildegarde.com/es/recetas/poires-au-vin-et-aux-epices-de-ste-hildegarde/" />
<meta property="og:site_name" content="Les Jardins de Sainte-Hildegarde" />
<meta property="article:modified_time" content="2023-07-07T08:14:26+00:00" />
<meta name="twitter:card" content="summary_large_image" />
<meta name="twitter:label1" content="Tiempo de lectura" />
	<meta name="twitter:data1" content="1 minuto" />
<script type="application/ld+json" class="yoast-schema-graph">{"@context":"https:\/\/schema.org","@graph":[{"@type":"WebPage","@id":"https:\/\/www.lesjardinsdesaintehildegarde.com\/es\/recetas\/poires-au-vin-et-aux-epices-de-ste-hildegarde\/","url":"https:\/\/www.lesjardinsdesaintehildegarde.com\/es\/recetas\/poires-au-vin-et-aux-epices-de-ste-hildegarde\/","name":"Poires au vin et aux épices de Ste Hildegarde - Les Jardins de Sainte-Hildegarde","isPartOf":{"@id":"https:\/\/www.lesjardinsdesaintehildegarde.com\/es\/#website"},"datePublished":"2022-11-04T07:31:41+00:00","dateModified":"2023-07-07T08:14:26+00:00","breadcrumb":{"@id":"https:\/\/www.lesjardinsdesaintehildegarde.com\/es\/recetas\/poires-au-vin-et-aux-epices-de-ste-hildegarde\/#breadcrumb"},"inLanguage":"es","potentialAction":[{"@type":"ReadAction","target":["https:\/\/www.lesjardinsdesaintehildegarde.com\/es\/recetas\/poires-au-vin-et-aux-epices-de-ste-hildegarde\/"]}]},{"@type":"BreadcrumbList","@id":"https:\/\/www.lesjardinsdesaintehildegarde.com\/es\/recetas\/poires-au-vin-et-aux-epices-de-ste-hildegarde\/#breadcrumb","itemListElement":[{"@type":"ListItem","position":1,"name":"Inicio","item":"https:\/\/www.lesjardinsdesaintehildegarde.com\/es\/"},{"@type":"ListItem","position":2,"name":"Recetas","item":"https:\/\/www.lesjardinsdesaintehildegarde.com\/es\/recetas\/"},{"@type":"ListItem","position":3,"name":"Poires au vin et aux épices de Ste Hildegarde"}]},{"@type":"WebSite","@id":"https:\/\/www.lesjardinsdesaintehildegarde.com\/es\/#website","url":"https:\/\/www.lesjardinsdesaintehildegarde.com\/es\/","name":"Les Jardins de Sainte-Hildegarde","description":"Viriditas","publisher":{"@id":"https:\/\/www.lesjardinsdesaintehildegarde.com\/es\/#organization"},"potentialAction":[{"@type":"SearchAction","target":{"@type":"EntryPoint","urlTemplate":"https:\/\/www.lesjardinsdesaintehildegarde.com\/es\/?s={search_term_string}"},"query-input":{"@type":"PropertyValueSpecification","valueRequired":true,"valueName":"search_term_string"}}],"inLanguage":"es"},{"@type":"Organization","@id":"https:\/\/www.lesjardinsdesaintehildegarde.com\/es\/#organization","name":"Les Jardins de Sainte-Hildegarde","url":"https:\/\/www.lesjardinsdesaintehildegarde.com\/es\/","logo":{"@type":"ImageObject","inLanguage":"es","@id":"https:\/\/www.lesjardinsdesaintehildegarde.com\/es\/#\/schema\/logo\/image\/","url":"https:\/\/www.lesjardinsdesaintehildegarde.com\/wp-content\/uploads\/2022\/11\/logo-2022.png","contentUrl":"https:\/\/www.lesjardinsdesaintehildegarde.com\/wp-content\/uploads\/2022\/11\/logo-2022.png","width":365,"height":90,"caption":"Les Jardins de Sainte-Hildegarde"},"image":{"@id":"https:\/\/www.lesjardinsdesaintehildegarde.com\/es\/#\/schema\/logo\/image\/"}}]}</script>
<!-- / Yoast SEO plugin. -->

Poires au vin et aux épices de Ste Hildegarde - Les Jardins de Sainte-Hildegarde

Ingrédients pour 4 personnes : 4 poires ½ L de vin rouge 1 cuillère à soupe d’épices douces de Ste Hildegarde 4 cuillères à soupe de miel &nbsp; Eplucher les poires et les couper en deux dans le sens de la longueur puis enlever le cœur. Mettre les épices dans une boule à thé ou [&hellip;]
