{"id":10735,"date":"2013-08-01T10:48:54","date_gmt":"2013-08-01T08:48:54","guid":{"rendered":"https:\/\/www.lesjardinsdesaintehildegarde.com\/temoignages\/t126-mme-antoinette-p-31-aout-2013\/"},"modified":"2023-04-28T15:47:47","modified_gmt":"2023-04-28T13:47:47","slug":"t184-mme-antoinette-p-31-aout-2013","status":"publish","type":"temoignage","link":"https:\/\/www.lesjardinsdesaintehildegarde.com\/es\/testimonios\/t184-mme-antoinette-p-31-aout-2013\/","title":{"rendered":"Mme Antoinette P (31)"},"content":{"rendered":"<p>Pour moi les comprim\u00e9s de fenouil-galanga sont d\u2019un effet miraculeux: j\u2019ai \u00e9t\u00e9 op\u00e9r\u00e9e il y a 4 ans d\u2019un rectoc\u00e8le et apr\u00e8s cette intervention j\u2019ai souffert terriblement du bas ventre, or les docteurs n\u2019en faisaient pas cas. Un gastro-ent\u00e9rologue m\u2019a recommand\u00e9 de prendre du d\u00e9bridat, du Lanzar et du motilium. Mon \u00e9tat gastro-intestinal \u00e9tait catastrophique, je dig\u00e9rais mal, j\u2019avais beaucoup de mal \u00e0 faire des renvois et surtout j\u2019avais tr\u00e8s mal \u00e0 l\u2019estomac, br\u00fblures, etc. D\u00e8s le momnet o\u00f9 j\u2019ai commenc\u00e9 \u00e0 prendre des comprim\u00e9s de fenouil galanga, je ne prends plus le d\u00e9bridat ni le motilium car je n\u2019ai plus mal au ventre or c\u2019\u00e9taient des douleurs \u00e0 me plier en deux. De plus je fais du pain \u00e0 l\u2019\u00e9peautre avec la farine et le levain des Jardins d\u2019Hildegarde, cela me parait aussi tr\u00e8s bien, je n\u2019ai plus de lourdeurs apr\u00e8s les repas.<\/p>\n","protected":false},"featured_media":0,"template":"","type_trouble":[367,370,419],"type_produit":[447,471],"class_list":["post-10735","temoignage","type-temoignage","status-publish","hentry","type_trouble-digestion","type_trouble-estomac","type_trouble-transit-intestinal-digestion-douleurs-aigreurs","type_produit-comprimes-fenouil-galanga","type_produit-epeautre"],"acf":[],"yoast_head":"<!-- This site is optimized with the Yoast SEO plugin v27.4 - https:\/\/yoast.com\/product\/yoast-seo-wordpress\/ -->\n<title>Mme Antoinette P (31) - Les Jardins de Sainte-Hildegarde<\/title>\n<meta name=\"robots\" content=\"index, follow, max-snippet:-1, max-image-preview:large, max-video-preview:-1\" \/>\n<link rel=\"canonical\" href=\"https:\/\/www.lesjardinsdesaintehildegarde.com\/es\/testimonios\/t184-mme-antoinette-p-31-aout-2013\/\" \/>\n<meta property=\"og:locale\" content=\"es_ES\" \/>\n<meta property=\"og:type\" content=\"article\" \/>\n<meta property=\"og:title\" content=\"Mme Antoinette P (31) - Les Jardins de Sainte-Hildegarde\" \/>\n<meta property=\"og:description\" content=\"Pour moi les comprim\u00e9s de fenouil-galanga sont d\u2019un effet miraculeux: j\u2019ai \u00e9t\u00e9 op\u00e9r\u00e9e il y a 4 ans d\u2019un rectoc\u00e8le et apr\u00e8s cette intervention j\u2019ai souffert terriblement du bas ventre, or les docteurs n\u2019en faisaient pas cas. Un gastro-ent\u00e9rologue m\u2019a recommand\u00e9 de prendre du d\u00e9bridat, du Lanzar et du motilium. Mon \u00e9tat gastro-intestinal \u00e9tait catastrophique, [&hellip;]\" \/>\n<meta property=\"og:url\" content=\"https:\/\/www.lesjardinsdesaintehildegarde.com\/es\/testimonios\/t184-mme-antoinette-p-31-aout-2013\/\" \/>\n<meta property=\"og:site_name\" content=\"Les Jardins de Sainte-Hildegarde\" \/>\n<meta property=\"article:modified_time\" content=\"2023-04-28T13:47:47+00:00\" \/>\n<meta name=\"twitter:card\" content=\"summary_large_image\" \/>\n<meta name=\"twitter:label1\" content=\"Tiempo de lectura\" \/>\n\t<meta name=\"twitter:data1\" content=\"1 minuto\" \/>\n<script type=\"application\/ld+json\" class=\"yoast-schema-graph\">{\"@context\":\"https:\\\/\\\/schema.org\",\"@graph\":[{\"@type\":\"WebPage\",\"@id\":\"https:\\\/\\\/www.lesjardinsdesaintehildegarde.com\\\/es\\\/testimonios\\\/t184-mme-antoinette-p-31-aout-2013\\\/\",\"url\":\"https:\\\/\\\/www.lesjardinsdesaintehildegarde.com\\\/es\\\/testimonios\\\/t184-mme-antoinette-p-31-aout-2013\\\/\",\"name\":\"Mme Antoinette P (31) - Les Jardins de Sainte-Hildegarde\",\"isPartOf\":{\"@id\":\"https:\\\/\\\/www.lesjardinsdesaintehildegarde.com\\\/es\\\/#website\"},\"datePublished\":\"2013-08-01T08:48:54+00:00\",\"dateModified\":\"2023-04-28T13:47:47+00:00\",\"breadcrumb\":{\"@id\":\"https:\\\/\\\/www.lesjardinsdesaintehildegarde.com\\\/es\\\/testimonios\\\/t184-mme-antoinette-p-31-aout-2013\\\/#breadcrumb\"},\"inLanguage\":\"es\",\"potentialAction\":[{\"@type\":\"ReadAction\",\"target\":[\"https:\\\/\\\/www.lesjardinsdesaintehildegarde.com\\\/es\\\/testimonios\\\/t184-mme-antoinette-p-31-aout-2013\\\/\"]}]},{\"@type\":\"BreadcrumbList\",\"@id\":\"https:\\\/\\\/www.lesjardinsdesaintehildegarde.com\\\/es\\\/testimonios\\\/t184-mme-antoinette-p-31-aout-2013\\\/#breadcrumb\",\"itemListElement\":[{\"@type\":\"ListItem\",\"position\":1,\"name\":\"Inicio\",\"item\":\"https:\\\/\\\/www.lesjardinsdesaintehildegarde.com\\\/es\\\/\"},{\"@type\":\"ListItem\",\"position\":2,\"name\":\"Testimonios\",\"item\":\"https:\\\/\\\/www.lesjardinsdesaintehildegarde.com\\\/es\\\/testimonios\\\/\"},{\"@type\":\"ListItem\",\"position\":3,\"name\":\"Mme Antoinette P (31)\"}]},{\"@type\":\"WebSite\",\"@id\":\"https:\\\/\\\/www.lesjardinsdesaintehildegarde.com\\\/es\\\/#website\",\"url\":\"https:\\\/\\\/www.lesjardinsdesaintehildegarde.com\\\/es\\\/\",\"name\":\"Les Jardins de Sainte-Hildegarde\",\"description\":\"Viriditas\",\"publisher\":{\"@id\":\"https:\\\/\\\/www.lesjardinsdesaintehildegarde.com\\\/es\\\/#organization\"},\"potentialAction\":[{\"@type\":\"SearchAction\",\"target\":{\"@type\":\"EntryPoint\",\"urlTemplate\":\"https:\\\/\\\/www.lesjardinsdesaintehildegarde.com\\\/es\\\/?s={search_term_string}\"},\"query-input\":{\"@type\":\"PropertyValueSpecification\",\"valueRequired\":true,\"valueName\":\"search_term_string\"}}],\"inLanguage\":\"es\"},{\"@type\":\"Organization\",\"@id\":\"https:\\\/\\\/www.lesjardinsdesaintehildegarde.com\\\/es\\\/#organization\",\"name\":\"Les Jardins de Sainte-Hildegarde\",\"url\":\"https:\\\/\\\/www.lesjardinsdesaintehildegarde.com\\\/es\\\/\",\"logo\":{\"@type\":\"ImageObject\",\"inLanguage\":\"es\",\"@id\":\"https:\\\/\\\/www.lesjardinsdesaintehildegarde.com\\\/es\\\/#\\\/schema\\\/logo\\\/image\\\/\",\"url\":\"https:\\\/\\\/www.lesjardinsdesaintehildegarde.com\\\/wp-content\\\/uploads\\\/2022\\\/11\\\/logo-2022.png\",\"contentUrl\":\"https:\\\/\\\/www.lesjardinsdesaintehildegarde.com\\\/wp-content\\\/uploads\\\/2022\\\/11\\\/logo-2022.png\",\"width\":365,\"height\":90,\"caption\":\"Les Jardins de Sainte-Hildegarde\"},\"image\":{\"@id\":\"https:\\\/\\\/www.lesjardinsdesaintehildegarde.com\\\/es\\\/#\\\/schema\\\/logo\\\/image\\\/\"}}]}<\/script>\n<!-- \/ Yoast SEO plugin. -->","yoast_head_json":{"title":"Mme Antoinette P (31) - Les Jardins de Sainte-Hildegarde","robots":{"index":"index","follow":"follow","max-snippet":"max-snippet:-1","max-image-preview":"max-image-preview:large","max-video-preview":"max-video-preview:-1"},"canonical":"https:\/\/www.lesjardinsdesaintehildegarde.com\/es\/testimonios\/t184-mme-antoinette-p-31-aout-2013\/","og_locale":"es_ES","og_type":"article","og_title":"Mme Antoinette P (31) - Les Jardins de Sainte-Hildegarde","og_description":"Pour moi les comprim\u00e9s de fenouil-galanga sont d\u2019un effet miraculeux: j\u2019ai \u00e9t\u00e9 op\u00e9r\u00e9e il y a 4 ans d\u2019un rectoc\u00e8le et apr\u00e8s cette intervention j\u2019ai souffert terriblement du bas ventre, or les docteurs n\u2019en faisaient pas cas. Un gastro-ent\u00e9rologue m\u2019a recommand\u00e9 de prendre du d\u00e9bridat, du Lanzar et du motilium. Mon \u00e9tat gastro-intestinal \u00e9tait catastrophique, [&hellip;]","og_url":"https:\/\/www.lesjardinsdesaintehildegarde.com\/es\/testimonios\/t184-mme-antoinette-p-31-aout-2013\/","og_site_name":"Les Jardins de Sainte-Hildegarde","article_modified_time":"2023-04-28T13:47:47+00:00","twitter_card":"summary_large_image","twitter_misc":{"Tiempo de lectura":"1 minuto"},"schema":{"@context":"https:\/\/schema.org","@graph":[{"@type":"WebPage","@id":"https:\/\/www.lesjardinsdesaintehildegarde.com\/es\/testimonios\/t184-mme-antoinette-p-31-aout-2013\/","url":"https:\/\/www.lesjardinsdesaintehildegarde.com\/es\/testimonios\/t184-mme-antoinette-p-31-aout-2013\/","name":"Mme Antoinette P (31) - Les Jardins de Sainte-Hildegarde","isPartOf":{"@id":"https:\/\/www.lesjardinsdesaintehildegarde.com\/es\/#website"},"datePublished":"2013-08-01T08:48:54+00:00","dateModified":"2023-04-28T13:47:47+00:00","breadcrumb":{"@id":"https:\/\/www.lesjardinsdesaintehildegarde.com\/es\/testimonios\/t184-mme-antoinette-p-31-aout-2013\/#breadcrumb"},"inLanguage":"es","potentialAction":[{"@type":"ReadAction","target":["https:\/\/www.lesjardinsdesaintehildegarde.com\/es\/testimonios\/t184-mme-antoinette-p-31-aout-2013\/"]}]},{"@type":"BreadcrumbList","@id":"https:\/\/www.lesjardinsdesaintehildegarde.com\/es\/testimonios\/t184-mme-antoinette-p-31-aout-2013\/#breadcrumb","itemListElement":[{"@type":"ListItem","position":1,"name":"Inicio","item":"https:\/\/www.lesjardinsdesaintehildegarde.com\/es\/"},{"@type":"ListItem","position":2,"name":"Testimonios","item":"https:\/\/www.lesjardinsdesaintehildegarde.com\/es\/testimonios\/"},{"@type":"ListItem","position":3,"name":"Mme Antoinette P (31)"}]},{"@type":"WebSite","@id":"https:\/\/www.lesjardinsdesaintehildegarde.com\/es\/#website","url":"https:\/\/www.lesjardinsdesaintehildegarde.com\/es\/","name":"Les Jardins de Sainte-Hildegarde","description":"Viriditas","publisher":{"@id":"https:\/\/www.lesjardinsdesaintehildegarde.com\/es\/#organization"},"potentialAction":[{"@type":"SearchAction","target":{"@type":"EntryPoint","urlTemplate":"https:\/\/www.lesjardinsdesaintehildegarde.com\/es\/?s={search_term_string}"},"query-input":{"@type":"PropertyValueSpecification","valueRequired":true,"valueName":"search_term_string"}}],"inLanguage":"es"},{"@type":"Organization","@id":"https:\/\/www.lesjardinsdesaintehildegarde.com\/es\/#organization","name":"Les Jardins de Sainte-Hildegarde","url":"https:\/\/www.lesjardinsdesaintehildegarde.com\/es\/","logo":{"@type":"ImageObject","inLanguage":"es","@id":"https:\/\/www.lesjardinsdesaintehildegarde.com\/es\/#\/schema\/logo\/image\/","url":"https:\/\/www.lesjardinsdesaintehildegarde.com\/wp-content\/uploads\/2022\/11\/logo-2022.png","contentUrl":"https:\/\/www.lesjardinsdesaintehildegarde.com\/wp-content\/uploads\/2022\/11\/logo-2022.png","width":365,"height":90,"caption":"Les Jardins de Sainte-Hildegarde"},"image":{"@id":"https:\/\/www.lesjardinsdesaintehildegarde.com\/es\/#\/schema\/logo\/image\/"}}]}},"_links":{"self":[{"href":"https:\/\/www.lesjardinsdesaintehildegarde.com\/es\/wp-json\/wp\/v2\/temoignage\/10735","targetHints":{"allow":["GET"]}}],"collection":[{"href":"https:\/\/www.lesjardinsdesaintehildegarde.com\/es\/wp-json\/wp\/v2\/temoignage"}],"about":[{"href":"https:\/\/www.lesjardinsdesaintehildegarde.com\/es\/wp-json\/wp\/v2\/types\/temoignage"}],"wp:attachment":[{"href":"https:\/\/www.lesjardinsdesaintehildegarde.com\/es\/wp-json\/wp\/v2\/media?parent=10735"}],"wp:term":[{"taxonomy":"type_trouble","embeddable":true,"href":"https:\/\/www.lesjardinsdesaintehildegarde.com\/es\/wp-json\/wp\/v2\/type_trouble?post=10735"},{"taxonomy":"type_produit","embeddable":true,"href":"https:\/\/www.lesjardinsdesaintehildegarde.com\/es\/wp-json\/wp\/v2\/type_produit?post=10735"}],"curies":[{"name":"wp","href":"https:\/\/api.w.org\/{rel}","templated":true}]}}

<p>Pour moi les comprimés de fenouil-galanga sont d’un effet miraculeux: j’ai été opérée il y a 4 ans d’un rectocèle et après cette intervention j’ai souffert terriblement du bas ventre, or les docteurs n’en faisaient pas cas. Un gastro-entérologue m’a recommandé de prendre du débridat, du Lanzar et du motilium. Mon état gastro-intestinal était catastrophique, je digérais mal, j’avais beaucoup de mal à faire des renvois et surtout j’avais très mal à l’estomac, brûlures, etc. Dès le momnet où j’ai commencé à prendre des comprimés de fenouil galanga, je ne prends plus le débridat ni le motilium car je n’ai plus mal au ventre or c’étaient des douleurs à me plier en deux. De plus je fais du pain à l’épeautre avec la farine et le levain des Jardins d’Hildegarde, cela me parait aussi très bien, je n’ai plus de lourdeurs après les repas.</p>

<!-- This site is optimized with the Yoast SEO plugin v27.4 - https://yoast.com/product/yoast-seo-wordpress/ -->
<title>Mme Antoinette P (31) - Les Jardins de Sainte-Hildegarde</title>
<meta name="robots" content="index, follow, max-snippet:-1, max-image-preview:large, max-video-preview:-1" />
<link rel="canonical" href="https://www.lesjardinsdesaintehildegarde.com/es/testimonios/t184-mme-antoinette-p-31-aout-2013/" />
<meta property="og:locale" content="es_ES" />
<meta property="og:type" content="article" />
<meta property="og:title" content="Mme Antoinette P (31) - Les Jardins de Sainte-Hildegarde" />
<meta property="og:description" content="Pour moi les comprimés de fenouil-galanga sont d’un effet miraculeux: j’ai été opérée il y a 4 ans d’un rectocèle et après cette intervention j’ai souffert terriblement du bas ventre, or les docteurs n’en faisaient pas cas. Un gastro-entérologue m’a recommandé de prendre du débridat, du Lanzar et du motilium. Mon état gastro-intestinal était catastrophique, [&hellip;]" />
<meta property="og:url" content="https://www.lesjardinsdesaintehildegarde.com/es/testimonios/t184-mme-antoinette-p-31-aout-2013/" />
<meta property="og:site_name" content="Les Jardins de Sainte-Hildegarde" />
<meta property="article:modified_time" content="2023-04-28T13:47:47+00:00" />
<meta name="twitter:card" content="summary_large_image" />
<meta name="twitter:label1" content="Tiempo de lectura" />
	<meta name="twitter:data1" content="1 minuto" />
<script type="application/ld+json" class="yoast-schema-graph">{"@context":"https:\/\/schema.org","@graph":[{"@type":"WebPage","@id":"https:\/\/www.lesjardinsdesaintehildegarde.com\/es\/testimonios\/t184-mme-antoinette-p-31-aout-2013\/","url":"https:\/\/www.lesjardinsdesaintehildegarde.com\/es\/testimonios\/t184-mme-antoinette-p-31-aout-2013\/","name":"Mme Antoinette P (31) - Les Jardins de Sainte-Hildegarde","isPartOf":{"@id":"https:\/\/www.lesjardinsdesaintehildegarde.com\/es\/#website"},"datePublished":"2013-08-01T08:48:54+00:00","dateModified":"2023-04-28T13:47:47+00:00","breadcrumb":{"@id":"https:\/\/www.lesjardinsdesaintehildegarde.com\/es\/testimonios\/t184-mme-antoinette-p-31-aout-2013\/#breadcrumb"},"inLanguage":"es","potentialAction":[{"@type":"ReadAction","target":["https:\/\/www.lesjardinsdesaintehildegarde.com\/es\/testimonios\/t184-mme-antoinette-p-31-aout-2013\/"]}]},{"@type":"BreadcrumbList","@id":"https:\/\/www.lesjardinsdesaintehildegarde.com\/es\/testimonios\/t184-mme-antoinette-p-31-aout-2013\/#breadcrumb","itemListElement":[{"@type":"ListItem","position":1,"name":"Inicio","item":"https:\/\/www.lesjardinsdesaintehildegarde.com\/es\/"},{"@type":"ListItem","position":2,"name":"Testimonios","item":"https:\/\/www.lesjardinsdesaintehildegarde.com\/es\/testimonios\/"},{"@type":"ListItem","position":3,"name":"Mme Antoinette P (31)"}]},{"@type":"WebSite","@id":"https:\/\/www.lesjardinsdesaintehildegarde.com\/es\/#website","url":"https:\/\/www.lesjardinsdesaintehildegarde.com\/es\/","name":"Les Jardins de Sainte-Hildegarde","description":"Viriditas","publisher":{"@id":"https:\/\/www.lesjardinsdesaintehildegarde.com\/es\/#organization"},"potentialAction":[{"@type":"SearchAction","target":{"@type":"EntryPoint","urlTemplate":"https:\/\/www.lesjardinsdesaintehildegarde.com\/es\/?s={search_term_string}"},"query-input":{"@type":"PropertyValueSpecification","valueRequired":true,"valueName":"search_term_string"}}],"inLanguage":"es"},{"@type":"Organization","@id":"https:\/\/www.lesjardinsdesaintehildegarde.com\/es\/#organization","name":"Les Jardins de Sainte-Hildegarde","url":"https:\/\/www.lesjardinsdesaintehildegarde.com\/es\/","logo":{"@type":"ImageObject","inLanguage":"es","@id":"https:\/\/www.lesjardinsdesaintehildegarde.com\/es\/#\/schema\/logo\/image\/","url":"https:\/\/www.lesjardinsdesaintehildegarde.com\/wp-content\/uploads\/2022\/11\/logo-2022.png","contentUrl":"https:\/\/www.lesjardinsdesaintehildegarde.com\/wp-content\/uploads\/2022\/11\/logo-2022.png","width":365,"height":90,"caption":"Les Jardins de Sainte-Hildegarde"},"image":{"@id":"https:\/\/www.lesjardinsdesaintehildegarde.com\/es\/#\/schema\/logo\/image\/"}}]}</script>
<!-- / Yoast SEO plugin. -->

Pour moi les comprimés de fenouil-galanga sont d’un effet miraculeux: j’ai été opérée il y a 4 ans d’un rectocèle et après cette intervention j’ai souffert terriblement du bas ventre, or les docteurs n’en faisaient pas cas. Un gastro-entérologue m’a recommandé de prendre du débridat, du Lanzar et du motilium. Mon état gastro-intestinal était catastrophique, [&hellip;]
