{"id":10767,"date":"2016-09-29T11:03:15","date_gmt":"2016-09-29T09:03:15","guid":{"rendered":"https:\/\/www.lesjardinsdesaintehildegarde.com\/temoignages\/t153-mme-francoise-c-78-sept-2016\/"},"modified":"2023-04-28T17:02:15","modified_gmt":"2023-04-28T15:02:15","slug":"t211-mme-francoise-c-78-sept-2016","status":"publish","type":"temoignage","link":"https:\/\/www.lesjardinsdesaintehildegarde.com\/es\/testimonios\/t211-mme-francoise-c-78-sept-2016\/","title":{"rendered":"Mme Fran\u00e7oise C (78)"},"content":{"rendered":"<p>Le kyste au sein d&#8217;un centim\u00e8tre que j&#8217;ai depuis au moins 15 ans est parti. L&#8217;hamartome situ\u00e9 sur le m\u00eame sein diminue. Il \u00e9tait de 38 mm sur 28 mm maintenant 31 sur 21, en passant le baume \u00e0 la violette B0017 une fois par jour.<\/p>\n","protected":false},"featured_media":0,"template":"","type_trouble":[388],"type_produit":[435],"class_list":["post-10767","temoignage","type-temoignage","status-publish","hentry","type_trouble-kyste","type_produit-baume-a-la-violette"],"acf":[],"yoast_head":"<!-- This site is optimized with the Yoast SEO plugin v27.4 - https:\/\/yoast.com\/product\/yoast-seo-wordpress\/ -->\n<title>Mme Fran\u00e7oise C (78) - Les Jardins de Sainte-Hildegarde<\/title>\n<meta name=\"robots\" content=\"index, follow, max-snippet:-1, max-image-preview:large, max-video-preview:-1\" \/>\n<link rel=\"canonical\" href=\"https:\/\/www.lesjardinsdesaintehildegarde.com\/es\/testimonios\/t211-mme-francoise-c-78-sept-2016\/\" \/>\n<meta property=\"og:locale\" content=\"es_ES\" \/>\n<meta property=\"og:type\" content=\"article\" \/>\n<meta property=\"og:title\" content=\"Mme Fran\u00e7oise C (78) - Les Jardins de Sainte-Hildegarde\" \/>\n<meta property=\"og:description\" content=\"Le kyste au sein d&#8217;un centim\u00e8tre que j&#8217;ai depuis au moins 15 ans est parti. L&#8217;hamartome situ\u00e9 sur le m\u00eame sein diminue. Il \u00e9tait de 38 mm sur 28 mm maintenant 31 sur 21, en passant le baume \u00e0 la violette B0017 une fois par jour.\" \/>\n<meta property=\"og:url\" content=\"https:\/\/www.lesjardinsdesaintehildegarde.com\/es\/testimonios\/t211-mme-francoise-c-78-sept-2016\/\" \/>\n<meta property=\"og:site_name\" content=\"Les Jardins de Sainte-Hildegarde\" \/>\n<meta property=\"article:modified_time\" content=\"2023-04-28T15:02:15+00:00\" \/>\n<meta name=\"twitter:card\" content=\"summary_large_image\" \/>\n<script type=\"application\/ld+json\" class=\"yoast-schema-graph\">{\"@context\":\"https:\\\/\\\/schema.org\",\"@graph\":[{\"@type\":\"WebPage\",\"@id\":\"https:\\\/\\\/www.lesjardinsdesaintehildegarde.com\\\/es\\\/testimonios\\\/t211-mme-francoise-c-78-sept-2016\\\/\",\"url\":\"https:\\\/\\\/www.lesjardinsdesaintehildegarde.com\\\/es\\\/testimonios\\\/t211-mme-francoise-c-78-sept-2016\\\/\",\"name\":\"Mme Fran\u00e7oise C (78) - Les Jardins de Sainte-Hildegarde\",\"isPartOf\":{\"@id\":\"https:\\\/\\\/www.lesjardinsdesaintehildegarde.com\\\/es\\\/#website\"},\"datePublished\":\"2016-09-29T09:03:15+00:00\",\"dateModified\":\"2023-04-28T15:02:15+00:00\",\"breadcrumb\":{\"@id\":\"https:\\\/\\\/www.lesjardinsdesaintehildegarde.com\\\/es\\\/testimonios\\\/t211-mme-francoise-c-78-sept-2016\\\/#breadcrumb\"},\"inLanguage\":\"es\",\"potentialAction\":[{\"@type\":\"ReadAction\",\"target\":[\"https:\\\/\\\/www.lesjardinsdesaintehildegarde.com\\\/es\\\/testimonios\\\/t211-mme-francoise-c-78-sept-2016\\\/\"]}]},{\"@type\":\"BreadcrumbList\",\"@id\":\"https:\\\/\\\/www.lesjardinsdesaintehildegarde.com\\\/es\\\/testimonios\\\/t211-mme-francoise-c-78-sept-2016\\\/#breadcrumb\",\"itemListElement\":[{\"@type\":\"ListItem\",\"position\":1,\"name\":\"Inicio\",\"item\":\"https:\\\/\\\/www.lesjardinsdesaintehildegarde.com\\\/es\\\/\"},{\"@type\":\"ListItem\",\"position\":2,\"name\":\"Testimonios\",\"item\":\"https:\\\/\\\/www.lesjardinsdesaintehildegarde.com\\\/es\\\/testimonios\\\/\"},{\"@type\":\"ListItem\",\"position\":3,\"name\":\"Mme Fran\u00e7oise C (78)\"}]},{\"@type\":\"WebSite\",\"@id\":\"https:\\\/\\\/www.lesjardinsdesaintehildegarde.com\\\/es\\\/#website\",\"url\":\"https:\\\/\\\/www.lesjardinsdesaintehildegarde.com\\\/es\\\/\",\"name\":\"Les Jardins de Sainte-Hildegarde\",\"description\":\"Viriditas\",\"publisher\":{\"@id\":\"https:\\\/\\\/www.lesjardinsdesaintehildegarde.com\\\/es\\\/#organization\"},\"potentialAction\":[{\"@type\":\"SearchAction\",\"target\":{\"@type\":\"EntryPoint\",\"urlTemplate\":\"https:\\\/\\\/www.lesjardinsdesaintehildegarde.com\\\/es\\\/?s={search_term_string}\"},\"query-input\":{\"@type\":\"PropertyValueSpecification\",\"valueRequired\":true,\"valueName\":\"search_term_string\"}}],\"inLanguage\":\"es\"},{\"@type\":\"Organization\",\"@id\":\"https:\\\/\\\/www.lesjardinsdesaintehildegarde.com\\\/es\\\/#organization\",\"name\":\"Les Jardins de Sainte-Hildegarde\",\"url\":\"https:\\\/\\\/www.lesjardinsdesaintehildegarde.com\\\/es\\\/\",\"logo\":{\"@type\":\"ImageObject\",\"inLanguage\":\"es\",\"@id\":\"https:\\\/\\\/www.lesjardinsdesaintehildegarde.com\\\/es\\\/#\\\/schema\\\/logo\\\/image\\\/\",\"url\":\"https:\\\/\\\/www.lesjardinsdesaintehildegarde.com\\\/wp-content\\\/uploads\\\/2022\\\/11\\\/logo-2022.png\",\"contentUrl\":\"https:\\\/\\\/www.lesjardinsdesaintehildegarde.com\\\/wp-content\\\/uploads\\\/2022\\\/11\\\/logo-2022.png\",\"width\":365,\"height\":90,\"caption\":\"Les Jardins de Sainte-Hildegarde\"},\"image\":{\"@id\":\"https:\\\/\\\/www.lesjardinsdesaintehildegarde.com\\\/es\\\/#\\\/schema\\\/logo\\\/image\\\/\"}}]}<\/script>\n<!-- \/ Yoast SEO plugin. -->","yoast_head_json":{"title":"Mme Fran\u00e7oise C (78) - Les Jardins de Sainte-Hildegarde","robots":{"index":"index","follow":"follow","max-snippet":"max-snippet:-1","max-image-preview":"max-image-preview:large","max-video-preview":"max-video-preview:-1"},"canonical":"https:\/\/www.lesjardinsdesaintehildegarde.com\/es\/testimonios\/t211-mme-francoise-c-78-sept-2016\/","og_locale":"es_ES","og_type":"article","og_title":"Mme Fran\u00e7oise C (78) - Les Jardins de Sainte-Hildegarde","og_description":"Le kyste au sein d&#8217;un centim\u00e8tre que j&#8217;ai depuis au moins 15 ans est parti. L&#8217;hamartome situ\u00e9 sur le m\u00eame sein diminue. Il \u00e9tait de 38 mm sur 28 mm maintenant 31 sur 21, en passant le baume \u00e0 la violette B0017 une fois par jour.","og_url":"https:\/\/www.lesjardinsdesaintehildegarde.com\/es\/testimonios\/t211-mme-francoise-c-78-sept-2016\/","og_site_name":"Les Jardins de Sainte-Hildegarde","article_modified_time":"2023-04-28T15:02:15+00:00","twitter_card":"summary_large_image","schema":{"@context":"https:\/\/schema.org","@graph":[{"@type":"WebPage","@id":"https:\/\/www.lesjardinsdesaintehildegarde.com\/es\/testimonios\/t211-mme-francoise-c-78-sept-2016\/","url":"https:\/\/www.lesjardinsdesaintehildegarde.com\/es\/testimonios\/t211-mme-francoise-c-78-sept-2016\/","name":"Mme Fran\u00e7oise C (78) - Les Jardins de Sainte-Hildegarde","isPartOf":{"@id":"https:\/\/www.lesjardinsdesaintehildegarde.com\/es\/#website"},"datePublished":"2016-09-29T09:03:15+00:00","dateModified":"2023-04-28T15:02:15+00:00","breadcrumb":{"@id":"https:\/\/www.lesjardinsdesaintehildegarde.com\/es\/testimonios\/t211-mme-francoise-c-78-sept-2016\/#breadcrumb"},"inLanguage":"es","potentialAction":[{"@type":"ReadAction","target":["https:\/\/www.lesjardinsdesaintehildegarde.com\/es\/testimonios\/t211-mme-francoise-c-78-sept-2016\/"]}]},{"@type":"BreadcrumbList","@id":"https:\/\/www.lesjardinsdesaintehildegarde.com\/es\/testimonios\/t211-mme-francoise-c-78-sept-2016\/#breadcrumb","itemListElement":[{"@type":"ListItem","position":1,"name":"Inicio","item":"https:\/\/www.lesjardinsdesaintehildegarde.com\/es\/"},{"@type":"ListItem","position":2,"name":"Testimonios","item":"https:\/\/www.lesjardinsdesaintehildegarde.com\/es\/testimonios\/"},{"@type":"ListItem","position":3,"name":"Mme Fran\u00e7oise C (78)"}]},{"@type":"WebSite","@id":"https:\/\/www.lesjardinsdesaintehildegarde.com\/es\/#website","url":"https:\/\/www.lesjardinsdesaintehildegarde.com\/es\/","name":"Les Jardins de Sainte-Hildegarde","description":"Viriditas","publisher":{"@id":"https:\/\/www.lesjardinsdesaintehildegarde.com\/es\/#organization"},"potentialAction":[{"@type":"SearchAction","target":{"@type":"EntryPoint","urlTemplate":"https:\/\/www.lesjardinsdesaintehildegarde.com\/es\/?s={search_term_string}"},"query-input":{"@type":"PropertyValueSpecification","valueRequired":true,"valueName":"search_term_string"}}],"inLanguage":"es"},{"@type":"Organization","@id":"https:\/\/www.lesjardinsdesaintehildegarde.com\/es\/#organization","name":"Les Jardins de Sainte-Hildegarde","url":"https:\/\/www.lesjardinsdesaintehildegarde.com\/es\/","logo":{"@type":"ImageObject","inLanguage":"es","@id":"https:\/\/www.lesjardinsdesaintehildegarde.com\/es\/#\/schema\/logo\/image\/","url":"https:\/\/www.lesjardinsdesaintehildegarde.com\/wp-content\/uploads\/2022\/11\/logo-2022.png","contentUrl":"https:\/\/www.lesjardinsdesaintehildegarde.com\/wp-content\/uploads\/2022\/11\/logo-2022.png","width":365,"height":90,"caption":"Les Jardins de Sainte-Hildegarde"},"image":{"@id":"https:\/\/www.lesjardinsdesaintehildegarde.com\/es\/#\/schema\/logo\/image\/"}}]}},"_links":{"self":[{"href":"https:\/\/www.lesjardinsdesaintehildegarde.com\/es\/wp-json\/wp\/v2\/temoignage\/10767","targetHints":{"allow":["GET"]}}],"collection":[{"href":"https:\/\/www.lesjardinsdesaintehildegarde.com\/es\/wp-json\/wp\/v2\/temoignage"}],"about":[{"href":"https:\/\/www.lesjardinsdesaintehildegarde.com\/es\/wp-json\/wp\/v2\/types\/temoignage"}],"wp:attachment":[{"href":"https:\/\/www.lesjardinsdesaintehildegarde.com\/es\/wp-json\/wp\/v2\/media?parent=10767"}],"wp:term":[{"taxonomy":"type_trouble","embeddable":true,"href":"https:\/\/www.lesjardinsdesaintehildegarde.com\/es\/wp-json\/wp\/v2\/type_trouble?post=10767"},{"taxonomy":"type_produit","embeddable":true,"href":"https:\/\/www.lesjardinsdesaintehildegarde.com\/es\/wp-json\/wp\/v2\/type_produit?post=10767"}],"curies":[{"name":"wp","href":"https:\/\/api.w.org\/{rel}","templated":true}]}}

Mme Françoise C (78)

<p>Le kyste au sein d&#8217;un centimètre que j&#8217;ai depuis au moins 15 ans est parti. L&#8217;hamartome situé sur le même sein diminue. Il était de 38 mm sur 28 mm maintenant 31 sur 21, en passant le baume à la violette B0017 une fois par jour.</p>

<!-- This site is optimized with the Yoast SEO plugin v27.4 - https://yoast.com/product/yoast-seo-wordpress/ -->
<title>Mme Françoise C (78) - Les Jardins de Sainte-Hildegarde</title>
<meta name="robots" content="index, follow, max-snippet:-1, max-image-preview:large, max-video-preview:-1" />
<link rel="canonical" href="https://www.lesjardinsdesaintehildegarde.com/es/testimonios/t211-mme-francoise-c-78-sept-2016/" />
<meta property="og:locale" content="es_ES" />
<meta property="og:type" content="article" />
<meta property="og:title" content="Mme Françoise C (78) - Les Jardins de Sainte-Hildegarde" />
<meta property="og:description" content="Le kyste au sein d&#8217;un centimètre que j&#8217;ai depuis au moins 15 ans est parti. L&#8217;hamartome situé sur le même sein diminue. Il était de 38 mm sur 28 mm maintenant 31 sur 21, en passant le baume à la violette B0017 une fois par jour." />
<meta property="og:url" content="https://www.lesjardinsdesaintehildegarde.com/es/testimonios/t211-mme-francoise-c-78-sept-2016/" />
<meta property="og:site_name" content="Les Jardins de Sainte-Hildegarde" />
<meta property="article:modified_time" content="2023-04-28T15:02:15+00:00" />
<meta name="twitter:card" content="summary_large_image" />
<script type="application/ld+json" class="yoast-schema-graph">{"@context":"https:\/\/schema.org","@graph":[{"@type":"WebPage","@id":"https:\/\/www.lesjardinsdesaintehildegarde.com\/es\/testimonios\/t211-mme-francoise-c-78-sept-2016\/","url":"https:\/\/www.lesjardinsdesaintehildegarde.com\/es\/testimonios\/t211-mme-francoise-c-78-sept-2016\/","name":"Mme Françoise C (78) - Les Jardins de Sainte-Hildegarde","isPartOf":{"@id":"https:\/\/www.lesjardinsdesaintehildegarde.com\/es\/#website"},"datePublished":"2016-09-29T09:03:15+00:00","dateModified":"2023-04-28T15:02:15+00:00","breadcrumb":{"@id":"https:\/\/www.lesjardinsdesaintehildegarde.com\/es\/testimonios\/t211-mme-francoise-c-78-sept-2016\/#breadcrumb"},"inLanguage":"es","potentialAction":[{"@type":"ReadAction","target":["https:\/\/www.lesjardinsdesaintehildegarde.com\/es\/testimonios\/t211-mme-francoise-c-78-sept-2016\/"]}]},{"@type":"BreadcrumbList","@id":"https:\/\/www.lesjardinsdesaintehildegarde.com\/es\/testimonios\/t211-mme-francoise-c-78-sept-2016\/#breadcrumb","itemListElement":[{"@type":"ListItem","position":1,"name":"Inicio","item":"https:\/\/www.lesjardinsdesaintehildegarde.com\/es\/"},{"@type":"ListItem","position":2,"name":"Testimonios","item":"https:\/\/www.lesjardinsdesaintehildegarde.com\/es\/testimonios\/"},{"@type":"ListItem","position":3,"name":"Mme Françoise C (78)"}]},{"@type":"WebSite","@id":"https:\/\/www.lesjardinsdesaintehildegarde.com\/es\/#website","url":"https:\/\/www.lesjardinsdesaintehildegarde.com\/es\/","name":"Les Jardins de Sainte-Hildegarde","description":"Viriditas","publisher":{"@id":"https:\/\/www.lesjardinsdesaintehildegarde.com\/es\/#organization"},"potentialAction":[{"@type":"SearchAction","target":{"@type":"EntryPoint","urlTemplate":"https:\/\/www.lesjardinsdesaintehildegarde.com\/es\/?s={search_term_string}"},"query-input":{"@type":"PropertyValueSpecification","valueRequired":true,"valueName":"search_term_string"}}],"inLanguage":"es"},{"@type":"Organization","@id":"https:\/\/www.lesjardinsdesaintehildegarde.com\/es\/#organization","name":"Les Jardins de Sainte-Hildegarde","url":"https:\/\/www.lesjardinsdesaintehildegarde.com\/es\/","logo":{"@type":"ImageObject","inLanguage":"es","@id":"https:\/\/www.lesjardinsdesaintehildegarde.com\/es\/#\/schema\/logo\/image\/","url":"https:\/\/www.lesjardinsdesaintehildegarde.com\/wp-content\/uploads\/2022\/11\/logo-2022.png","contentUrl":"https:\/\/www.lesjardinsdesaintehildegarde.com\/wp-content\/uploads\/2022\/11\/logo-2022.png","width":365,"height":90,"caption":"Les Jardins de Sainte-Hildegarde"},"image":{"@id":"https:\/\/www.lesjardinsdesaintehildegarde.com\/es\/#\/schema\/logo\/image\/"}}]}</script>
<!-- / Yoast SEO plugin. -->

Mme Françoise C (78) - Les Jardins de Sainte-Hildegarde

Le kyste au sein d&#8217;un centimètre que j&#8217;ai depuis au moins 15 ans est parti. L&#8217;hamartome situé sur le même sein diminue. Il était de 38 mm sur 28 mm maintenant 31 sur 21, en passant le baume à la violette B0017 une fois par jour.
