{"id":10800,"date":"2018-06-11T08:32:04","date_gmt":"2018-06-11T06:32:04","guid":{"rendered":"https:\/\/www.lesjardinsdesaintehildegarde.com\/temoignages\/t183-mme-genevieve-g-34-juin-2018\/"},"modified":"2023-05-05T15:42:19","modified_gmt":"2023-05-05T13:42:19","slug":"t241-mme-genevieve-g-34-juin-2018","status":"publish","type":"temoignage","link":"https:\/\/www.lesjardinsdesaintehildegarde.com\/es\/testimonios\/t241-mme-genevieve-g-34-juin-2018\/","title":{"rendered":"Mme Genevi\u00e8ve G (34)"},"content":{"rendered":"<p>Je souffrais de 4 hernies aux lombaires et d&#8217;une sciatique chronique pendant 3 ans.<br \/>Gr\u00e2ce aux produits de ste Hildegarde que j&#8217;ai connus par une amie, j&#8217;ai appliqu\u00e9 une pierre de jaspe \u00e0 la naissance du nerf sciatique et une autre \u00e0 l&#8217;endroit le plus douloureux du trajet.<br \/>Aussit\u00f4t une nette am\u00e9lioration s&#8217;est produite. <br \/>J&#8217;ai pris aussi du vin de galanga. Et je peux remener maintenant une vie normale, me d\u00e9placer, voyager sans probl\u00e8me.<br \/>Je ne souffre plus et ne cesse de remercier ste Hildegarde sans oublier les producteurs des Jardins de ste Hildegarde.<\/p>\n","protected":false},"featured_media":0,"template":"","type_trouble":[378,410],"type_produit":[464,488],"class_list":["post-10800","temoignage","type-temoignage","status-publish","hentry","type_trouble-hernie","type_trouble-sciatiques","type_produit-elixir-galanga","type_produit-jaspe-rouge"],"acf":[],"yoast_head":"<!-- This site is optimized with the Yoast SEO plugin v27.2 - https:\/\/yoast.com\/product\/yoast-seo-wordpress\/ -->\n<title>Mme Genevi\u00e8ve G (34) - Les Jardins de Sainte-Hildegarde<\/title>\n<meta name=\"robots\" content=\"index, follow, max-snippet:-1, max-image-preview:large, max-video-preview:-1\" \/>\n<link rel=\"canonical\" href=\"https:\/\/www.lesjardinsdesaintehildegarde.com\/es\/testimonios\/t241-mme-genevieve-g-34-juin-2018\/\" \/>\n<meta property=\"og:locale\" content=\"es_ES\" \/>\n<meta property=\"og:type\" content=\"article\" \/>\n<meta property=\"og:title\" content=\"Mme Genevi\u00e8ve G (34) - Les Jardins de Sainte-Hildegarde\" \/>\n<meta property=\"og:description\" content=\"Je souffrais de 4 hernies aux lombaires et d&#8217;une sciatique chronique pendant 3 ans.Gr\u00e2ce aux produits de ste Hildegarde que j&#8217;ai connus par une amie, j&#8217;ai appliqu\u00e9 une pierre de jaspe \u00e0 la naissance du nerf sciatique et une autre \u00e0 l&#8217;endroit le plus douloureux du trajet.Aussit\u00f4t une nette am\u00e9lioration s&#8217;est produite. J&#8217;ai pris aussi [&hellip;]\" \/>\n<meta property=\"og:url\" content=\"https:\/\/www.lesjardinsdesaintehildegarde.com\/es\/testimonios\/t241-mme-genevieve-g-34-juin-2018\/\" \/>\n<meta property=\"og:site_name\" content=\"Les Jardins de Sainte-Hildegarde\" \/>\n<meta property=\"article:modified_time\" content=\"2023-05-05T13:42:19+00:00\" \/>\n<meta name=\"twitter:card\" content=\"summary_large_image\" \/>\n<script type=\"application\/ld+json\" class=\"yoast-schema-graph\">{\"@context\":\"https:\/\/schema.org\",\"@graph\":[{\"@type\":\"WebPage\",\"@id\":\"https:\/\/www.lesjardinsdesaintehildegarde.com\/es\/testimonios\/t241-mme-genevieve-g-34-juin-2018\/\",\"url\":\"https:\/\/www.lesjardinsdesaintehildegarde.com\/es\/testimonios\/t241-mme-genevieve-g-34-juin-2018\/\",\"name\":\"Mme Genevi\u00e8ve G (34) - Les Jardins de Sainte-Hildegarde\",\"isPartOf\":{\"@id\":\"https:\/\/www.lesjardinsdesaintehildegarde.com\/es\/#website\"},\"datePublished\":\"2018-06-11T06:32:04+00:00\",\"dateModified\":\"2023-05-05T13:42:19+00:00\",\"breadcrumb\":{\"@id\":\"https:\/\/www.lesjardinsdesaintehildegarde.com\/es\/testimonios\/t241-mme-genevieve-g-34-juin-2018\/#breadcrumb\"},\"inLanguage\":\"es\",\"potentialAction\":[{\"@type\":\"ReadAction\",\"target\":[\"https:\/\/www.lesjardinsdesaintehildegarde.com\/es\/testimonios\/t241-mme-genevieve-g-34-juin-2018\/\"]}]},{\"@type\":\"BreadcrumbList\",\"@id\":\"https:\/\/www.lesjardinsdesaintehildegarde.com\/es\/testimonios\/t241-mme-genevieve-g-34-juin-2018\/#breadcrumb\",\"itemListElement\":[{\"@type\":\"ListItem\",\"position\":1,\"name\":\"Inicio\",\"item\":\"https:\/\/www.lesjardinsdesaintehildegarde.com\/es\/\"},{\"@type\":\"ListItem\",\"position\":2,\"name\":\"Testimonios\",\"item\":\"https:\/\/www.lesjardinsdesaintehildegarde.com\/es\/testimonios\/\"},{\"@type\":\"ListItem\",\"position\":3,\"name\":\"Mme Genevi\u00e8ve G (34)\"}]},{\"@type\":\"WebSite\",\"@id\":\"https:\/\/www.lesjardinsdesaintehildegarde.com\/es\/#website\",\"url\":\"https:\/\/www.lesjardinsdesaintehildegarde.com\/es\/\",\"name\":\"Les Jardins de Sainte-Hildegarde\",\"description\":\"Viriditas\",\"publisher\":{\"@id\":\"https:\/\/www.lesjardinsdesaintehildegarde.com\/es\/#organization\"},\"potentialAction\":[{\"@type\":\"SearchAction\",\"target\":{\"@type\":\"EntryPoint\",\"urlTemplate\":\"https:\/\/www.lesjardinsdesaintehildegarde.com\/es\/?s={search_term_string}\"},\"query-input\":{\"@type\":\"PropertyValueSpecification\",\"valueRequired\":true,\"valueName\":\"search_term_string\"}}],\"inLanguage\":\"es\"},{\"@type\":\"Organization\",\"@id\":\"https:\/\/www.lesjardinsdesaintehildegarde.com\/es\/#organization\",\"name\":\"Les Jardins de Sainte-Hildegarde\",\"url\":\"https:\/\/www.lesjardinsdesaintehildegarde.com\/es\/\",\"logo\":{\"@type\":\"ImageObject\",\"inLanguage\":\"es\",\"@id\":\"https:\/\/www.lesjardinsdesaintehildegarde.com\/es\/#\/schema\/logo\/image\/\",\"url\":\"https:\/\/www.lesjardinsdesaintehildegarde.com\/wp-content\/uploads\/2022\/11\/logo-2022.png\",\"contentUrl\":\"https:\/\/www.lesjardinsdesaintehildegarde.com\/wp-content\/uploads\/2022\/11\/logo-2022.png\",\"width\":365,\"height\":90,\"caption\":\"Les Jardins de Sainte-Hildegarde\"},\"image\":{\"@id\":\"https:\/\/www.lesjardinsdesaintehildegarde.com\/es\/#\/schema\/logo\/image\/\"}}]}<\/script>\n<!-- \/ Yoast SEO plugin. -->","yoast_head_json":{"title":"Mme Genevi\u00e8ve G (34) - Les Jardins de Sainte-Hildegarde","robots":{"index":"index","follow":"follow","max-snippet":"max-snippet:-1","max-image-preview":"max-image-preview:large","max-video-preview":"max-video-preview:-1"},"canonical":"https:\/\/www.lesjardinsdesaintehildegarde.com\/es\/testimonios\/t241-mme-genevieve-g-34-juin-2018\/","og_locale":"es_ES","og_type":"article","og_title":"Mme Genevi\u00e8ve G (34) - Les Jardins de Sainte-Hildegarde","og_description":"Je souffrais de 4 hernies aux lombaires et d&#8217;une sciatique chronique pendant 3 ans.Gr\u00e2ce aux produits de ste Hildegarde que j&#8217;ai connus par une amie, j&#8217;ai appliqu\u00e9 une pierre de jaspe \u00e0 la naissance du nerf sciatique et une autre \u00e0 l&#8217;endroit le plus douloureux du trajet.Aussit\u00f4t une nette am\u00e9lioration s&#8217;est produite. J&#8217;ai pris aussi [&hellip;]","og_url":"https:\/\/www.lesjardinsdesaintehildegarde.com\/es\/testimonios\/t241-mme-genevieve-g-34-juin-2018\/","og_site_name":"Les Jardins de Sainte-Hildegarde","article_modified_time":"2023-05-05T13:42:19+00:00","twitter_card":"summary_large_image","schema":{"@context":"https:\/\/schema.org","@graph":[{"@type":"WebPage","@id":"https:\/\/www.lesjardinsdesaintehildegarde.com\/es\/testimonios\/t241-mme-genevieve-g-34-juin-2018\/","url":"https:\/\/www.lesjardinsdesaintehildegarde.com\/es\/testimonios\/t241-mme-genevieve-g-34-juin-2018\/","name":"Mme Genevi\u00e8ve G (34) - Les Jardins de Sainte-Hildegarde","isPartOf":{"@id":"https:\/\/www.lesjardinsdesaintehildegarde.com\/es\/#website"},"datePublished":"2018-06-11T06:32:04+00:00","dateModified":"2023-05-05T13:42:19+00:00","breadcrumb":{"@id":"https:\/\/www.lesjardinsdesaintehildegarde.com\/es\/testimonios\/t241-mme-genevieve-g-34-juin-2018\/#breadcrumb"},"inLanguage":"es","potentialAction":[{"@type":"ReadAction","target":["https:\/\/www.lesjardinsdesaintehildegarde.com\/es\/testimonios\/t241-mme-genevieve-g-34-juin-2018\/"]}]},{"@type":"BreadcrumbList","@id":"https:\/\/www.lesjardinsdesaintehildegarde.com\/es\/testimonios\/t241-mme-genevieve-g-34-juin-2018\/#breadcrumb","itemListElement":[{"@type":"ListItem","position":1,"name":"Inicio","item":"https:\/\/www.lesjardinsdesaintehildegarde.com\/es\/"},{"@type":"ListItem","position":2,"name":"Testimonios","item":"https:\/\/www.lesjardinsdesaintehildegarde.com\/es\/testimonios\/"},{"@type":"ListItem","position":3,"name":"Mme Genevi\u00e8ve G (34)"}]},{"@type":"WebSite","@id":"https:\/\/www.lesjardinsdesaintehildegarde.com\/es\/#website","url":"https:\/\/www.lesjardinsdesaintehildegarde.com\/es\/","name":"Les Jardins de Sainte-Hildegarde","description":"Viriditas","publisher":{"@id":"https:\/\/www.lesjardinsdesaintehildegarde.com\/es\/#organization"},"potentialAction":[{"@type":"SearchAction","target":{"@type":"EntryPoint","urlTemplate":"https:\/\/www.lesjardinsdesaintehildegarde.com\/es\/?s={search_term_string}"},"query-input":{"@type":"PropertyValueSpecification","valueRequired":true,"valueName":"search_term_string"}}],"inLanguage":"es"},{"@type":"Organization","@id":"https:\/\/www.lesjardinsdesaintehildegarde.com\/es\/#organization","name":"Les Jardins de Sainte-Hildegarde","url":"https:\/\/www.lesjardinsdesaintehildegarde.com\/es\/","logo":{"@type":"ImageObject","inLanguage":"es","@id":"https:\/\/www.lesjardinsdesaintehildegarde.com\/es\/#\/schema\/logo\/image\/","url":"https:\/\/www.lesjardinsdesaintehildegarde.com\/wp-content\/uploads\/2022\/11\/logo-2022.png","contentUrl":"https:\/\/www.lesjardinsdesaintehildegarde.com\/wp-content\/uploads\/2022\/11\/logo-2022.png","width":365,"height":90,"caption":"Les Jardins de Sainte-Hildegarde"},"image":{"@id":"https:\/\/www.lesjardinsdesaintehildegarde.com\/es\/#\/schema\/logo\/image\/"}}]}},"_links":{"self":[{"href":"https:\/\/www.lesjardinsdesaintehildegarde.com\/es\/wp-json\/wp\/v2\/temoignage\/10800","targetHints":{"allow":["GET"]}}],"collection":[{"href":"https:\/\/www.lesjardinsdesaintehildegarde.com\/es\/wp-json\/wp\/v2\/temoignage"}],"about":[{"href":"https:\/\/www.lesjardinsdesaintehildegarde.com\/es\/wp-json\/wp\/v2\/types\/temoignage"}],"wp:attachment":[{"href":"https:\/\/www.lesjardinsdesaintehildegarde.com\/es\/wp-json\/wp\/v2\/media?parent=10800"}],"wp:term":[{"taxonomy":"type_trouble","embeddable":true,"href":"https:\/\/www.lesjardinsdesaintehildegarde.com\/es\/wp-json\/wp\/v2\/type_trouble?post=10800"},{"taxonomy":"type_produit","embeddable":true,"href":"https:\/\/www.lesjardinsdesaintehildegarde.com\/es\/wp-json\/wp\/v2\/type_produit?post=10800"}],"curies":[{"name":"wp","href":"https:\/\/api.w.org\/{rel}","templated":true}]}}

Mme Geneviève G (34)

<p>Je souffrais de 4 hernies aux lombaires et d&#8217;une sciatique chronique pendant 3 ans.<br />Grâce aux produits de ste Hildegarde que j&#8217;ai connus par une amie, j&#8217;ai appliqué une pierre de jaspe à la naissance du nerf sciatique et une autre à l&#8217;endroit le plus douloureux du trajet.<br />Aussitôt une nette amélioration s&#8217;est produite. <br />J&#8217;ai pris aussi du vin de galanga. Et je peux remener maintenant une vie normale, me déplacer, voyager sans problème.<br />Je ne souffre plus et ne cesse de remercier ste Hildegarde sans oublier les producteurs des Jardins de ste Hildegarde.</p>

<!-- This site is optimized with the Yoast SEO plugin v27.2 - https://yoast.com/product/yoast-seo-wordpress/ -->
<title>Mme Geneviève G (34) - Les Jardins de Sainte-Hildegarde</title>
<meta name="robots" content="index, follow, max-snippet:-1, max-image-preview:large, max-video-preview:-1" />
<link rel="canonical" href="https://www.lesjardinsdesaintehildegarde.com/es/testimonios/t241-mme-genevieve-g-34-juin-2018/" />
<meta property="og:locale" content="es_ES" />
<meta property="og:type" content="article" />
<meta property="og:title" content="Mme Geneviève G (34) - Les Jardins de Sainte-Hildegarde" />
<meta property="og:description" content="Je souffrais de 4 hernies aux lombaires et d&#8217;une sciatique chronique pendant 3 ans.Grâce aux produits de ste Hildegarde que j&#8217;ai connus par une amie, j&#8217;ai appliqué une pierre de jaspe à la naissance du nerf sciatique et une autre à l&#8217;endroit le plus douloureux du trajet.Aussitôt une nette amélioration s&#8217;est produite. J&#8217;ai pris aussi [&hellip;]" />
<meta property="og:url" content="https://www.lesjardinsdesaintehildegarde.com/es/testimonios/t241-mme-genevieve-g-34-juin-2018/" />
<meta property="og:site_name" content="Les Jardins de Sainte-Hildegarde" />
<meta property="article:modified_time" content="2023-05-05T13:42:19+00:00" />
<meta name="twitter:card" content="summary_large_image" />
<script type="application/ld+json" class="yoast-schema-graph">{"@context":"https://schema.org","@graph":[{"@type":"WebPage","@id":"https://www.lesjardinsdesaintehildegarde.com/es/testimonios/t241-mme-genevieve-g-34-juin-2018/","url":"https://www.lesjardinsdesaintehildegarde.com/es/testimonios/t241-mme-genevieve-g-34-juin-2018/","name":"Mme Geneviève G (34) - Les Jardins de Sainte-Hildegarde","isPartOf":{"@id":"https://www.lesjardinsdesaintehildegarde.com/es/#website"},"datePublished":"2018-06-11T06:32:04+00:00","dateModified":"2023-05-05T13:42:19+00:00","breadcrumb":{"@id":"https://www.lesjardinsdesaintehildegarde.com/es/testimonios/t241-mme-genevieve-g-34-juin-2018/#breadcrumb"},"inLanguage":"es","potentialAction":[{"@type":"ReadAction","target":["https://www.lesjardinsdesaintehildegarde.com/es/testimonios/t241-mme-genevieve-g-34-juin-2018/"]}]},{"@type":"BreadcrumbList","@id":"https://www.lesjardinsdesaintehildegarde.com/es/testimonios/t241-mme-genevieve-g-34-juin-2018/#breadcrumb","itemListElement":[{"@type":"ListItem","position":1,"name":"Inicio","item":"https://www.lesjardinsdesaintehildegarde.com/es/"},{"@type":"ListItem","position":2,"name":"Testimonios","item":"https://www.lesjardinsdesaintehildegarde.com/es/testimonios/"},{"@type":"ListItem","position":3,"name":"Mme Geneviève G (34)"}]},{"@type":"WebSite","@id":"https://www.lesjardinsdesaintehildegarde.com/es/#website","url":"https://www.lesjardinsdesaintehildegarde.com/es/","name":"Les Jardins de Sainte-Hildegarde","description":"Viriditas","publisher":{"@id":"https://www.lesjardinsdesaintehildegarde.com/es/#organization"},"potentialAction":[{"@type":"SearchAction","target":{"@type":"EntryPoint","urlTemplate":"https://www.lesjardinsdesaintehildegarde.com/es/?s={search_term_string}"},"query-input":{"@type":"PropertyValueSpecification","valueRequired":true,"valueName":"search_term_string"}}],"inLanguage":"es"},{"@type":"Organization","@id":"https://www.lesjardinsdesaintehildegarde.com/es/#organization","name":"Les Jardins de Sainte-Hildegarde","url":"https://www.lesjardinsdesaintehildegarde.com/es/","logo":{"@type":"ImageObject","inLanguage":"es","@id":"https://www.lesjardinsdesaintehildegarde.com/es/#/schema/logo/image/","url":"https://www.lesjardinsdesaintehildegarde.com/wp-content/uploads/2022/11/logo-2022.png","contentUrl":"https://www.lesjardinsdesaintehildegarde.com/wp-content/uploads/2022/11/logo-2022.png","width":365,"height":90,"caption":"Les Jardins de Sainte-Hildegarde"},"image":{"@id":"https://www.lesjardinsdesaintehildegarde.com/es/#/schema/logo/image/"}}]}</script>
<!-- / Yoast SEO plugin. -->

Mme Geneviève G (34) - Les Jardins de Sainte-Hildegarde

Je souffrais de 4 hernies aux lombaires et d&#8217;une sciatique chronique pendant 3 ans.Grâce aux produits de ste Hildegarde que j&#8217;ai connus par une amie, j&#8217;ai appliqué une pierre de jaspe à la naissance du nerf sciatique et une autre à l&#8217;endroit le plus douloureux du trajet.Aussitôt une nette amélioration s&#8217;est produite. J&#8217;ai pris aussi [&hellip;]
